{"id":97,"date":"2012-01-17T20:16:02","date_gmt":"2012-01-17T19:16:02","guid":{"rendered":"http:\/\/www.rwg-bayreuth.de\/home\/?page_id=97"},"modified":"2025-07-07T19:21:41","modified_gmt":"2025-07-07T17:21:41","slug":"seminarschule","status":"publish","type":"page","link":"https:\/\/www.rwg-bayreuth.de\/home\/?page_id=97","title":{"rendered":"Studienseminar"},"content":{"rendered":"<p>Das RWG ist Seminarschule, das hei\u00dft f\u00fcr die Ausbildung von jungen Lehrer zust\u00e4ndig.<\/p>\n<p>Wer in Bayern Lehrer an einem Gymnasium werden m\u00f6chte, muss zun\u00e4chst in einem ersten Staatsexamen seine wissenschaftliche Qualifikation nachweisen. Die Pr\u00fcfung wird zentral f\u00fcr alle bayerischen Universit\u00e4ten gestellt.<\/p>\n<p class=\"ohne\">Daran schlie\u00dft sich das Referendariat an, w\u00e4hrend dessen die Bewerber an die praktische Seite des Unterrichtens herangef\u00fchrt werden. Derzeit werden am RWG Referendare in folgenden F\u00e4chern ausgebildet:<\/p>\n<ul style=\"margin-left: 20pt\">\n<li>Deutsch<\/li>\n<li>Englisch<\/li>\n<li>Geographie<\/li>\n<li>Geschichte<\/li>\n<li>Italienisch<\/li>\n<\/ul>\n<p>Die Ausbildung umfasst die Didaktiken der F\u00e4cher, hinzu kommen die Seminarf\u00e4cher Psychologie, P\u00e4dagogik, Schulkunde sowie das Fach Grundfragen der staatsb\u00fcrgerlichen Bildung. <\/p>\n<p class=\"ohne\">Allgemeine Informationen zum Vorbereitungsdienst gibt es auf der Seite des Kultusministeriums: <\/p>\n<ul class=\"linkliste\">\n<li><a href=\"http:\/\/www.km.bayern.de\/lehrer\/lehrerausbildung\/gymnasium\/referendariat.html\" target=\"_blank\" rel=\"noopener noreferrer\">Informationen zur Ausbildung von Gymnasiallehrkr\u00e4ften<\/a><\/li>\n<\/ul>\n<p><!--\n\n\n<h5>Weiterf\u00fchrende Links und Material<\/h5>\n\n\n\n\n<h6>Wichtige Bestimmungen:<\/h6>\n\n\n\n\n\n<ul class=\"linkliste\">\n\t\n\n<li class=\"top\"><a href=\"https:\/\/www.km.bayern.de\/lehrer\/lehrerausbildung\/rechtliche-grundlagen.html\" target=\"_blank\" rel=\"noopener noreferrer\">Lehramtspr\u00fcfungsordnung LPO I<\/a><\/li>\n\n\n\t\n\n<li><a href=\"http:\/\/www.gesetze-bayern.de\/Content\/Document\/BayLPO_II\" target=\"_blank\" rel=\"noopener noreferrer\">Lehramtspr\u00fcfungsordnung LPO II<\/a><\/li>\n\n\n\t\n\n<li><a href=\"http:\/\/www.gesetze-bayern.de\/Content\/Document\/BayZALG\" target=\"_blank\" rel=\"noopener noreferrer\">Zulassungs- und Ausbildungsordnung ZALG<\/a><\/li>\n\n\n\t\n\n<li><a href=\"https:\/\/www.rwg-bayreuth.de\/home\/wp-content\/uploads\/2012\/01\/ASG-2011.pdf\">Anweisungen zum Studienseminar ASG (2011)<\/a><\/li>\n\n\n\t\n\n<li><a href=\"https:\/\/www.verkuendung-bayern.de\/kwmbl\/jahrgang:2014\/heftnummer:11\/seite:112\" target=\"_blank\" rel=\"noopener noreferrer\">Lehrerdienstordnung LDO<\/a><\/li>\n\n\n<\/ul>\n\n\n\n\n\n<ul class=\"linkliste\">\n\t\n\n<li class=\"top\"><a href=\"https:\/\/www.rwg-bayreuth.de\/home\/wp-content\/uploads\/2012\/01\/14-09-29-Merkblatt-Reisekosten-StudRef-Gym-Oberfr.pdf\">Merkblatt Reisekosten f\u00fcr Studienreferendare (2014)<\/a><\/li>\n\n<\/ul>\n\n\n\n\n\n<ul class=\"linkliste\">\n\t\n\n<li class=\"top\"><a href=\"https:\/\/www.rwg-bayreuth.de\/home\/wp-content\/uploads\/2017\/12\/Lehrproben_Hinweis.pdf\">Hinweise zur Lehrprobe<\/a><\/li>\n\n\n\t\n\n<li><a href=\"https:\/\/www.rwg-bayreuth.de\/home\/wp-content\/uploads\/2012\/01\/ASG-Lehrprobenkriterien.pdf\"rel=\"\">ASG Lehrprobenkriterien<\/a><\/li>\n\n\n\t\n\n<li><a href=\"https:\/\/www.rwg-bayreuth.de\/home\/wp-content\/uploads\/2012\/01\/Hausarbeit_rechtl_Bestimm.pdf\">Hinweise zur Hausarbeit<\/a><\/li>\n\n\n\t\n\n<li><a href=\"https:\/\/www.rwg-bayreuth.de\/home\/wp-content\/uploads\/2012\/01\/ASG-Gutachtenkriterien-2011.pdf\">Hinweise zum Gutachten: Kriterien<\/a><\/li>\n\n\n<\/ul>\n\n\n\n\n\n\n\n<h6>Formulare<\/h6>\n\n\n\n\n\n<ul class=\"linkliste\">\n\t\n\n<li class=\"top\"><a href=\"https:\/\/www.rwg-bayreuth.de\/home\/wp-content\/uploads\/2012\/01\/Protokoll_Kopf.doc\">Kopf f\u00fcr Protokolle<\/a><\/li>\n\n\n\t\n\n<li><a href=\"https:\/\/www.rwg-bayreuth.de\/home\/wp-content\/uploads\/2017\/12\/Lehrprobe_Muster-ab-2017.doc\">Lehrprobenpapier Vorlage - Deckblatt - Erkl\u00e4rung<\/a><\/li>\n\n\n\t\n\n<li><a href=\"https:\/\/www.rwg-bayreuth.de\/home\/wp-content\/uploads\/2017\/12\/Hausarb_Deckblatt_Erkl\u00e4rung-ab-2017.doc\">Hausarbeit Deckblatt - Erkl\u00e4rung<\/a><\/li>\n\n\n\t\n\n<li><a href=\"https:\/\/www.rwg-bayreuth.de\/home\/wp-content\/uploads\/2019\/03\/Reisekosten-mehrt\u00e4gige-seminare006a1.pdf\">Reisekostenabrechnung Seminartage<\/a><\/li>\n\n\n\t\n\n<li><a href=\"https:\/\/www.rwg-bayreuth.de\/home\/wp-content\/uploads\/2012\/01\/Formular-Abrechnung-Unterverg\u00fctung.doc\">Formular Abrechnung Unterrichtsverg\u00fctung<\/a><\/li>\n\n\n<\/ul>\n\n\n\n\n--><\/p>\n","protected":false},"excerpt":{"rendered":"<p>Das RWG ist Seminarschule, das hei\u00dft f\u00fcr die Ausbildung von jungen Lehrer zust\u00e4ndig. Wer in Bayern Lehrer an einem Gymnasium werden m\u00f6chte, muss zun\u00e4chst in einem ersten Staatsexamen seine wissenschaftliche Qualifikation nachweisen. Die Pr\u00fcfung wird zentral f\u00fcr alle bayerischen Universit\u00e4ten gestellt. Daran schlie\u00dft sich das Referendariat an, w\u00e4hrend dessen die Bewerber an die praktische Seite&hellip;<\/p>\n","protected":false},"author":1,"featured_media":0,"parent":2,"menu_order":30,"comment_status":"closed","ping_status":"closed","template":"page-templates\/no-sidebar.php","meta":{"footnotes":""},"tags":[],"_links":{"self":[{"href":"https:\/\/www.rwg-bayreuth.de\/home\/index.php?rest_route=\/wp\/v2\/pages\/97"}],"collection":[{"href":"https:\/\/www.rwg-bayreuth.de\/home\/index.php?rest_route=\/wp\/v2\/pages"}],"about":[{"href":"https:\/\/www.rwg-bayreuth.de\/home\/index.php?rest_route=\/wp\/v2\/types\/page"}],"author":[{"embeddable":true,"href":"https:\/\/www.rwg-bayreuth.de\/home\/index.php?rest_route=\/wp\/v2\/users\/1"}],"replies":[{"embeddable":true,"href":"https:\/\/www.rwg-bayreuth.de\/home\/index.php?rest_route=%2Fwp%2Fv2%2Fcomments&post=97"}],"version-history":[{"count":70,"href":"https:\/\/www.rwg-bayreuth.de\/home\/index.php?rest_route=\/wp\/v2\/pages\/97\/revisions"}],"predecessor-version":[{"id":39129,"href":"https:\/\/www.rwg-bayreuth.de\/home\/index.php?rest_route=\/wp\/v2\/pages\/97\/revisions\/39129"}],"up":[{"embeddable":true,"href":"https:\/\/www.rwg-bayreuth.de\/home\/index.php?rest_route=\/wp\/v2\/pages\/2"}],"wp:attachment":[{"href":"https:\/\/www.rwg-bayreuth.de\/home\/index.php?rest_route=%2Fwp%2Fv2%2Fmedia&parent=97"}],"wp:term":[{"taxonomy":"post_tag","embeddable":true,"href":"https:\/\/www.rwg-bayreuth.de\/home\/index.php?rest_route=%2Fwp%2Fv2%2Ftags&post=97"}],"curies":[{"name":"wp","href":"https:\/\/api.w.org\/{rel}","templated":true}]}}