{"id":91,"date":"2012-01-17T20:14:28","date_gmt":"2012-01-17T19:14:28","guid":{"rendered":"http:\/\/www.rwg-bayreuth.de\/home\/?page_id=91"},"modified":"2026-04-16T16:06:51","modified_gmt":"2026-04-16T14:06:51","slug":"wahlkurse","status":"publish","type":"page","link":"https:\/\/www.rwg-bayreuth.de\/home\/?page_id=91","title":{"rendered":"Wahlf\u00e4cher"},"content":{"rendered":"<div class=\"su-image-carousel  su-image-carousel-has-spacing su-image-carousel-has-outline su-image-carousel-adaptive su-image-carousel-slides-style-minimal su-image-carousel-controls-style-light su-image-carousel-align-center\" style=\"max-width:90%\" data-flickity-options='{\"groupCells\":true,\"cellSelector\":\".su-image-carousel-item\",\"adaptiveHeight\":true,\"cellAlign\":\"left\",\"prevNextButtons\":true,\"pageDots\":false,\"autoPlay\":5000,\"imagesLoaded\":true,\"contain\":false,\"selectedAttraction\":0.025000000000000001,\"friction\":0.28000000000000003}' id=\"su_image_carousel_69f1816c102ff\"><div class=\"su-image-carousel-item\"><div class=\"su-image-carousel-item-content\"><img loading=\"lazy\" decoding=\"async\" width=\"1024\" height=\"640\" src=\"https:\/\/www.rwg-bayreuth.de\/home\/wp-content\/uploads\/2020\/03\/Wahlkurs-Einrad.jpg\" class=\"\" alt=\"\" srcset=\"https:\/\/www.rwg-bayreuth.de\/home\/wp-content\/uploads\/2020\/03\/Wahlkurs-Einrad.jpg 1024w, https:\/\/www.rwg-bayreuth.de\/home\/wp-content\/uploads\/2020\/03\/Wahlkurs-Einrad-450x281.jpg 450w, https:\/\/www.rwg-bayreuth.de\/home\/wp-content\/uploads\/2020\/03\/Wahlkurs-Einrad-768x480.jpg 768w, https:\/\/www.rwg-bayreuth.de\/home\/wp-content\/uploads\/2020\/03\/Wahlkurs-Einrad-250x156.jpg 250w\" sizes=\"(max-width: 1024px) 100vw, 1024px\" \/><span>Wahlkurs Einrad<\/span><\/div><\/div><div class=\"su-image-carousel-item\"><div class=\"su-image-carousel-item-content\"><img loading=\"lazy\" decoding=\"async\" width=\"1024\" height=\"640\" src=\"https:\/\/www.rwg-bayreuth.de\/home\/wp-content\/uploads\/2020\/02\/Wahlkurs-Kochworkshop.jpg\" class=\"\" alt=\"\" srcset=\"https:\/\/www.rwg-bayreuth.de\/home\/wp-content\/uploads\/2020\/02\/Wahlkurs-Kochworkshop.jpg 1024w, https:\/\/www.rwg-bayreuth.de\/home\/wp-content\/uploads\/2020\/02\/Wahlkurs-Kochworkshop-450x281.jpg 450w, https:\/\/www.rwg-bayreuth.de\/home\/wp-content\/uploads\/2020\/02\/Wahlkurs-Kochworkshop-768x480.jpg 768w, https:\/\/www.rwg-bayreuth.de\/home\/wp-content\/uploads\/2020\/02\/Wahlkurs-Kochworkshop-250x156.jpg 250w\" sizes=\"(max-width: 1024px) 100vw, 1024px\" \/><span>Wahlkurs Kochworkshop<\/span><\/div><\/div><div class=\"su-image-carousel-item\"><div class=\"su-image-carousel-item-content\"><img loading=\"lazy\" decoding=\"async\" width=\"1024\" height=\"640\" src=\"https:\/\/www.rwg-bayreuth.de\/home\/wp-content\/uploads\/2020\/02\/Wahlkurs-Schulsanit\u00e4ter.jpg\" class=\"\" alt=\"\" srcset=\"https:\/\/www.rwg-bayreuth.de\/home\/wp-content\/uploads\/2020\/02\/Wahlkurs-Schulsanit\u00e4ter.jpg 1024w, https:\/\/www.rwg-bayreuth.de\/home\/wp-content\/uploads\/2020\/02\/Wahlkurs-Schulsanit\u00e4ter-450x281.jpg 450w, https:\/\/www.rwg-bayreuth.de\/home\/wp-content\/uploads\/2020\/02\/Wahlkurs-Schulsanit\u00e4ter-768x480.jpg 768w, https:\/\/www.rwg-bayreuth.de\/home\/wp-content\/uploads\/2020\/02\/Wahlkurs-Schulsanit\u00e4ter-250x156.jpg 250w, https:\/\/www.rwg-bayreuth.de\/home\/wp-content\/uploads\/2020\/02\/Wahlkurs-Schulsanit\u00e4ter-600x375.jpg 600w\" sizes=\"(max-width: 1024px) 100vw, 1024px\" \/><span>Wahlkurs Schulsanit\u00e4ter<\/span><\/div><\/div><div class=\"su-image-carousel-item\"><div class=\"su-image-carousel-item-content\"><img loading=\"lazy\" decoding=\"async\" width=\"1024\" height=\"640\" src=\"https:\/\/www.rwg-bayreuth.de\/home\/wp-content\/uploads\/2020\/02\/Volleyball.jpg\" class=\"\" alt=\"\" srcset=\"https:\/\/www.rwg-bayreuth.de\/home\/wp-content\/uploads\/2020\/02\/Volleyball.jpg 1024w, https:\/\/www.rwg-bayreuth.de\/home\/wp-content\/uploads\/2020\/02\/Volleyball-450x281.jpg 450w, https:\/\/www.rwg-bayreuth.de\/home\/wp-content\/uploads\/2020\/02\/Volleyball-768x480.jpg 768w, https:\/\/www.rwg-bayreuth.de\/home\/wp-content\/uploads\/2020\/02\/Volleyball-250x156.jpg 250w\" sizes=\"(max-width: 1024px) 100vw, 1024px\" \/><span>Wahlkurs Volleyball<\/span><\/div><\/div><div class=\"su-image-carousel-item\"><div class=\"su-image-carousel-item-content\"><img loading=\"lazy\" decoding=\"async\" width=\"1024\" height=\"640\" src=\"https:\/\/www.rwg-bayreuth.de\/home\/wp-content\/uploads\/2020\/02\/Wahlkurs-SprachenChecker.jpg\" class=\"\" alt=\"\" srcset=\"https:\/\/www.rwg-bayreuth.de\/home\/wp-content\/uploads\/2020\/02\/Wahlkurs-SprachenChecker.jpg 1024w, https:\/\/www.rwg-bayreuth.de\/home\/wp-content\/uploads\/2020\/02\/Wahlkurs-SprachenChecker-450x281.jpg 450w, https:\/\/www.rwg-bayreuth.de\/home\/wp-content\/uploads\/2020\/02\/Wahlkurs-SprachenChecker-768x480.jpg 768w, https:\/\/www.rwg-bayreuth.de\/home\/wp-content\/uploads\/2020\/02\/Wahlkurs-SprachenChecker-250x156.jpg 250w\" sizes=\"(max-width: 1024px) 100vw, 1024px\" \/><span>Wahlkurs SprachenChecker<\/span><\/div><\/div><div class=\"su-image-carousel-item\"><div class=\"su-image-carousel-item-content\"><img loading=\"lazy\" decoding=\"async\" width=\"1024\" height=\"640\" src=\"https:\/\/www.rwg-bayreuth.de\/home\/wp-content\/uploads\/2020\/02\/Wahlkurs-Reiten.jpg\" class=\"\" alt=\"\" srcset=\"https:\/\/www.rwg-bayreuth.de\/home\/wp-content\/uploads\/2020\/02\/Wahlkurs-Reiten.jpg 1024w, https:\/\/www.rwg-bayreuth.de\/home\/wp-content\/uploads\/2020\/02\/Wahlkurs-Reiten-450x281.jpg 450w, https:\/\/www.rwg-bayreuth.de\/home\/wp-content\/uploads\/2020\/02\/Wahlkurs-Reiten-768x480.jpg 768w, https:\/\/www.rwg-bayreuth.de\/home\/wp-content\/uploads\/2020\/02\/Wahlkurs-Reiten-250x156.jpg 250w\" sizes=\"(max-width: 1024px) 100vw, 1024px\" \/><span>Wahlkurs Reiten<\/span><\/div><\/div><div class=\"su-image-carousel-item\"><div class=\"su-image-carousel-item-content\"><img loading=\"lazy\" decoding=\"async\" width=\"1024\" height=\"640\" src=\"https:\/\/www.rwg-bayreuth.de\/home\/wp-content\/uploads\/2020\/02\/Wahlkurs-Streitschlichter.jpg\" class=\"\" alt=\"\" srcset=\"https:\/\/www.rwg-bayreuth.de\/home\/wp-content\/uploads\/2020\/02\/Wahlkurs-Streitschlichter.jpg 1024w, https:\/\/www.rwg-bayreuth.de\/home\/wp-content\/uploads\/2020\/02\/Wahlkurs-Streitschlichter-450x281.jpg 450w, https:\/\/www.rwg-bayreuth.de\/home\/wp-content\/uploads\/2020\/02\/Wahlkurs-Streitschlichter-768x480.jpg 768w, https:\/\/www.rwg-bayreuth.de\/home\/wp-content\/uploads\/2020\/02\/Wahlkurs-Streitschlichter-250x156.jpg 250w\" sizes=\"(max-width: 1024px) 100vw, 1024px\" \/><span>Wahlkurs Streitschlichter<\/span><\/div><\/div><div class=\"su-image-carousel-item\"><div class=\"su-image-carousel-item-content\"><img loading=\"lazy\" decoding=\"async\" width=\"1024\" height=\"640\" src=\"https:\/\/www.rwg-bayreuth.de\/home\/wp-content\/uploads\/2020\/02\/Basketball.jpg\" class=\"\" alt=\"\" srcset=\"https:\/\/www.rwg-bayreuth.de\/home\/wp-content\/uploads\/2020\/02\/Basketball.jpg 1024w, https:\/\/www.rwg-bayreuth.de\/home\/wp-content\/uploads\/2020\/02\/Basketball-450x281.jpg 450w, https:\/\/www.rwg-bayreuth.de\/home\/wp-content\/uploads\/2020\/02\/Basketball-768x480.jpg 768w, https:\/\/www.rwg-bayreuth.de\/home\/wp-content\/uploads\/2020\/02\/Basketball-250x156.jpg 250w, https:\/\/www.rwg-bayreuth.de\/home\/wp-content\/uploads\/2020\/02\/Basketball-600x375.jpg 600w\" sizes=\"(max-width: 1024px) 100vw, 1024px\" \/><span>Wahlkurs Basketball<\/span><\/div><\/div><div class=\"su-image-carousel-item\"><div class=\"su-image-carousel-item-content\"><img loading=\"lazy\" decoding=\"async\" width=\"1600\" height=\"1000\" src=\"https:\/\/www.rwg-bayreuth.de\/home\/wp-content\/uploads\/2020\/02\/Wahlkurs-Theater.jpg\" class=\"\" alt=\"\" srcset=\"https:\/\/www.rwg-bayreuth.de\/home\/wp-content\/uploads\/2020\/02\/Wahlkurs-Theater.jpg 1600w, https:\/\/www.rwg-bayreuth.de\/home\/wp-content\/uploads\/2020\/02\/Wahlkurs-Theater-450x281.jpg 450w, https:\/\/www.rwg-bayreuth.de\/home\/wp-content\/uploads\/2020\/02\/Wahlkurs-Theater-1024x640.jpg 1024w, https:\/\/www.rwg-bayreuth.de\/home\/wp-content\/uploads\/2020\/02\/Wahlkurs-Theater-768x480.jpg 768w, https:\/\/www.rwg-bayreuth.de\/home\/wp-content\/uploads\/2020\/02\/Wahlkurs-Theater-1536x960.jpg 1536w, https:\/\/www.rwg-bayreuth.de\/home\/wp-content\/uploads\/2020\/02\/Wahlkurs-Theater-250x156.jpg 250w\" sizes=\"(max-width: 1600px) 100vw, 1600px\" \/><span>Wahlkurs Theater<\/span><\/div><\/div><div class=\"su-image-carousel-item\"><div class=\"su-image-carousel-item-content\"><img loading=\"lazy\" decoding=\"async\" width=\"1024\" height=\"640\" src=\"https:\/\/www.rwg-bayreuth.de\/home\/wp-content\/uploads\/2020\/02\/Wahlkurs-Mountainbike.jpg\" class=\"\" alt=\"\" srcset=\"https:\/\/www.rwg-bayreuth.de\/home\/wp-content\/uploads\/2020\/02\/Wahlkurs-Mountainbike.jpg 1024w, https:\/\/www.rwg-bayreuth.de\/home\/wp-content\/uploads\/2020\/02\/Wahlkurs-Mountainbike-450x281.jpg 450w, https:\/\/www.rwg-bayreuth.de\/home\/wp-content\/uploads\/2020\/02\/Wahlkurs-Mountainbike-768x480.jpg 768w, https:\/\/www.rwg-bayreuth.de\/home\/wp-content\/uploads\/2020\/02\/Wahlkurs-Mountainbike-250x156.jpg 250w\" sizes=\"(max-width: 1024px) 100vw, 1024px\" \/><span>Wahlkurs Mountainbike<\/span><\/div><\/div><div class=\"su-image-carousel-item\"><div class=\"su-image-carousel-item-content\"><img loading=\"lazy\" decoding=\"async\" width=\"1024\" height=\"640\" src=\"https:\/\/www.rwg-bayreuth.de\/home\/wp-content\/uploads\/2020\/02\/Wahlkurs-Medien-AG.jpg\" class=\"\" alt=\"\" srcset=\"https:\/\/www.rwg-bayreuth.de\/home\/wp-content\/uploads\/2020\/02\/Wahlkurs-Medien-AG.jpg 1024w, https:\/\/www.rwg-bayreuth.de\/home\/wp-content\/uploads\/2020\/02\/Wahlkurs-Medien-AG-450x281.jpg 450w, https:\/\/www.rwg-bayreuth.de\/home\/wp-content\/uploads\/2020\/02\/Wahlkurs-Medien-AG-768x480.jpg 768w, https:\/\/www.rwg-bayreuth.de\/home\/wp-content\/uploads\/2020\/02\/Wahlkurs-Medien-AG-250x156.jpg 250w, https:\/\/www.rwg-bayreuth.de\/home\/wp-content\/uploads\/2020\/02\/Wahlkurs-Medien-AG-600x375.jpg 600w\" sizes=\"(max-width: 1024px) 100vw, 1024px\" \/><span>Wahlkurs  Medien-AG<\/span><\/div><\/div><div class=\"su-image-carousel-item\"><div class=\"su-image-carousel-item-content\"><img loading=\"lazy\" decoding=\"async\" width=\"1024\" height=\"640\" src=\"https:\/\/www.rwg-bayreuth.de\/home\/wp-content\/uploads\/2020\/02\/Fu\u00dfball.jpg\" class=\"\" alt=\"\" srcset=\"https:\/\/www.rwg-bayreuth.de\/home\/wp-content\/uploads\/2020\/02\/Fu\u00dfball.jpg 1024w, https:\/\/www.rwg-bayreuth.de\/home\/wp-content\/uploads\/2020\/02\/Fu\u00dfball-450x281.jpg 450w, https:\/\/www.rwg-bayreuth.de\/home\/wp-content\/uploads\/2020\/02\/Fu\u00dfball-768x480.jpg 768w, https:\/\/www.rwg-bayreuth.de\/home\/wp-content\/uploads\/2020\/02\/Fu\u00dfball-250x156.jpg 250w\" sizes=\"(max-width: 1024px) 100vw, 1024px\" \/><span>Wahlkurs Fu\u00dfball<\/span><\/div><\/div><\/div><script id=\"su_image_carousel_69f1816c102ff_script\">if(window.SUImageCarousel){setTimeout(function() {window.SUImageCarousel.initGallery(document.getElementById(\"su_image_carousel_69f1816c102ff\"))}, 0);}var su_image_carousel_69f1816c102ff_script=document.getElementById(\"su_image_carousel_69f1816c102ff_script\");if(su_image_carousel_69f1816c102ff_script){su_image_carousel_69f1816c102ff_script.parentNode.removeChild(su_image_carousel_69f1816c102ff_script);}<\/script><!-- ChemieExperten: 24264 --><\/p>\n<p>Schule ist mehr als nur die Vermittlung von Wissen, das in den Lehrpl\u00e4nen verankert ist. Es geht auch darum, Neigungen zu f\u00f6rdern und Interessen zu wecken, um die Pers\u00f6nlichkeit der Sch\u00fcler zu entwickeln. Deshalb kommt dem freiwilligen Wahlunterricht ein gro\u00dfer Stellenwert zu. Er ist au\u00dferhalb des Stundenplans und erlaubt es Sch\u00fclern wie Lehrern, Wege abseits der Lehrpl\u00e4ne zu gehen. Am RWG wird eine breite Palette an Wahlkursen und Arbeitsgemeinschaften angeboten:<\/p>\n<div class=\"su-row\">\n<div class=\"su-column su-column-size-1-2\"><div class=\"su-column-inner su-u-clearfix su-u-trim\">\n<h5>Musik<\/h5>\n<ul style=\"padding-left:0\">\n<li>Schulchor und Auswahlch\u00f6re <\/li>\n<li>Instrumentalunterricht f. Cello, Kontrabass, Geige, Block&#x2010; und Querfl\u00f6rte, Gitarre, Klarinette, Saxophon<\/li>\n<li>Orchester und Instrumentalensembles<\/li>\n<li>Bigband<\/li>\n<p><a href=\"https:\/\/www.rwg-bayreuth.de\/home\/?page_id=1937\" title=\"Musik\">[mehr zur musikalischen Erziehung am RWG&#8230;]<\/a>\n<\/ul>\n<h5>Geisteswissenschaft<\/h5>\n<ul style=\"padding-left:0\">\n<li><!--SprachenChecker<\/li>\n\n\n\t\n\n<li>--><a href=\"https:\/\/www.rwg-bayreuth.de\/home\/?page_id=95\" title=\"Bibliothek\">Lesendes Klassenzimmer<\/a><\/li>\n<li><a href=\"https:\/\/www.rwg-bayreuth.de\/home\/?page_id=141\">Sch\u00fclerzeitung<\/a><\/li>\n<li><a href=\"https:\/\/www.rwg-bayreuth.de\/home\/?page_id=1548\">Vorbereitungskurs CAE<\/a><\/li>\n<li><a href=\"https:\/\/www.rwg-bayreuth.de\/home\/?page_id=1611\">Vorbereitungskurs DELF<\/a><\/li>\n<\/ul>\n<h5>Naturwissenschaft<\/h5>\n<ul style=\"padding-left:0\">\n<li><!--<a href=\"https:\/\/www.rwg-bayreuth.de\/home\/?page_id=6967\">ChemKids<\/a> (naturwissenschaftliches Forschen) <\/li>\n\n\n\t\n\n<li>-->Medien-AG<\/li>\n<li>Robotik<\/li>\n<li><a href=\"https:\/\/www.rwg-bayreuth.de\/home\/?page_id=6974\">Schulgarten<\/a><\/li>\n<p><a href=\"https:\/\/www.rwg-bayreuth.de\/home\/?page_id=6833\" title=\"MINT-F\u00f6rderung\">[mehr zur MINT-F\u00f6rderung am RWG&#8230;]<\/a>\n<\/ul>\n<\/div><\/div>\n<div class=\"su-column su-column-size-1-2\"><div class=\"su-column-inner su-u-clearfix su-u-trim\">\n<h5>Kreativ<\/h5>\n<ul style=\"padding-left:0\">\n<li>Fotografie<\/li>\n<li><a href=\"https:\/\/www.rwg-bayreuth.de\/home\/?page_id=14534\" title=\"Kochworkshop\">Kochworkshop<\/a><\/li>\n<li>N\u00e4hwerkstatt<\/li>\n<li><a href=\"https:\/\/www.rwg-bayreuth.de\/home\/?page_id=41117\" title=\"Schulradio\">Schulradio<\/a><\/li>\n<li><a href=\"https:\/\/www.rwg-bayreuth.de\/home\/?page_id=3190\" title=\"Schulspiel\">Theater<\/a><\/li>\n<\/ul>\n<h5>Sport<\/h5>\n<ul style=\"padding-left:0\">\n<li>Badminton<\/li>\n<li>Basketball<\/li>\n<li>Einrad<\/li>\n<li>Fu\u00dfball<\/li>\n<li>Klettern<\/li>\n<li>Mountainbike<\/li>\n<li>Parkour<\/li>\n<li><a href=\"https:\/\/www.rwg-bayreuth.de\/home\/?p=14349\" title=\"Reit-\u200b\u200bAG\">Reiten<\/a><\/li>\n<li>Tanz (Hip-Hop, Modern, Jazz)<\/li>\n<li>Volleyball<\/li>\n<p><a href=\"https:\/\/www.rwg-bayreuth.de\/home\/?page_id=1629\" title=\"Sport\">[mehr zur Sportf\u00f6rderung am RWG&#8230;]<\/a>\n<\/ul>\n<\/div><\/div>\n<\/div>\n<div class=\"su-row\">\n<div class=\"su-column su-column-size-1-2\"><div class=\"su-column-inner su-u-clearfix su-u-trim\">\n<h5>Sonstiges<\/h5>\n<ul style=\"padding-left:0\">\n<li>Lernen lernen<\/li>\n<li><a href=\"https:\/\/www.rwg-bayreuth.de\/home\/?page_id=137\" title=\"Schulsanit\u00e4ter\">Schulsanit\u00e4ter<\/a><\/li>\n<li><a href=\"https:\/\/www.rwg-bayreuth.de\/home\/?page_id=135\" title=\"Streitschlichter\">Streitschlichter<\/a><\/li>\n<\/ul>\n<\/div><\/div>\n<\/div>\n","protected":false},"excerpt":{"rendered":"<p>Schule ist mehr als nur die Vermittlung von Wissen, das in den Lehrpl\u00e4nen verankert ist. Es geht auch darum, Neigungen zu f\u00f6rdern und Interessen zu wecken, um die Pers\u00f6nlichkeit der Sch\u00fcler zu entwickeln. Deshalb kommt dem freiwilligen Wahlunterricht ein gro\u00dfer Stellenwert zu. Er ist au\u00dferhalb des Stundenplans und erlaubt es Sch\u00fclern wie Lehrern, Wege abseits&hellip;<\/p>\n","protected":false},"author":1,"featured_media":0,"parent":117,"menu_order":60,"comment_status":"closed","ping_status":"closed","template":"page-templates\/no-sidebar.php","meta":{"footnotes":""},"tags":[],"_links":{"self":[{"href":"https:\/\/www.rwg-bayreuth.de\/home\/index.php?rest_route=\/wp\/v2\/pages\/91"}],"collection":[{"href":"https:\/\/www.rwg-bayreuth.de\/home\/index.php?rest_route=\/wp\/v2\/pages"}],"about":[{"href":"https:\/\/www.rwg-bayreuth.de\/home\/index.php?rest_route=\/wp\/v2\/types\/page"}],"author":[{"embeddable":true,"href":"https:\/\/www.rwg-bayreuth.de\/home\/index.php?rest_route=\/wp\/v2\/users\/1"}],"replies":[{"embeddable":true,"href":"https:\/\/www.rwg-bayreuth.de\/home\/index.php?rest_route=%2Fwp%2Fv2%2Fcomments&post=91"}],"version-history":[{"count":60,"href":"https:\/\/www.rwg-bayreuth.de\/home\/index.php?rest_route=\/wp\/v2\/pages\/91\/revisions"}],"predecessor-version":[{"id":11438,"href":"https:\/\/www.rwg-bayreuth.de\/home\/index.php?rest_route=\/wp\/v2\/pages\/91\/revisions\/11438"}],"up":[{"embeddable":true,"href":"https:\/\/www.rwg-bayreuth.de\/home\/index.php?rest_route=\/wp\/v2\/pages\/117"}],"wp:attachment":[{"href":"https:\/\/www.rwg-bayreuth.de\/home\/index.php?rest_route=%2Fwp%2Fv2%2Fmedia&parent=91"}],"wp:term":[{"taxonomy":"post_tag","embeddable":true,"href":"https:\/\/www.rwg-bayreuth.de\/home\/index.php?rest_route=%2Fwp%2Fv2%2Ftags&post=91"}],"curies":[{"name":"wp","href":"https:\/\/api.w.org\/{rel}","templated":true}]}}