{"id":8601,"date":"2015-12-07T11:30:15","date_gmt":"2015-12-07T10:30:15","guid":{"rendered":"http:\/\/www.rwg-bayreuth.de\/home\/?page_id=8601"},"modified":"2025-01-16T14:57:10","modified_gmt":"2025-01-16T13:57:10","slug":"kompass","status":"publish","type":"page","link":"https:\/\/www.rwg-bayreuth.de\/home\/?page_id=8601","title":{"rendered":"KOMPASS-Programm"},"content":{"rendered":"<p><img loading=\"lazy\" decoding=\"async\" src=\"https:\/\/www.rwg-bayreuth.de\/home\/wp-content\/uploads\/2020\/02\/Kompass2.jpg\" alt=\"\" width=\"1920\" height=\"640\" class=\"alignnone size-full wp-image-24102\" srcset=\"https:\/\/www.rwg-bayreuth.de\/home\/wp-content\/uploads\/2020\/02\/Kompass2.jpg 1920w, https:\/\/www.rwg-bayreuth.de\/home\/wp-content\/uploads\/2020\/02\/Kompass2-450x150.jpg 450w, https:\/\/www.rwg-bayreuth.de\/home\/wp-content\/uploads\/2020\/02\/Kompass2-1024x341.jpg 1024w, https:\/\/www.rwg-bayreuth.de\/home\/wp-content\/uploads\/2020\/02\/Kompass2-768x256.jpg 768w, https:\/\/www.rwg-bayreuth.de\/home\/wp-content\/uploads\/2020\/02\/Kompass2-1536x512.jpg 1536w, https:\/\/www.rwg-bayreuth.de\/home\/wp-content\/uploads\/2020\/02\/Kompass2-250x83.jpg 250w, https:\/\/www.rwg-bayreuth.de\/home\/wp-content\/uploads\/2020\/02\/Kompass2-600x200.jpg 600w\" sizes=\"(max-width: 1920px) 100vw, 1920px\" \/><\/p>\n<p><!--\n\n<table class=\"ohne\">\n\n\n<tr>\n\n<td>\n\n\n<p><img loading=\"lazy\" decoding=\"async\" class=\"alignleft size-full wp-image-8603\" src=\"https:\/\/www.rwg-bayreuth.de\/home\/wp-content\/uploads\/2015\/12\/Kompass_web.jpg\" alt=\"Kompass_web\" width=\"350\" height=\"243\" srcset=\"https:\/\/www.rwg-bayreuth.de\/home\/wp-content\/uploads\/2015\/12\/Kompass_web.jpg 350w, https:\/\/www.rwg-bayreuth.de\/home\/wp-content\/uploads\/2015\/12\/Kompass_web-150x104.jpg 150w, https:\/\/www.rwg-bayreuth.de\/home\/wp-content\/uploads\/2015\/12\/Kompass_web-300x208.jpg 300w, https:\/\/www.rwg-bayreuth.de\/home\/wp-content\/uploads\/2015\/12\/Kompass_web-250x174.jpg 250w\" sizes=\"(max-width: 350px) 100vw, 350px\" \/>-->Ein guter Start ins gymnasiale Schulleben ist sicherlich der gr\u00f6\u00dfte Wunsch von Sch\u00fclern und Eltern, wenn der \u00dcbertritt absolviert ist. Das F\u00f6rderprogramm KOMPASS unserer Schule will helfen, die F\u00fcnftkl\u00e4sser auf diesem Weg zu begleiten und ihnen den \u00dcbertritt zu erleichtern. Wie der Kompass beim Wandern oder in der Schifffahrt soll das Programm den richtigen Weg in schulischen Situationen zeigen und die Sch\u00fcler dabei unterst\u00fctzen, die lange Fahrt bis hin zum Abitur erfolgreich zu meistern.<!--<\/p>\n\n\n<\/td>\n\n<\/tr>\n\n\n<\/table>\n\n--><\/p>\n<div class=\"su-row\"><div class=\"su-column su-column-size-1-2\"><div class=\"su-column-inner su-u-clearfix su-u-trim\">\n<h3 class=\"ohne\">KOMPASS steht f\u00fcr<\/h3>\n<table class=\"kompass\">\n<tr>\n<td>K<\/td>\n<td>ommunikation<\/td>\n<\/tr>\n<tr>\n<td>O<\/td>\n<td>rientierung<\/td>\n<\/tr>\n<tr>\n<td>M<\/td>\n<td>edienerziehung<\/td>\n<\/tr>\n<tr>\n<td>P<\/td>\n<td>ers\u00f6nlichkeit st\u00e4rken<\/td>\n<\/tr>\n<tr>\n<td>A<\/td>\n<td>llgemeine Lernstrategien<\/td>\n<\/tr>\n<tr>\n<td>S<\/td>\n<td>oziales Verhalten<\/td>\n<\/tr>\n<tr>\n<td>S<\/td>\n<td>pa\u00df am Lernen<\/td>\n<\/tr>\n<\/table>\n<\/div><\/div>\n<div class=\"su-column su-column-size-1-2\"><div class=\"su-column-inner su-u-clearfix su-u-trim\">\n<h3 class=\"\">Info-Video zum KOMPASS-Programm<\/h3>\n<div class=\"su-youtube su-u-responsive-media-yes\"><iframe loading=\"lazy\" width=\"&#8220;&#8220;\" height=\"&#8220;&#8220;\" src=\"https:\/\/www.youtube-nocookie.com\/embed\/vfQh0eW_xpI?autohide=%26%238220%3B1%26%238220%3B&amp;autoplay=0&amp;mute=0&amp;controls=1&amp;fs=1&amp;loop=0&amp;modestbranding=%26%238220%3B1%26%238220%3B&amp;rel=%26%238220%3B0%26%238220%3B&amp;showinfo=1&amp;theme=%26%238220%3Blight%26%238220%3B&amp;wmode=&amp;playsinline=%26%238220%3B1%26%238220%3B\" frameborder=\"0\" allowfullscreen allow=\"autoplay; encrypted-media; picture-in-picture\" title=\"&#8220;Video\"><\/iframe><\/div>\n<\/div><\/div><\/div>\n<p><!--\n[su_lightbox type=\"inline\" src=\"#videoKOMPASS\"]\n[su_rwgbutton ausdehnung=\"block\" buttonstil=\"RWGbutton-blau\" buttonausrichtung=\"center\" padding=\"5px 20px\" href=\"\" ]Infovideo zum Kompassprogramm[\/su_rwgbutton]\n[\/su_lightbox]\n[su_lightbox_content id=\"videoKOMPASS\" width=\"95%\" margin=\"10\" padding=\"30\" text_align=\"left\" color=\"#2a2a2a\"]\n\n<div style=\"max-width:110vh; margin-left:auto; margin-right:auto; \">\n[su_youtube_advanced \nurl=\"https:\/\/www.youtube-nocookie.com\/embed\/vfQh0eW_xpI\" width=\"500\" height=\"500\" autohide=\"yes\" rel=\"no\" modestbranding=\"yes\" theme=\"light\" playsinline=\"yes\" title=\"Video KOMPASS\"]<\/div>\n\n\n[\/su_lightbox_content]\n--><\/p>\n<p><!--\n\n\n<p style=\"line-height: 1.6em\">\n<span style=\"font-size: 150%\"><strong>K<\/strong><\/span>ommunikation\n<span style=\"font-size: 150%\"><strong>O<\/strong><\/span>rientierung\n<span style=\"font-size: 150%\"><strong>M<\/strong><\/span>edienerziehung\n<span style=\"font-size: 150%\"><strong>P<\/strong><\/span>ers\u00f6nlichkeit st\u00e4rken\n<span style=\"font-size: 150%\"><strong>A<\/strong><\/span>llgemeine Lernstrategien\n<span style=\"font-size: 150%\"><strong>S<\/strong><\/span>oziales Verhalten\n<span style=\"font-size: 150%\"><strong>S<\/strong><\/span>pa\u00df am Lernen<\/p>\n\n\n\n\n\n\n--><\/p>\n<p>Im Einzelnen werden in den Teilmodulen folgende Kompetenzen gef\u00f6rdert:<\/p>\n<h5>1. Arbeitstechniken und Lernstrategien<\/h5>\n<ul style=\" padding-left:10px\">\n<li>Unterrichtsvorbereitung \/-nachbereitung<\/li>\n<li>Umgang mit schwierigen Texten \u201eTextknacker\u201c<\/li>\n<li>Bew\u00e4ltigen von umfangreichen und komplexen Aufgaben unter Zeitdruck<\/li>\n<li>Wichtiges von Unwichtigem unterscheiden<\/li>\n<\/ul>\n<h5>2. Ein \u201egesundes Ich\u201c \u2013 personale Kompetenzen<\/h5>\n<ul style=\" padding-left:10px\">\n<li>Zusammenwirkung von Leistung und Erholung erfahren<\/li>\n<li>Selbsteinsch\u00e4tzung und Au\u00dfenwirkung<\/li>\n<li>Umgang mit Stress und Misserfolg<\/li>\n<li>Kommunikation mit und \u00fcber Medien<\/li>\n<li>Sinnvolle Zielsetzungen erkennen<\/li>\n<li>Erziehung zum selbstgesteuerten und selbstverantwortlichen Handeln<\/li>\n<\/ul>\n<h5>3. Konstruktives Miteinander \u2013 soziale Kompetenzen<\/h5>\n<ul style=\" padding-left:10px\">\n<li>Konfliktl\u00f6sungsstrategien<\/li>\n<li>Kommunikationstraining<\/li>\n<li>Team-, Gruppen- und Projekttraining<\/li>\n<li>Die Bedeutung von Mimik, Gestik und Stimme kennenlernen<\/li>\n<li>Verhaltensweisen analysieren, deuten und erfahren<\/li>\n<\/ul>\n<p>Das Unterrichtsfach KOMPASS wird in allen 5. Klassen innerhalb des Klassenverbandes unterrichtet. Um den Sch\u00fclern das Ankommen zu erleichtern, finden in den ersten Schulwochen \u00fcberdurchschnittlich viele KOMPASS-Stunden statt.<\/p>\n<h2>Aktuelles<\/h2>\n<div style=\"max-width: 1000px\">\n<div class=\"rwg_post_list\"><article id=\"post-40456\"class=\"cf post-40456 post type-post status-publish format-standard has-post-thumbnail hentry category-allgemein tag-home tag-kompass\">\n \t\t<div class=\"entry-thumbnail fadein\"> \t\t\t<a href=\"https:\/\/www.rwg-bayreuth.de\/home\/?p=40456\"><img loading=\"lazy\" decoding=\"async\" width=\"1024\" height=\"768\" src=\"https:\/\/www.rwg-bayreuth.de\/home\/wp-content\/uploads\/2026\/01\/25-26-KOMPASStag-Klasse6-4.jpg\" class=\"attachment-post-thumbnail size-post-thumbnail wp-post-image\" alt=\"\" srcset=\"https:\/\/www.rwg-bayreuth.de\/home\/wp-content\/uploads\/2026\/01\/25-26-KOMPASStag-Klasse6-4.jpg 1024w, https:\/\/www.rwg-bayreuth.de\/home\/wp-content\/uploads\/2026\/01\/25-26-KOMPASStag-Klasse6-4-150x113.jpg 150w, https:\/\/www.rwg-bayreuth.de\/home\/wp-content\/uploads\/2026\/01\/25-26-KOMPASStag-Klasse6-4-450x338.jpg 450w, https:\/\/www.rwg-bayreuth.de\/home\/wp-content\/uploads\/2026\/01\/25-26-KOMPASStag-Klasse6-4-768x576.jpg 768w, https:\/\/www.rwg-bayreuth.de\/home\/wp-content\/uploads\/2026\/01\/25-26-KOMPASStag-Klasse6-4-250x188.jpg 250w\" sizes=\"(max-width: 1024px) 100vw, 1024px\" \/><\/a> \t\t<\/div><!-- end .entry-thumbnail -->\n<div class=\"meta-main-wrap\">\n  <div class=\"\">\n    <header class=\"entry-header\">\n      <div class=\"entry-cats\">\n        <div class=\"kategorie\"><a href=\"https:\/\/www.rwg-bayreuth.de\/home\/?cat=1\" rel=\"category\">Schulleben<\/a><\/div>\n<div class=\"entry-edit\" >      <div class=\"entry-date\" >\n        <a href=\"https:\/\/www.rwg-bayreuth.de\/home\/?p=40456\">18. Dezember 2025<\/a>\n      <\/div><\/div><!-- end .entry-date -->\n      <\/div><!-- end .entry-cats -->\n<h2 class=\"entry-title\"><a href=\"https:\/\/www.rwg-bayreuth.de\/home\/?p=40456\" rel=\"bookmark\">Unser KOMPASS-Tag 2025<\/a><\/h2>\n    <\/header><!-- end .entry-header -->\n    <div class=\"entry-summary\">\nAuch in diesem Schuljahr fand kurz vor den Weihnachtsferien wieder der traditionelle KOMPASStag f\u00fcr unsere 5. und 6. Jahrgangsstufen am Richard-Wagner-Gymnasium Bayreuth statt. An den beiden Tagen stand das gemeinsame Erleben, Kreativsein und die St\u00e4rkung der Klassengemeinschaft im Mittelpunkt. Die Sch\u00fclerinnen und Sch\u00fcler der 6. Klassen konnten in Doppelstunden verschiedene tolle Aktionen wahrnehmen. Mit viel&hellip;\n  <\/div><!-- .entry-summary -->\n  <\/div><!-- .entry-main -->\n<\/div><!-- .meta-main-wrap -->\n<\/article><!-- end post -40456 -->\n<article id=\"post-37885\"class=\"cf post-37885 post type-post status-publish format-standard has-post-thumbnail hentry category-allgemein tag-5te-klassen tag-home tag-kompass\">\n \t\t<div class=\"entry-thumbnail fadein\"> \t\t\t<a href=\"https:\/\/www.rwg-bayreuth.de\/home\/?p=37885\"><img loading=\"lazy\" decoding=\"async\" width=\"1024\" height=\"683\" src=\"https:\/\/www.rwg-bayreuth.de\/home\/wp-content\/uploads\/2025\/01\/24-25-KOMPASStage-B.jpg\" class=\"attachment-post-thumbnail size-post-thumbnail wp-post-image\" alt=\"\" srcset=\"https:\/\/www.rwg-bayreuth.de\/home\/wp-content\/uploads\/2025\/01\/24-25-KOMPASStage-B.jpg 1024w, https:\/\/www.rwg-bayreuth.de\/home\/wp-content\/uploads\/2025\/01\/24-25-KOMPASStage-B-150x100.jpg 150w, https:\/\/www.rwg-bayreuth.de\/home\/wp-content\/uploads\/2025\/01\/24-25-KOMPASStage-B-450x300.jpg 450w, https:\/\/www.rwg-bayreuth.de\/home\/wp-content\/uploads\/2025\/01\/24-25-KOMPASStage-B-768x512.jpg 768w, https:\/\/www.rwg-bayreuth.de\/home\/wp-content\/uploads\/2025\/01\/24-25-KOMPASStage-B-250x167.jpg 250w, https:\/\/www.rwg-bayreuth.de\/home\/wp-content\/uploads\/2025\/01\/24-25-KOMPASStage-B-900x600.jpg 900w\" sizes=\"(max-width: 1024px) 100vw, 1024px\" \/><\/a> \t\t<\/div><!-- end .entry-thumbnail -->\n<div class=\"meta-main-wrap\">\n  <div class=\"\">\n    <header class=\"entry-header\">\n      <div class=\"entry-cats\">\n        <div class=\"kategorie\"><a href=\"https:\/\/www.rwg-bayreuth.de\/home\/?cat=1\" rel=\"category\">Schulleben<\/a><\/div>\n<div class=\"entry-edit\" >      <div class=\"entry-date\" >\n        <a href=\"https:\/\/www.rwg-bayreuth.de\/home\/?p=37885\">18. Dezember 2024<\/a>\n      <\/div><\/div><!-- end .entry-date -->\n      <\/div><!-- end .entry-cats -->\n<h2 class=\"entry-title\"><a href=\"https:\/\/www.rwg-bayreuth.de\/home\/?p=37885\" rel=\"bookmark\">Unser KOMPASS-Tag am RWG<\/a><\/h2>\n    <\/header><!-- end .entry-header -->\n    <div class=\"entry-summary\">\n\u201eWir sehen unsere Schule als Ort, an dem WIR gerne sind\u201c \u2013 so steht es in unserem Leitbild geschrieben und so gestalten wir auch die Vorweihnachtszeit. Der Lehrplan am bayerischen Gymnasium fordert von uns, gemeinsame Werte und gegenseitige Wertsch\u00e4tzung zu f\u00f6rdern, eine ganzheitliche Bildung zu erm\u00f6glichen, das Selbstkonzept unserer Sch\u00fclerinnen und Sch\u00fcler zu st\u00e4rken aber&hellip;\n  <\/div><!-- .entry-summary -->\n  <\/div><!-- .entry-main -->\n<\/div><!-- .meta-main-wrap -->\n<\/article><!-- end post -37885 -->\n<article id=\"post-37152\"class=\"cf post-37152 post type-post status-publish format-standard has-post-thumbnail hentry category-allgemein tag-5te-klassen tag-biologie tag-home tag-kompass tag-mint\">\n \t\t<div class=\"entry-thumbnail fadein\"> \t\t\t<a href=\"https:\/\/www.rwg-bayreuth.de\/home\/?p=37152\"><img loading=\"lazy\" decoding=\"async\" width=\"1024\" height=\"683\" src=\"https:\/\/www.rwg-bayreuth.de\/home\/wp-content\/uploads\/2024\/11\/23-24-KrautUndRueben-Abschluss-B.jpg\" class=\"attachment-post-thumbnail size-post-thumbnail wp-post-image\" alt=\"\" srcset=\"https:\/\/www.rwg-bayreuth.de\/home\/wp-content\/uploads\/2024\/11\/23-24-KrautUndRueben-Abschluss-B.jpg 1024w, https:\/\/www.rwg-bayreuth.de\/home\/wp-content\/uploads\/2024\/11\/23-24-KrautUndRueben-Abschluss-B-150x100.jpg 150w, https:\/\/www.rwg-bayreuth.de\/home\/wp-content\/uploads\/2024\/11\/23-24-KrautUndRueben-Abschluss-B-450x300.jpg 450w, https:\/\/www.rwg-bayreuth.de\/home\/wp-content\/uploads\/2024\/11\/23-24-KrautUndRueben-Abschluss-B-768x512.jpg 768w, https:\/\/www.rwg-bayreuth.de\/home\/wp-content\/uploads\/2024\/11\/23-24-KrautUndRueben-Abschluss-B-250x167.jpg 250w, https:\/\/www.rwg-bayreuth.de\/home\/wp-content\/uploads\/2024\/11\/23-24-KrautUndRueben-Abschluss-B-900x600.jpg 900w\" sizes=\"(max-width: 1024px) 100vw, 1024px\" \/><\/a> \t\t<\/div><!-- end .entry-thumbnail -->\n<div class=\"meta-main-wrap\">\n  <div class=\"\">\n    <header class=\"entry-header\">\n      <div class=\"entry-cats\">\n        <div class=\"kategorie\"><a href=\"https:\/\/www.rwg-bayreuth.de\/home\/?cat=1\" rel=\"category\">Schulleben<\/a><\/div>\n<div class=\"entry-edit\" >      <div class=\"entry-date\" >\n        <a href=\"https:\/\/www.rwg-bayreuth.de\/home\/?p=37152\">21. August 2024<\/a>\n      <\/div><\/div><!-- end .entry-date -->\n      <\/div><!-- end .entry-cats -->\n<h2 class=\"entry-title\"><a href=\"https:\/\/www.rwg-bayreuth.de\/home\/?p=37152\" rel=\"bookmark\">Kraut und R\u00fcben-Projekt bei TVO<\/a><\/h2>\n    <\/header><!-- end .entry-header -->\n    <div class=\"entry-summary\">\nMit dem Ende des Schuljahres 2023\/24 konnten unsere Sch\u00fclerinnen und Sch\u00fcler aus den f\u00fcnften Klassen im wahrsten Sinne des Wortes sehen, dass ihre Arbeit Fr\u00fcchte tr\u00e4gt: Im Projekt \u201eKraut und R\u00fcben\u201c begann die Erntezeit. Im verlinkten Beitrag von TVO k\u00f6nnen Sie ab 8min 30sec sehen, wie es den Kindern der Klasse 5a dabei ergangen ist.&hellip;\n  <\/div><!-- .entry-summary -->\n  <\/div><!-- .entry-main -->\n<\/div><!-- .meta-main-wrap -->\n<\/article><!-- end post -37152 -->\n<\/div><!-- end .rwg_post_list -->\n<\/div>\n","protected":false},"excerpt":{"rendered":"<p>Ein guter Start ins gymnasiale Schulleben ist sicherlich der gr\u00f6\u00dfte Wunsch von Sch\u00fclern und Eltern, wenn der \u00dcbertritt absolviert ist. Das F\u00f6rderprogramm KOMPASS unserer Schule will helfen, die F\u00fcnftkl\u00e4sser auf diesem Weg zu begleiten und ihnen den \u00dcbertritt zu erleichtern. Wie der Kompass beim Wandern oder in der Schifffahrt soll das Programm den richtigen Weg&hellip;<\/p>\n","protected":false},"author":2,"featured_media":0,"parent":34604,"menu_order":10,"comment_status":"closed","ping_status":"closed","template":"page-templates\/no-sidebar.php","meta":{"footnotes":""},"tags":[54],"_links":{"self":[{"href":"https:\/\/www.rwg-bayreuth.de\/home\/index.php?rest_route=\/wp\/v2\/pages\/8601"}],"collection":[{"href":"https:\/\/www.rwg-bayreuth.de\/home\/index.php?rest_route=\/wp\/v2\/pages"}],"about":[{"href":"https:\/\/www.rwg-bayreuth.de\/home\/index.php?rest_route=\/wp\/v2\/types\/page"}],"author":[{"embeddable":true,"href":"https:\/\/www.rwg-bayreuth.de\/home\/index.php?rest_route=\/wp\/v2\/users\/2"}],"replies":[{"embeddable":true,"href":"https:\/\/www.rwg-bayreuth.de\/home\/index.php?rest_route=%2Fwp%2Fv2%2Fcomments&post=8601"}],"version-history":[{"count":41,"href":"https:\/\/www.rwg-bayreuth.de\/home\/index.php?rest_route=\/wp\/v2\/pages\/8601\/revisions"}],"predecessor-version":[{"id":37964,"href":"https:\/\/www.rwg-bayreuth.de\/home\/index.php?rest_route=\/wp\/v2\/pages\/8601\/revisions\/37964"}],"up":[{"embeddable":true,"href":"https:\/\/www.rwg-bayreuth.de\/home\/index.php?rest_route=\/wp\/v2\/pages\/34604"}],"wp:attachment":[{"href":"https:\/\/www.rwg-bayreuth.de\/home\/index.php?rest_route=%2Fwp%2Fv2%2Fmedia&parent=8601"}],"wp:term":[{"taxonomy":"post_tag","embeddable":true,"href":"https:\/\/www.rwg-bayreuth.de\/home\/index.php?rest_route=%2Fwp%2Fv2%2Ftags&post=8601"}],"curies":[{"name":"wp","href":"https:\/\/api.w.org\/{rel}","templated":true}]}}