{"id":6856,"date":"2015-05-19T12:16:35","date_gmt":"2015-05-19T10:16:35","guid":{"rendered":"http:\/\/www.rwg-bayreuth.de\/home\/?page_id=6856"},"modified":"2020-02-19T15:12:06","modified_gmt":"2020-02-19T14:12:06","slug":"internationale-juniorscienceolympiade","status":"publish","type":"page","link":"https:\/\/www.rwg-bayreuth.de\/home\/?page_id=6856","title":{"rendered":"Internationale JuniorScienceOlympiade"},"content":{"rendered":"<div id=\"attachment_6933\" style=\"width: 360px\" class=\"wp-caption alignleft\"><a href=\"https:\/\/www.rwg-bayreuth.de\/home\/wp-content\/uploads\/2015\/05\/NaWigator-Wettbewerbstag_web.jpg\"><img loading=\"lazy\" decoding=\"async\" aria-describedby=\"caption-attachment-6933\" src=\"https:\/\/www.rwg-bayreuth.de\/home\/wp-content\/uploads\/2015\/05\/NaWigator-Wettbewerbstag_web.jpg\" alt=\"Beim NaWigator-Wettbewerbstag geht es darum, wer die Aufgaben am besten l\u00f6st.\" width=\"350\" height=\"244\" class=\"size-full wp-image-6933\" srcset=\"https:\/\/www.rwg-bayreuth.de\/home\/wp-content\/uploads\/2015\/05\/NaWigator-Wettbewerbstag_web.jpg 350w, https:\/\/www.rwg-bayreuth.de\/home\/wp-content\/uploads\/2015\/05\/NaWigator-Wettbewerbstag_web-150x105.jpg 150w, https:\/\/www.rwg-bayreuth.de\/home\/wp-content\/uploads\/2015\/05\/NaWigator-Wettbewerbstag_web-300x209.jpg 300w, https:\/\/www.rwg-bayreuth.de\/home\/wp-content\/uploads\/2015\/05\/NaWigator-Wettbewerbstag_web-250x174.jpg 250w\" sizes=\"(max-width: 350px) 100vw, 350px\" \/><\/a><p id=\"caption-attachment-6933\" class=\"wp-caption-text\">Beim NaWigator-Wettbewerbstag geht es darum,<br \/>\nwer die Aufgaben am besten l\u00f6st.<\/p><\/div>\n<p>Die Internationale JuniorScienceOlympiade (IJSO) ist ein bundesweiter Wettbewerb in Biologie, Chemie und Physik f\u00fcr Sch\u00fcler in der Sekundarstufe I, die unter 16 Jahren alt sind. Im Gegensatz zu den meisten anderen Internationalen Wissenschaftswettbewerben wendet sich die IJSO an Allrounder, die sich f\u00e4cher\u00fcbergreifend f\u00fcr Biologie, Chemie und Physik interessieren.<\/p>\n<p>Der Wettbewerb l\u00e4uft \u00fcber ein mehrstufiges Auswahlverfahren. Die erste Runde ist eine Hausaufgabenrunde. Abh\u00e4ngig von der erreichten Punktzahl kommen die 500 Besten in die Klausurenrunde. \u00dcber weitere Auswahlverfahren kommt man schlie\u00dflich in das Olympiateam.<\/p>\n<h3 class=\"clear\">Aktuelles<\/h3>\n<div class=\"rwg_post_list\"><article id=\"post-38930\"class=\"cf post-38930 post type-post status-publish format-standard has-post-thumbnail hentry category-allgemein tag-5te-klassen tag-home tag-ijso tag-mint\">\n \t\t<div class=\"entry-thumbnail fadein\"> \t\t\t<a href=\"https:\/\/www.rwg-bayreuth.de\/home\/?p=38930\"><img loading=\"lazy\" decoding=\"async\" width=\"1024\" height=\"678\" src=\"https:\/\/www.rwg-bayreuth.de\/home\/wp-content\/uploads\/2025\/05\/24-25-DSC_Auszeichnung_IJSO_Aufgabenrunde.jpg\" class=\"attachment-post-thumbnail size-post-thumbnail wp-post-image\" alt=\"\" srcset=\"https:\/\/www.rwg-bayreuth.de\/home\/wp-content\/uploads\/2025\/05\/24-25-DSC_Auszeichnung_IJSO_Aufgabenrunde.jpg 1024w, https:\/\/www.rwg-bayreuth.de\/home\/wp-content\/uploads\/2025\/05\/24-25-DSC_Auszeichnung_IJSO_Aufgabenrunde-150x99.jpg 150w, https:\/\/www.rwg-bayreuth.de\/home\/wp-content\/uploads\/2025\/05\/24-25-DSC_Auszeichnung_IJSO_Aufgabenrunde-450x298.jpg 450w, https:\/\/www.rwg-bayreuth.de\/home\/wp-content\/uploads\/2025\/05\/24-25-DSC_Auszeichnung_IJSO_Aufgabenrunde-768x509.jpg 768w, https:\/\/www.rwg-bayreuth.de\/home\/wp-content\/uploads\/2025\/05\/24-25-DSC_Auszeichnung_IJSO_Aufgabenrunde-250x166.jpg 250w, https:\/\/www.rwg-bayreuth.de\/home\/wp-content\/uploads\/2025\/05\/24-25-DSC_Auszeichnung_IJSO_Aufgabenrunde-600x397.jpg 600w\" sizes=\"(max-width: 1024px) 100vw, 1024px\" \/><\/a> \t\t<\/div><!-- end .entry-thumbnail -->\n<div class=\"meta-main-wrap\">\n  <div class=\"\">\n    <header class=\"entry-header\">\n      <div class=\"entry-cats\">\n        <div class=\"kategorie\"><a href=\"https:\/\/www.rwg-bayreuth.de\/home\/?cat=1\" rel=\"category\">Schulleben<\/a><\/div>\n<div class=\"entry-edit\" >      <div class=\"entry-date\" >\n        <a href=\"https:\/\/www.rwg-bayreuth.de\/home\/?p=38930\">20. Mai 2025<\/a>\n      <\/div><\/div><!-- end .entry-date -->\n      <\/div><!-- end .entry-cats -->\n<h2 class=\"entry-title\"><a href=\"https:\/\/www.rwg-bayreuth.de\/home\/?p=38930\" rel=\"bookmark\">Papier \u2013 ein faszinierender Werkstoff<\/a><\/h2>\n    <\/header><!-- end .entry-header -->\n    <div class=\"entry-summary\">\nErfolgreiche Teilnahme des Profils Forschen und Experimentieren an der Aufgabenrunde der IJSO \u2013 Internationale JuniorScienceOlympiade 2025 Papier ist ein faszinierender Werkstoff, der in allen Lebensbereichen Anwendung findet. Die Vielfalt von Papier und seine Einsatzm\u00f6glichkeiten zu erforschen, stand im Fokus der Aufgabenrunde der IJSO 2025. Die unterschiedlichen Verwendungsm\u00f6glichkeiten von Papier, z.B. als Schreibpapier oder Papiertaschentuch, erfordern&hellip;\n  <\/div><!-- .entry-summary -->\n  <\/div><!-- .entry-main -->\n<\/div><!-- .meta-main-wrap -->\n<\/article><!-- end post -38930 -->\n<\/div><!-- end .rwg_post_list -->\n<p><!--Die Thema des Wettbewerbs 2015 besch\u00e4ftigte sich mit dem Thema Licht. \u00dcber den physikalischen Aspekt des Spektrometers, das selbst aus einem Schuhkarton und einer DVD gebaut werden musste ging es zu Knicklichtern und ihre Leuchtkraft in Abh\u00e4ngigkeit von der Temperatur. Und zum Schluss sollte der Einfluss des Sonnenlichts auf das Wachstumsverhalten der Pflanzen untersucht werden. \n\n[caption id=\"attachment_6959\" align=\"alignleft\" width=\"350\"]<a href=\"https:\/\/www.rwg-bayreuth.de\/home\/wp-content\/uploads\/2015\/05\/PreisverleihungIJSO-diebesten_web.jpg\"><img loading=\"lazy\" decoding=\"async\" src=\"https:\/\/www.rwg-bayreuth.de\/home\/wp-content\/uploads\/2015\/05\/PreisverleihungIJSO-diebesten_web.jpg\" alt=\"Die Siegerehrung der besten RWG-Teilnehmer 2015.\" width=\"350\" height=\"226\" class=\"size-full wp-image-6959\" srcset=\"https:\/\/www.rwg-bayreuth.de\/home\/wp-content\/uploads\/2015\/05\/PreisverleihungIJSO-diebesten_web.jpg 350w, https:\/\/www.rwg-bayreuth.de\/home\/wp-content\/uploads\/2015\/05\/PreisverleihungIJSO-diebesten_web-150x97.jpg 150w, https:\/\/www.rwg-bayreuth.de\/home\/wp-content\/uploads\/2015\/05\/PreisverleihungIJSO-diebesten_web-300x194.jpg 300w, https:\/\/www.rwg-bayreuth.de\/home\/wp-content\/uploads\/2015\/05\/PreisverleihungIJSO-diebesten_web-250x161.jpg 250w\" sizes=\"(max-width: 350px) 100vw, 350px\" \/><\/a> Die Siegerehrung der besten RWG-Teilnehmer 2014.[\/caption]\n\nIm Rahmen des NaWigator Projekts nehmen wir aktuell mit Sch\u00fclern aus den 6. und 7. Klassen teil. Im Schuljahr 2013\/14 waren die Sch\u00fcler vom Thema \u201eFarbe und F\u00e4rbetechnik\u201c so begeistert, dass 77 Sch\u00fcler der Jahrgangsstufen 5 und 6 ihre Arbeit einreichten, wovon die sechs besten Sch\u00fcler die zweite Runde erreichten. Im Schuljahr 2014\/15 haben zwei Gruppen aus den sechsten Klassen gut abgeschnitten und waren in ihrer Altersklasse unter den 200 Besten, bei insgesamt weit \u00fcber 4000 Teilnehmern.--><\/p>\n","protected":false},"excerpt":{"rendered":"<p>Die Internationale JuniorScienceOlympiade (IJSO) ist ein bundesweiter Wettbewerb in Biologie, Chemie und Physik f\u00fcr Sch\u00fcler in der Sekundarstufe I, die unter 16 Jahren alt sind. Im Gegensatz zu den meisten anderen Internationalen Wissenschaftswettbewerben wendet sich die IJSO an Allrounder, die sich f\u00e4cher\u00fcbergreifend f\u00fcr Biologie, Chemie und Physik interessieren. Der Wettbewerb l\u00e4uft \u00fcber ein mehrstufiges Auswahlverfahren.&hellip;<\/p>\n","protected":false},"author":2,"featured_media":0,"parent":6679,"menu_order":3,"comment_status":"closed","ping_status":"closed","template":"page-templates\/no-sidebar.php","meta":{"footnotes":""},"tags":[54],"_links":{"self":[{"href":"https:\/\/www.rwg-bayreuth.de\/home\/index.php?rest_route=\/wp\/v2\/pages\/6856"}],"collection":[{"href":"https:\/\/www.rwg-bayreuth.de\/home\/index.php?rest_route=\/wp\/v2\/pages"}],"about":[{"href":"https:\/\/www.rwg-bayreuth.de\/home\/index.php?rest_route=\/wp\/v2\/types\/page"}],"author":[{"embeddable":true,"href":"https:\/\/www.rwg-bayreuth.de\/home\/index.php?rest_route=\/wp\/v2\/users\/2"}],"replies":[{"embeddable":true,"href":"https:\/\/www.rwg-bayreuth.de\/home\/index.php?rest_route=%2Fwp%2Fv2%2Fcomments&post=6856"}],"version-history":[{"count":11,"href":"https:\/\/www.rwg-bayreuth.de\/home\/index.php?rest_route=\/wp\/v2\/pages\/6856\/revisions"}],"predecessor-version":[{"id":24233,"href":"https:\/\/www.rwg-bayreuth.de\/home\/index.php?rest_route=\/wp\/v2\/pages\/6856\/revisions\/24233"}],"up":[{"embeddable":true,"href":"https:\/\/www.rwg-bayreuth.de\/home\/index.php?rest_route=\/wp\/v2\/pages\/6679"}],"wp:attachment":[{"href":"https:\/\/www.rwg-bayreuth.de\/home\/index.php?rest_route=%2Fwp%2Fv2%2Fmedia&parent=6856"}],"wp:term":[{"taxonomy":"post_tag","embeddable":true,"href":"https:\/\/www.rwg-bayreuth.de\/home\/index.php?rest_route=%2Fwp%2Fv2%2Ftags&post=6856"}],"curies":[{"name":"wp","href":"https:\/\/api.w.org\/{rel}","templated":true}]}}