{"id":6853,"date":"2015-05-19T12:13:34","date_gmt":"2015-05-19T10:13:34","guid":{"rendered":"http:\/\/www.rwg-bayreuth.de\/home\/?page_id=6853"},"modified":"2020-02-19T15:12:27","modified_gmt":"2020-02-19T14:12:27","slug":"jugend-forscht","status":"publish","type":"page","link":"https:\/\/www.rwg-bayreuth.de\/home\/?page_id=6853","title":{"rendered":"Jugend forscht"},"content":{"rendered":"<div id=\"attachment_6961\" style=\"width: 360px\" class=\"wp-caption alignleft\"><a href=\"https:\/\/www.rwg-bayreuth.de\/home\/wp-content\/uploads\/2015\/05\/SchulpreisJufo2015_web.jpg\"><img loading=\"lazy\" decoding=\"async\" aria-describedby=\"caption-attachment-6961\" src=\"https:\/\/www.rwg-bayreuth.de\/home\/wp-content\/uploads\/2015\/05\/SchulpreisJufo2015_web.jpg\" alt=\"Das RWG erhielt 2015 einen Schulpreis bei &quot;Jugend forscht&quot;.\" width=\"350\" height=\"232\" class=\"size-full wp-image-6961\" srcset=\"https:\/\/www.rwg-bayreuth.de\/home\/wp-content\/uploads\/2015\/05\/SchulpreisJufo2015_web.jpg 350w, https:\/\/www.rwg-bayreuth.de\/home\/wp-content\/uploads\/2015\/05\/SchulpreisJufo2015_web-150x99.jpg 150w, https:\/\/www.rwg-bayreuth.de\/home\/wp-content\/uploads\/2015\/05\/SchulpreisJufo2015_web-300x199.jpg 300w, https:\/\/www.rwg-bayreuth.de\/home\/wp-content\/uploads\/2015\/05\/SchulpreisJufo2015_web-250x166.jpg 250w\" sizes=\"(max-width: 350px) 100vw, 350px\" \/><\/a><p id=\"caption-attachment-6961\" class=\"wp-caption-text\">Das RWG erhielt 2015 einen Schulpreis<br \/>\nbei &#8222;Jugend forscht&#8220;.<\/p><\/div>\n<p>Seit Jahren engagieren sich Sch\u00fclerinnen und Sch\u00fcler des RWG sehr erfolgreich bei dem gro\u00dfen naturwissenschaftlichen Wettbewerb Jugend forscht. Erstellt und betreut werden die Forschungsarbeiten vorwiegend in dem Kurs der regionalen Begabtenf\u00f6rderung \u201eChemieexperten\u201c und dem Wahlkurs  \u201eChemkids\u201c.<\/p>\n<p>Zu einer Forscherfrage aus den Bereichen Arbeitswelt, Biologie, Chemie, Geo- und Raumwissenschaften, Physik, Mathematik oder Technik entwickeln die Teilnehmer ein eigenes Versuchsdesign, \u00fcberpr\u00fcfen ihre Vermutungen und formulieren und diskutieren Ergebnisse, bis sie die Arbeit zu einem festgelegten Zeitpunkt auf das Jugend forscht Portal hochladen. Am Wettbewerbstag selbst m\u00fcssen die Jungforscher ihre Forschungsarbeit pr\u00e4sentieren und sich Fragen der Fachjury stellen.<\/p>\n<h3 class=\"clear\">Aktuelles<\/h3>\n<div class=\"rwg_post_list\"><\/div><!-- end .rwg_post_list -->\n<p><!--\n\n\n<h5>Wettbewerb \u201eSch\u00fcler experimentieren\u201c:<\/h5>\n\n\n\nLena Neuner (8b), Emily Greiner (8c): \nAbwehrstrategie der Hydra \u2013 Wunderwaffe im Kampf gegen multiresistenter Keime [mehr zum Versuch\u2026]\n\nLuca Ossendorf (7b) Clara Weidekamm (7b):  \nL\u00e4rmort Schule?! Bestandsaufnahme am RWG <a href=\"https:\/\/www.rwg-bayreuth.de\/home\/?page_id=7302\">[mehr zum Versuch\u2026]<\/a>\n\nChris P\u00f6hlmann (7b) Lisa Bockmeier (7b): \nPaprikapulver \u2013 mehr als nur Rot <a href=\"https:\/\/www.rwg-bayreuth.de\/home\/?page_id=7446\">[mehr zum Versuch\u2026]<\/a>\n\nTheresa Griese (7b), Celine Hasenpflug (7b), Antonia Schwenk (7b): \nDas Geheimnis wei\u00dfer Z\u00e4hne <a href=\"https:\/\/www.rwg-bayreuth.de\/home\/?page_id=7123\">[mehr zum Versuch\u2026]<\/a>\n\nJohannes Leutzsch (7c), Julian Scherl (7d): \nDer Kartoffelindikator <a href=\"https:\/\/www.rwg-bayreuth.de\/home\/?page_id=7642\">[mehr zum Versuch\u2026]<\/a>\n\nJulia von Ramin (5c), Luca Derennek (5c): \nOxireiniger im Test <a href=\"https:\/\/www.rwg-bayreuth.de\/home\/?page_id=7580\">[mehr zum Versuch\u2026]<\/a>\n\nFabian Pomper (8 \u2013 MGF Kulmbach): \nB\u00e4rtierchen an extremen Standorten <a href=\"https:\/\/www.rwg-bayreuth.de\/home\/?page_id=7065\">[mehr zum Versuch\u2026]<\/a>\n\n\n\n\n<h5>Wettbewerb \u201eJugend forscht\u201c<\/h5>\n\n\n\nRebekka Schmitzer (10a), Katharina Kneissel (10a), Anna Kraus (10a): \nUntersuchungen zu Terra Preta <a href=\"https:\/\/www.rwg-bayreuth.de\/home\/?page_id=7352\">[mehr zum Versuch\u2026]<\/a>\n--><\/p>\n","protected":false},"excerpt":{"rendered":"<p>Seit Jahren engagieren sich Sch\u00fclerinnen und Sch\u00fcler des RWG sehr erfolgreich bei dem gro\u00dfen naturwissenschaftlichen Wettbewerb Jugend forscht. Erstellt und betreut werden die Forschungsarbeiten vorwiegend in dem Kurs der regionalen Begabtenf\u00f6rderung \u201eChemieexperten\u201c und dem Wahlkurs \u201eChemkids\u201c. Zu einer Forscherfrage aus den Bereichen Arbeitswelt, Biologie, Chemie, Geo- und Raumwissenschaften, Physik, Mathematik oder Technik entwickeln die Teilnehmer&hellip;<\/p>\n","protected":false},"author":2,"featured_media":0,"parent":6679,"menu_order":2,"comment_status":"closed","ping_status":"closed","template":"page-templates\/no-sidebar.php","meta":{"footnotes":""},"tags":[54],"_links":{"self":[{"href":"https:\/\/www.rwg-bayreuth.de\/home\/index.php?rest_route=\/wp\/v2\/pages\/6853"}],"collection":[{"href":"https:\/\/www.rwg-bayreuth.de\/home\/index.php?rest_route=\/wp\/v2\/pages"}],"about":[{"href":"https:\/\/www.rwg-bayreuth.de\/home\/index.php?rest_route=\/wp\/v2\/types\/page"}],"author":[{"embeddable":true,"href":"https:\/\/www.rwg-bayreuth.de\/home\/index.php?rest_route=\/wp\/v2\/users\/2"}],"replies":[{"embeddable":true,"href":"https:\/\/www.rwg-bayreuth.de\/home\/index.php?rest_route=%2Fwp%2Fv2%2Fcomments&post=6853"}],"version-history":[{"count":18,"href":"https:\/\/www.rwg-bayreuth.de\/home\/index.php?rest_route=\/wp\/v2\/pages\/6853\/revisions"}],"predecessor-version":[{"id":24234,"href":"https:\/\/www.rwg-bayreuth.de\/home\/index.php?rest_route=\/wp\/v2\/pages\/6853\/revisions\/24234"}],"up":[{"embeddable":true,"href":"https:\/\/www.rwg-bayreuth.de\/home\/index.php?rest_route=\/wp\/v2\/pages\/6679"}],"wp:attachment":[{"href":"https:\/\/www.rwg-bayreuth.de\/home\/index.php?rest_route=%2Fwp%2Fv2%2Fmedia&parent=6853"}],"wp:term":[{"taxonomy":"post_tag","embeddable":true,"href":"https:\/\/www.rwg-bayreuth.de\/home\/index.php?rest_route=%2Fwp%2Fv2%2Ftags&post=6853"}],"curies":[{"name":"wp","href":"https:\/\/api.w.org\/{rel}","templated":true}]}}