{"id":6843,"date":"2015-05-19T11:34:26","date_gmt":"2015-05-19T09:34:26","guid":{"rendered":"http:\/\/www.rwg-bayreuth.de\/home\/?page_id=6843"},"modified":"2020-02-19T15:13:07","modified_gmt":"2020-02-19T14:13:07","slug":"begabtenkurs-chemieexperten","status":"publish","type":"page","link":"https:\/\/www.rwg-bayreuth.de\/home\/?page_id=6843","title":{"rendered":"Begabtenkurs &#8222;Chemieexperten&#8220; &hellip;"},"content":{"rendered":"<p>&hellip; \u2013 ein Kurs der regionalen Begabtenf\u00f6rderung<\/p>\n<p><a href=\"https:\/\/www.rwg-bayreuth.de\/home\/wp-content\/uploads\/2019\/05\/18-19-Beobachtungen-gleich-protokollieren.jpg\"><img loading=\"lazy\" decoding=\"async\" src=\"https:\/\/www.rwg-bayreuth.de\/home\/wp-content\/uploads\/2019\/05\/18-19-Beobachtungen-gleich-protokollieren-450x298.jpg\" alt=\"\" width=\"450\" height=\"298\" class=\"alignright size-medium wp-image-21954\" srcset=\"https:\/\/www.rwg-bayreuth.de\/home\/wp-content\/uploads\/2019\/05\/18-19-Beobachtungen-gleich-protokollieren-450x298.jpg 450w, https:\/\/www.rwg-bayreuth.de\/home\/wp-content\/uploads\/2019\/05\/18-19-Beobachtungen-gleich-protokollieren-768x509.jpg 768w, https:\/\/www.rwg-bayreuth.de\/home\/wp-content\/uploads\/2019\/05\/18-19-Beobachtungen-gleich-protokollieren.jpg 1024w, https:\/\/www.rwg-bayreuth.de\/home\/wp-content\/uploads\/2019\/05\/18-19-Beobachtungen-gleich-protokollieren-250x166.jpg 250w\" sizes=\"(max-width: 450px) 100vw, 450px\" \/><\/a>Am Richard-Wagner-Gymnasium wird seit 2008 ein Kurs f\u00fcr besonders begabte Sch\u00fclerinnen und Sch\u00fcler mit dem Schwerpunkt Naturwissenschaften angeboten, der von Frau Fr\u00f6ber organisiert und betreut wird.<\/p>\n<p>Der Kurs ist eine F\u00f6rderma\u00dfnahme im Rahmen der regionalen Begabtenf\u00f6rderung der Gymnasien Oberfrankens.<br \/>\nAufgrund der ausgezeichneten Schulleistungen bzw. einer besonderen naturwissenschaftlichen Begabung kann ein Sch\u00fcler an diesem Kurs teilnehmen.<br \/>\nDer Kurs findet f\u00fcnfmal im Schuljahr ganzt\u00e4gig in der Schule oder an Forschungseinrichtungen der Universit\u00e4t statt. In dieser Zeit sind die Kursteilnehmer vom regul\u00e4ren Unterricht befreit, nur Schulaufgaben werden termingerecht mitgeschrieben.<br \/>\n<a href=\"https:\/\/www.rwg-bayreuth.de\/home\/wp-content\/uploads\/2019\/05\/18-19-Entwickeln-von-Strategien.jpg\"><img loading=\"lazy\" decoding=\"async\" src=\"https:\/\/www.rwg-bayreuth.de\/home\/wp-content\/uploads\/2019\/05\/18-19-Entwickeln-von-Strategien-450x298.jpg\" alt=\"\" width=\"450\" height=\"298\" class=\"alignleft size-medium wp-image-21953\" srcset=\"https:\/\/www.rwg-bayreuth.de\/home\/wp-content\/uploads\/2019\/05\/18-19-Entwickeln-von-Strategien-450x298.jpg 450w, https:\/\/www.rwg-bayreuth.de\/home\/wp-content\/uploads\/2019\/05\/18-19-Entwickeln-von-Strategien-768x509.jpg 768w, https:\/\/www.rwg-bayreuth.de\/home\/wp-content\/uploads\/2019\/05\/18-19-Entwickeln-von-Strategien.jpg 1024w, https:\/\/www.rwg-bayreuth.de\/home\/wp-content\/uploads\/2019\/05\/18-19-Entwickeln-von-Strategien-250x166.jpg 250w\" sizes=\"(max-width: 450px) 100vw, 450px\" \/><\/a>Zwischen diesen Treffen setzen sich die Sch\u00fcler selbst mit altersgem\u00e4\u00dfen naturwissenschaftlichen Forschungsfragen auseinander. Damit ist auch eine Teilnahme an einem naturwissenschaftlichen Wettbewerb m\u00f6glich.<br \/>\nZus\u00e4tzlich steht f\u00fcr die Kursteilnehmer ein attraktives Fortbildungsangebot in verschiedenen Bereichen, z.B. Projektmanagement, Rhetorik, Pers\u00f6nlichkeitsbildung oder Lerntechniken, bereit. Dieses Angebot wird nur Teilnehmern der Begabtenkurse offeriert und aus Mitteln der Karin-Sch\u00f6pf-Stiftung und von Oberfranken offensiv finanziert.<\/p>\n<p>Einmal im Jahr treffen sich die Kursteilnehmer Oberfrankens am Tag der Begabtenf\u00f6rderung zu einem Erfahrungsaustausch und einem gemeinsamen Programm in Kloster Banz.<\/p>\n<p>Beauftragte f\u00fcr Begabtenf\u00f6rderung am RWG: StDin Sabine Fr\u00f6ber<\/p>\n<h3 class=\"clear\">Aktuelles<\/h3>\n<div class=\"rwg_post_list\"><\/div><!-- end .rwg_post_list -->\n","protected":false},"excerpt":{"rendered":"<p>&hellip; \u2013 ein Kurs der regionalen Begabtenf\u00f6rderung Am Richard-Wagner-Gymnasium wird seit 2008 ein Kurs f\u00fcr besonders begabte Sch\u00fclerinnen und Sch\u00fcler mit dem Schwerpunkt Naturwissenschaften angeboten, der von Frau Fr\u00f6ber organisiert und betreut wird. Der Kurs ist eine F\u00f6rderma\u00dfnahme im Rahmen der regionalen Begabtenf\u00f6rderung der Gymnasien Oberfrankens. Aufgrund der ausgezeichneten Schulleistungen bzw. einer besonderen naturwissenschaftlichen Begabung&hellip;<\/p>\n","protected":false},"author":2,"featured_media":0,"parent":6681,"menu_order":1,"comment_status":"closed","ping_status":"closed","template":"page-templates\/no-sidebar.php","meta":{"footnotes":""},"tags":[54],"_links":{"self":[{"href":"https:\/\/www.rwg-bayreuth.de\/home\/index.php?rest_route=\/wp\/v2\/pages\/6843"}],"collection":[{"href":"https:\/\/www.rwg-bayreuth.de\/home\/index.php?rest_route=\/wp\/v2\/pages"}],"about":[{"href":"https:\/\/www.rwg-bayreuth.de\/home\/index.php?rest_route=\/wp\/v2\/types\/page"}],"author":[{"embeddable":true,"href":"https:\/\/www.rwg-bayreuth.de\/home\/index.php?rest_route=\/wp\/v2\/users\/2"}],"replies":[{"embeddable":true,"href":"https:\/\/www.rwg-bayreuth.de\/home\/index.php?rest_route=%2Fwp%2Fv2%2Fcomments&post=6843"}],"version-history":[{"count":11,"href":"https:\/\/www.rwg-bayreuth.de\/home\/index.php?rest_route=\/wp\/v2\/pages\/6843\/revisions"}],"predecessor-version":[{"id":24236,"href":"https:\/\/www.rwg-bayreuth.de\/home\/index.php?rest_route=\/wp\/v2\/pages\/6843\/revisions\/24236"}],"up":[{"embeddable":true,"href":"https:\/\/www.rwg-bayreuth.de\/home\/index.php?rest_route=\/wp\/v2\/pages\/6681"}],"wp:attachment":[{"href":"https:\/\/www.rwg-bayreuth.de\/home\/index.php?rest_route=%2Fwp%2Fv2%2Fmedia&parent=6843"}],"wp:term":[{"taxonomy":"post_tag","embeddable":true,"href":"https:\/\/www.rwg-bayreuth.de\/home\/index.php?rest_route=%2Fwp%2Fv2%2Ftags&post=6843"}],"curies":[{"name":"wp","href":"https:\/\/api.w.org\/{rel}","templated":true}]}}

<p>&hellip; – ein Kurs der regionalen Begabtenförderung</p>
<p><a href="https://www.rwg-bayreuth.de/home/wp-content/uploads/2019/05/18-19-Beobachtungen-gleich-protokollieren.jpg"><img loading="lazy" decoding="async" src="https://www.rwg-bayreuth.de/home/wp-content/uploads/2019/05/18-19-Beobachtungen-gleich-protokollieren-450x298.jpg" alt="" width="450" height="298" class="alignright size-medium wp-image-21954" srcset="https://www.rwg-bayreuth.de/home/wp-content/uploads/2019/05/18-19-Beobachtungen-gleich-protokollieren-450x298.jpg 450w, https://www.rwg-bayreuth.de/home/wp-content/uploads/2019/05/18-19-Beobachtungen-gleich-protokollieren-768x509.jpg 768w, https://www.rwg-bayreuth.de/home/wp-content/uploads/2019/05/18-19-Beobachtungen-gleich-protokollieren.jpg 1024w, https://www.rwg-bayreuth.de/home/wp-content/uploads/2019/05/18-19-Beobachtungen-gleich-protokollieren-250x166.jpg 250w" sizes="(max-width: 450px) 100vw, 450px" /></a>Am Richard-Wagner-Gymnasium wird seit 2008 ein Kurs für besonders begabte Schülerinnen und Schüler mit dem Schwerpunkt Naturwissenschaften angeboten, der von Frau Fröber organisiert und betreut wird.</p>
<p>Der Kurs ist eine Fördermaßnahme im Rahmen der regionalen Begabtenförderung der Gymnasien Oberfrankens.<br />
Aufgrund der ausgezeichneten Schulleistungen bzw. einer besonderen naturwissenschaftlichen Begabung kann ein Schüler an diesem Kurs teilnehmen.<br />
Der Kurs findet fünfmal im Schuljahr ganztägig in der Schule oder an Forschungseinrichtungen der Universität statt. In dieser Zeit sind die Kursteilnehmer vom regulären Unterricht befreit, nur Schulaufgaben werden termingerecht mitgeschrieben.<br />
<a href="https://www.rwg-bayreuth.de/home/wp-content/uploads/2019/05/18-19-Entwickeln-von-Strategien.jpg"><img loading="lazy" decoding="async" src="https://www.rwg-bayreuth.de/home/wp-content/uploads/2019/05/18-19-Entwickeln-von-Strategien-450x298.jpg" alt="" width="450" height="298" class="alignleft size-medium wp-image-21953" srcset="https://www.rwg-bayreuth.de/home/wp-content/uploads/2019/05/18-19-Entwickeln-von-Strategien-450x298.jpg 450w, https://www.rwg-bayreuth.de/home/wp-content/uploads/2019/05/18-19-Entwickeln-von-Strategien-768x509.jpg 768w, https://www.rwg-bayreuth.de/home/wp-content/uploads/2019/05/18-19-Entwickeln-von-Strategien.jpg 1024w, https://www.rwg-bayreuth.de/home/wp-content/uploads/2019/05/18-19-Entwickeln-von-Strategien-250x166.jpg 250w" sizes="(max-width: 450px) 100vw, 450px" /></a>Zwischen diesen Treffen setzen sich die Schüler selbst mit altersgemäßen naturwissenschaftlichen Forschungsfragen auseinander. Damit ist auch eine Teilnahme an einem naturwissenschaftlichen Wettbewerb möglich.<br />
Zusätzlich steht für die Kursteilnehmer ein attraktives Fortbildungsangebot in verschiedenen Bereichen, z.B. Projektmanagement, Rhetorik, Persönlichkeitsbildung oder Lerntechniken, bereit. Dieses Angebot wird nur Teilnehmern der Begabtenkurse offeriert und aus Mitteln der Karin-Schöpf-Stiftung und von Oberfranken offensiv finanziert.</p>
<p>Einmal im Jahr treffen sich die Kursteilnehmer Oberfrankens am Tag der Begabtenförderung zu einem Erfahrungsaustausch und einem gemeinsamen Programm in Kloster Banz.</p>
<p>Beauftragte für Begabtenförderung am RWG: StDin Sabine Fröber</p>
<h3 class="clear">Aktuelles</h3>
<div class="rwg_post_list"></div><!-- end .rwg_post_list -->

<p>&hellip; – ein Kurs der regionalen Begabtenförderung Am Richard-Wagner-Gymnasium wird seit 2008 ein Kurs für besonders begabte Schülerinnen und Schüler mit dem Schwerpunkt Naturwissenschaften angeboten, der von Frau Fröber organisiert und betreut wird. Der Kurs ist eine Fördermaßnahme im Rahmen der regionalen Begabtenförderung der Gymnasien Oberfrankens. Aufgrund der ausgezeichneten Schulleistungen bzw. einer besonderen naturwissenschaftlichen Begabung&hellip;</p>
