{"id":6839,"date":"2015-05-19T11:29:41","date_gmt":"2015-05-19T09:29:41","guid":{"rendered":"http:\/\/www.rwg-bayreuth.de\/home\/?page_id=6839"},"modified":"2026-01-22T13:37:51","modified_gmt":"2026-01-22T12:37:51","slug":"individuelle-foerderung-im-mint-bereich","status":"publish","type":"page","link":"https:\/\/www.rwg-bayreuth.de\/home\/?page_id=6839","title":{"rendered":"Individuelle F\u00f6rderung im MINT-Bereich"},"content":{"rendered":"<p>\u00dcber den Pflichtunterricht hinaus bieten wir in fast allen Jahrgangsstufen zus\u00e4tzliche \u00dcbungsm\u00f6glichkeiten an, die von einer Lehrkraft betreut werden.<br \/>\nHier einige Beispiele:<\/p>\n<p>5. bis 7. Klasse:<br \/>\nFlexibles, individuelles F\u00f6rderangebot in Kleingruppen im Cafe Pi<\/p>\n<p>8. und 10. Klasse:<br \/>\nFreiwillige w\u00f6chentliche Intensivierungsstunde<\/p>\n<p>11., 12. und 13. Klasse:<br \/>\nFreiwillige w\u00f6chentliche Intensivierungsstunden zur gezielten Klausur- und Abiturvorbereitung<\/p>\n","protected":false},"excerpt":{"rendered":"<p>\u00dcber den Pflichtunterricht hinaus bieten wir in fast allen Jahrgangsstufen zus\u00e4tzliche \u00dcbungsm\u00f6glichkeiten an, die von einer Lehrkraft betreut werden. Hier einige Beispiele: 5. bis 7. Klasse: Flexibles, individuelles F\u00f6rderangebot in Kleingruppen im Cafe Pi 8. und 10. Klasse: Freiwillige w\u00f6chentliche Intensivierungsstunde 11., 12. und 13. Klasse: Freiwillige w\u00f6chentliche Intensivierungsstunden zur gezielten Klausur- und Abiturvorbereitung<\/p>\n","protected":false},"author":2,"featured_media":0,"parent":6681,"menu_order":4,"comment_status":"closed","ping_status":"closed","template":"page-templates\/no-sidebar.php","meta":{"footnotes":""},"tags":[54],"_links":{"self":[{"href":"https:\/\/www.rwg-bayreuth.de\/home\/index.php?rest_route=\/wp\/v2\/pages\/6839"}],"collection":[{"href":"https:\/\/www.rwg-bayreuth.de\/home\/index.php?rest_route=\/wp\/v2\/pages"}],"about":[{"href":"https:\/\/www.rwg-bayreuth.de\/home\/index.php?rest_route=\/wp\/v2\/types\/page"}],"author":[{"embeddable":true,"href":"https:\/\/www.rwg-bayreuth.de\/home\/index.php?rest_route=\/wp\/v2\/users\/2"}],"replies":[{"embeddable":true,"href":"https:\/\/www.rwg-bayreuth.de\/home\/index.php?rest_route=%2Fwp%2Fv2%2Fcomments&post=6839"}],"version-history":[{"count":3,"href":"https:\/\/www.rwg-bayreuth.de\/home\/index.php?rest_route=\/wp\/v2\/pages\/6839\/revisions"}],"predecessor-version":[{"id":40704,"href":"https:\/\/www.rwg-bayreuth.de\/home\/index.php?rest_route=\/wp\/v2\/pages\/6839\/revisions\/40704"}],"up":[{"embeddable":true,"href":"https:\/\/www.rwg-bayreuth.de\/home\/index.php?rest_route=\/wp\/v2\/pages\/6681"}],"wp:attachment":[{"href":"https:\/\/www.rwg-bayreuth.de\/home\/index.php?rest_route=%2Fwp%2Fv2%2Fmedia&parent=6839"}],"wp:term":[{"taxonomy":"post_tag","embeddable":true,"href":"https:\/\/www.rwg-bayreuth.de\/home\/index.php?rest_route=%2Fwp%2Fv2%2Ftags&post=6839"}],"curies":[{"name":"wp","href":"https:\/\/api.w.org\/{rel}","templated":true}]}}