{"id":6833,"date":"2015-05-19T10:57:22","date_gmt":"2015-05-19T08:57:22","guid":{"rendered":"http:\/\/www.rwg-bayreuth.de\/home\/?page_id=6833"},"modified":"2023-09-28T21:25:06","modified_gmt":"2023-09-28T19:25:06","slug":"mint-3","status":"publish","type":"page","link":"https:\/\/www.rwg-bayreuth.de\/home\/?page_id=6833","title":{"rendered":"MINT-Schule"},"content":{"rendered":"<p><img decoding=\"async\" src=\"https:\/\/www.rwg-bayreuth.de\/home\/wp-content\/uploads\/2017\/01\/Mint3.jpg\" alt=\"\" width=\"100%\"  class=\"alignnone size-full wp-image-13059\" srcset=\"https:\/\/www.rwg-bayreuth.de\/home\/wp-content\/uploads\/2017\/01\/Mint3.jpg 960w, https:\/\/www.rwg-bayreuth.de\/home\/wp-content\/uploads\/2017\/01\/Mint3-150x50.jpg 150w, https:\/\/www.rwg-bayreuth.de\/home\/wp-content\/uploads\/2017\/01\/Mint3-450x150.jpg 450w, https:\/\/www.rwg-bayreuth.de\/home\/wp-content\/uploads\/2017\/01\/Mint3-768x256.jpg 768w, https:\/\/www.rwg-bayreuth.de\/home\/wp-content\/uploads\/2017\/01\/Mint3-250x83.jpg 250w, https:\/\/www.rwg-bayreuth.de\/home\/wp-content\/uploads\/2017\/01\/Mint3-600x200.jpg 600w\" sizes=\"(max-width: 960px) 100vw, 960px\" \/><\/p>\n<p><em>Verantwortliche f\u00fcr MINT-Fragen am RWG: StDin Sabine Fr\u00f6ber &#8211; <a href=\"mailto:froeber@rwg-bayreuth.de\">froeber@rwg-bayreuth.de<\/a><\/em><\/p>\n<p>\u201eDie Kenntnis mathematisch-naturwissenschaftlicher Zusammenh\u00e4nge ist die Grundlage f\u00fcr einen verantwortlichen Diskurs zu wissenschaftlich-technischen Entwicklungen der Gegenwart und der Zukunft.\u201c So lautet eine Kernaussage aus der Philosophie der <!--<a href=\"https:\/\/www.mintzukunftschaffen.de\/die-initiative.html\">-->Initiative \u201eMINT-Zukunft schaffen.\u201c<!--<\/a>--><\/p>\n<p>Dieser Philosophie folgend hat die F\u00f6rderung der Sch\u00fclerinnen und Sch\u00fcler am RWG im MINT-Bereich einen sehr hohen Stellenwert. MINT steht f\u00fcr die Fachbereiche Mathematik, Informatik, Naturwissenschaften und Technik. In allen Jahrgangsstufen finden vielf\u00e4ltige MINT-Aktivit\u00e4ten statt.<\/p>\n<h5>\u00dcberblick<\/h5>\n<ul class=\"linkliste\">\n<li class=\"top\"><a href=\"https:\/\/www.rwg-bayreuth.de\/home\/?page_id=6669\">MINT-Fachbereiche<\/a><\/li>\n<li><a href=\"https:\/\/www.rwg-bayreuth.de\/home\/?page_id=6673\">Aktuelles aus den MINT-F\u00e4chern<\/a><\/li>\n<li><a href=\"https:\/\/www.rwg-bayreuth.de\/home\/?page_id=6677\">MINT-Wahlf\u00e4cher und AGs<\/a><\/li>\n<li><a href=\"https:\/\/www.rwg-bayreuth.de\/home\/?page_id=6679\">MINT-Wettbewerbe<\/a><\/li>\n<li><a href=\"https:\/\/www.rwg-bayreuth.de\/home\/?page_id=6681\">MINT-F\u00f6rderung<\/a><\/li>\n<li><a href=\"https:\/\/www.rwg-bayreuth.de\/home\/?page_id=6683\">MINT-Projekte<\/a><\/li>\n<li><a href=\"https:\/\/www.rwg-bayreuth.de\/home\/?page_id=6685\">MINT-Kooperationen<\/a><\/li>\n<li><a href=\"https:\/\/www.rwg-bayreuth.de\/home\/?page_id=6687\">MINT-Seminare<\/a><\/li>\n<\/ul>\n<h5>Weitere Informationen:<\/h5>\n<div id=\"attachment_6836\" style=\"width: 460px\" class=\"wp-caption alignright\"><a href=\"https:\/\/www.rwg-bayreuth.de\/home\/wp-content\/uploads\/2015\/05\/2015_MINT_Einf\u00fchrung_450px.jpg\"><img loading=\"lazy\" decoding=\"async\" aria-describedby=\"caption-attachment-6836\" class=\"size-full wp-image-6836\" src=\"https:\/\/www.rwg-bayreuth.de\/home\/wp-content\/uploads\/2015\/05\/2015_MINT_Einf\u00fchrung_450px.jpg\" alt=\"Forschen und Experimentieren geh\u00f6rt in den MINT-F\u00e4chern dazu.\" width=\"450\" height=\"298\" srcset=\"https:\/\/www.rwg-bayreuth.de\/home\/wp-content\/uploads\/2015\/05\/2015_MINT_Einf\u00fchrung_450px.jpg 450w, https:\/\/www.rwg-bayreuth.de\/home\/wp-content\/uploads\/2015\/05\/2015_MINT_Einf\u00fchrung_450px-150x99.jpg 150w, https:\/\/www.rwg-bayreuth.de\/home\/wp-content\/uploads\/2015\/05\/2015_MINT_Einf\u00fchrung_450px-300x199.jpg 300w, https:\/\/www.rwg-bayreuth.de\/home\/wp-content\/uploads\/2015\/05\/2015_MINT_Einf\u00fchrung_450px-250x166.jpg 250w\" sizes=\"(max-width: 450px) 100vw, 450px\" \/><\/a><p id=\"caption-attachment-6836\" class=\"wp-caption-text\">Forschen und Experimentieren geh\u00f6rt in den MINT-F\u00e4chern dazu.<\/p><\/div>\n<p>Grundlage f\u00fcr Ausbildung in den MINT-F\u00e4chern bildet ein sch\u00fcleraktivierender Fachunterricht, der besonders in Chemie und Physik in hochmodern ausgestatteten Fachr\u00e4umen stattfindet. In den MINT-F\u00e4chern werden nicht nur fachliche Kompetenzen, sondern auch Sozial\u2010, Methoden\u2010 und Medienkompetenz vermittelt. Dabei sollen die Sch\u00fclerinnen und Sch\u00fcler nach ihren F\u00e4higkeiten und Bed\u00fcrfnissen gef\u00f6rdert und gefordert werden. <a href=\"https:\/\/www.rwg-bayreuth.de\/home\/?page_id=6669\">[mehr zur Arbeit in den MINT-Fachbereichen&#8230;]<\/a><\/p>\n<p>Dieses F\u00f6rder\u2010 und Forderkonzept wird neben dem Fachunterricht in individuellen F\u00f6rderstunden z.B. in der Mathematik oder in den naturwissenschaftlichen Wahlkursen umgesetzt. Besonders MINT-begabte Sch\u00fcler werden im regionalen Begabtenkurs \u201eChemieexperten\u201c intensiv gef\u00f6rdert, ihre Fertigkeiten und F\u00e4higkeiten weiterentwickelt und gefestigt. <a href=\"https:\/\/www.rwg-bayreuth.de\/home\/?page_id=6681\">[mehr zur MINT-F\u00f6rderung&#8230;]<\/a><\/p>\n<p>Die Teilnahme an zahlreichen MINT-Wettbewerben ist enorm und erfolgreich, so geh\u00f6rt das RWG zu den besten Forscherschulen von Jugend forscht im Regierungsbezirk Oberfranken und ist seit M\u00e4rz 2015 als NaWigator-Wettbewerbsschule zertifiziert. <a href=\"https:\/\/www.rwg-bayreuth.de\/home\/?page_id=6679\">[mehr zu den MINT-Wettbewerben&#8230;]<\/a><\/p>\n<p>Die verst\u00e4rkte Kooperation mit au\u00dferschulischen Partnern, wie z.B. diversen Forschungsinstituten der Universit\u00e4t Bayreuth, regionalen Firmen, aber auch mit Schulen aus anderen Bundesl\u00e4ndern tr\u00e4gt in hohem Ma\u00dfe zu einem aktuellen und anschaulichen Unterricht bei. In Zusammenarbeit mit Eltern, Vertreter regionaler Firmen und der Uni Bayreuth werden den Sch\u00fclern Studienm\u00f6glichkeiten und Berufsfelder im MINT-Bereich vorgestellt. So finden j\u00e4hrlich v.a. f\u00fcr Sch\u00fcler der 10. und 11. Jahrgangsstufe obligatorische Berufsinformationstage statt. Die Sch\u00fcler der Q11 nehmen zus\u00e4tzlich an einem studienfeldbezogenen Beratungstest, durchgef\u00fchrt von der Agentur f\u00fcr Arbeit, teil. <a href=\"https:\/\/www.rwg-bayreuth.de\/home\/?page_id=6685\">[mehr zu den MINT-Kooperationen&#8230;]<\/a><\/p>\n<p>Ausblick auf m\u00f6gliche MINT-Studieng\u00e4nge und MINT-Berufe bieten die W\u2010 und P-Seminare mit biologischen, chemischen, mathematischen, physikalischen aber auch technischen Schwerpunkten den Sch\u00fclerinnen und Sch\u00fclern ab der Q11 und geben den Lernenden einen Einblick in das wissenschaftliche Arbeiten. <a href=\"https:\/\/www.rwg-bayreuth.de\/home\/?page_id=6687\">[mehr zu den MINT-Seminaren&#8230;]<\/a><\/p>\n<p>\u201eInnovation und Wachstum h\u00e4ngen ma\u00dfgeblich von den MINT-Kompetenzen engagierter Fachkr\u00e4fte und Hochqualifizierter ab.\u201c \u00e4u\u00dfert die Bundeskanzlerin Frau Dr. Angela Merkel als Schirmherrin der Initiative \u201eMINT Zukunft schaffen\u201c. Das Richard-Wagner-Gymnasium hat das Potenzial Sch\u00fclerinnen und Sch\u00fcler f\u00fcr die MINT-F\u00e4cher zu begeistern und zu f\u00f6rdern und damit die MINT-Kompetenzen ma\u00dfgeblich zu st\u00e4rken.<\/p>\n<h5>Kontakt:<\/h5>\n<p>Verantwortliche f\u00fcr MINT-Fragen am RWG:<br \/>\nStDin Sabine Fr\u00f6ber<br \/>\n<a href=\"mailto:froeber@rwg-bayreuth.de\">froeber@rwg-bayreuth.de<\/a><\/p>\n<p style=\"margin-bottom: 0;\">Der Koordinatorin f\u00fcr die MINT-F\u00f6rderung am RWG obliegt es,<\/p>\n<ul style=\"padding-left: 0;\">\n<li>die naturwissenschaftlichen Fachschaften miteinander zu vernetzen<\/li>\n<li>die Aktivit\u00e4ten der Fachschaften und\/oder einzelner Kollegen zu koordinieren<\/li>\n<li>die interne Kommunikation zu vertiefen<\/li>\n<li>Anregungen zu Fortbildungen, Wettbewerben etc. zu geben<\/li>\n<li>Ansprechpartnerin f\u00fcr Sch\u00fcler, Eltern, Kollegen sowie externe MINT-Partner zu sein.<\/li>\n<\/ul>\n","protected":false},"excerpt":{"rendered":"<p>Verantwortliche f\u00fcr MINT-Fragen am RWG: StDin Sabine Fr\u00f6ber &#8211; froeber@rwg-bayreuth.de \u201eDie Kenntnis mathematisch-naturwissenschaftlicher Zusammenh\u00e4nge ist die Grundlage f\u00fcr einen verantwortlichen Diskurs zu wissenschaftlich-technischen Entwicklungen der Gegenwart und der Zukunft.\u201c So lautet eine Kernaussage aus der Philosophie der Initiative \u201eMINT-Zukunft schaffen.\u201c Dieser Philosophie folgend hat die F\u00f6rderung der Sch\u00fclerinnen und Sch\u00fcler am RWG im MINT-Bereich einen&hellip;<\/p>\n","protected":false},"author":2,"featured_media":0,"parent":11132,"menu_order":50,"comment_status":"closed","ping_status":"closed","template":"page-templates\/no-sidebar.php","meta":{"footnotes":""},"tags":[],"_links":{"self":[{"href":"https:\/\/www.rwg-bayreuth.de\/home\/index.php?rest_route=\/wp\/v2\/pages\/6833"}],"collection":[{"href":"https:\/\/www.rwg-bayreuth.de\/home\/index.php?rest_route=\/wp\/v2\/pages"}],"about":[{"href":"https:\/\/www.rwg-bayreuth.de\/home\/index.php?rest_route=\/wp\/v2\/types\/page"}],"author":[{"embeddable":true,"href":"https:\/\/www.rwg-bayreuth.de\/home\/index.php?rest_route=\/wp\/v2\/users\/2"}],"replies":[{"embeddable":true,"href":"https:\/\/www.rwg-bayreuth.de\/home\/index.php?rest_route=%2Fwp%2Fv2%2Fcomments&post=6833"}],"version-history":[{"count":36,"href":"https:\/\/www.rwg-bayreuth.de\/home\/index.php?rest_route=\/wp\/v2\/pages\/6833\/revisions"}],"predecessor-version":[{"id":34577,"href":"https:\/\/www.rwg-bayreuth.de\/home\/index.php?rest_route=\/wp\/v2\/pages\/6833\/revisions\/34577"}],"up":[{"embeddable":true,"href":"https:\/\/www.rwg-bayreuth.de\/home\/index.php?rest_route=\/wp\/v2\/pages\/11132"}],"wp:attachment":[{"href":"https:\/\/www.rwg-bayreuth.de\/home\/index.php?rest_route=%2Fwp%2Fv2%2Fmedia&parent=6833"}],"wp:term":[{"taxonomy":"post_tag","embeddable":true,"href":"https:\/\/www.rwg-bayreuth.de\/home\/index.php?rest_route=%2Fwp%2Fv2%2Ftags&post=6833"}],"curies":[{"name":"wp","href":"https:\/\/api.w.org\/{rel}","templated":true}]}}

<p><img decoding="async" src="https://www.rwg-bayreuth.de/home/wp-content/uploads/2017/01/Mint3.jpg" alt="" width="100%"  class="alignnone size-full wp-image-13059" srcset="https://www.rwg-bayreuth.de/home/wp-content/uploads/2017/01/Mint3.jpg 960w, https://www.rwg-bayreuth.de/home/wp-content/uploads/2017/01/Mint3-150x50.jpg 150w, https://www.rwg-bayreuth.de/home/wp-content/uploads/2017/01/Mint3-450x150.jpg 450w, https://www.rwg-bayreuth.de/home/wp-content/uploads/2017/01/Mint3-768x256.jpg 768w, https://www.rwg-bayreuth.de/home/wp-content/uploads/2017/01/Mint3-250x83.jpg 250w, https://www.rwg-bayreuth.de/home/wp-content/uploads/2017/01/Mint3-600x200.jpg 600w" sizes="(max-width: 960px) 100vw, 960px" /></p>
<p><em>Verantwortliche für MINT-Fragen am RWG: StDin Sabine Fröber &#8211; <a href="mailto:froeber@rwg-bayreuth.de">froeber@rwg-bayreuth.de</a></em></p>
<p>„Die Kenntnis mathematisch-naturwissenschaftlicher Zusammenhänge ist die Grundlage für einen verantwortlichen Diskurs zu wissenschaftlich-technischen Entwicklungen der Gegenwart und der Zukunft.“ So lautet eine Kernaussage aus der Philosophie der <!--<a href="https://www.mintzukunftschaffen.de/die-initiative.html">-->Initiative „MINT-Zukunft schaffen.“<!--</a>--></p>
<p>Dieser Philosophie folgend hat die Förderung der Schülerinnen und Schüler am RWG im MINT-Bereich einen sehr hohen Stellenwert. MINT steht für die Fachbereiche Mathematik, Informatik, Naturwissenschaften und Technik. In allen Jahrgangsstufen finden vielfältige MINT-Aktivitäten statt.</p>
<h5>Überblick</h5>
<ul class="linkliste">
<li class="top"><a href="https://www.rwg-bayreuth.de/home/?page_id=6669">MINT-Fachbereiche</a></li>
<li><a href="https://www.rwg-bayreuth.de/home/?page_id=6673">Aktuelles aus den MINT-Fächern</a></li>
<li><a href="https://www.rwg-bayreuth.de/home/?page_id=6677">MINT-Wahlfächer und AGs</a></li>
<li><a href="https://www.rwg-bayreuth.de/home/?page_id=6679">MINT-Wettbewerbe</a></li>
<li><a href="https://www.rwg-bayreuth.de/home/?page_id=6681">MINT-Förderung</a></li>
<li><a href="https://www.rwg-bayreuth.de/home/?page_id=6683">MINT-Projekte</a></li>
<li><a href="https://www.rwg-bayreuth.de/home/?page_id=6685">MINT-Kooperationen</a></li>
<li><a href="https://www.rwg-bayreuth.de/home/?page_id=6687">MINT-Seminare</a></li>
</ul>
<h5>Weitere Informationen:</h5>
<div id="attachment_6836" style="width: 460px" class="wp-caption alignright"><a href="https://www.rwg-bayreuth.de/home/wp-content/uploads/2015/05/2015_MINT_Einführung_450px.jpg"><img loading="lazy" decoding="async" aria-describedby="caption-attachment-6836" class="size-full wp-image-6836" src="https://www.rwg-bayreuth.de/home/wp-content/uploads/2015/05/2015_MINT_Einführung_450px.jpg" alt="Forschen und Experimentieren gehört in den MINT-Fächern dazu." width="450" height="298" srcset="https://www.rwg-bayreuth.de/home/wp-content/uploads/2015/05/2015_MINT_Einführung_450px.jpg 450w, https://www.rwg-bayreuth.de/home/wp-content/uploads/2015/05/2015_MINT_Einführung_450px-150x99.jpg 150w, https://www.rwg-bayreuth.de/home/wp-content/uploads/2015/05/2015_MINT_Einführung_450px-300x199.jpg 300w, https://www.rwg-bayreuth.de/home/wp-content/uploads/2015/05/2015_MINT_Einführung_450px-250x166.jpg 250w" sizes="(max-width: 450px) 100vw, 450px" /></a><p id="caption-attachment-6836" class="wp-caption-text">Forschen und Experimentieren gehört in den MINT-Fächern dazu.</p></div>
<p>Grundlage für Ausbildung in den MINT-Fächern bildet ein schüleraktivierender Fachunterricht, der besonders in Chemie und Physik in hochmodern ausgestatteten Fachräumen stattfindet. In den MINT-Fächern werden nicht nur fachliche Kompetenzen, sondern auch Sozial‐, Methoden‐ und Medienkompetenz vermittelt. Dabei sollen die Schülerinnen und Schüler nach ihren Fähigkeiten und Bedürfnissen gefördert und gefordert werden. <a href="https://www.rwg-bayreuth.de/home/?page_id=6669">[mehr zur Arbeit in den MINT-Fachbereichen&#8230;]</a></p>
<p>Dieses Förder‐ und Forderkonzept wird neben dem Fachunterricht in individuellen Förderstunden z.B. in der Mathematik oder in den naturwissenschaftlichen Wahlkursen umgesetzt. Besonders MINT-begabte Schüler werden im regionalen Begabtenkurs „Chemieexperten“ intensiv gefördert, ihre Fertigkeiten und Fähigkeiten weiterentwickelt und gefestigt. <a href="https://www.rwg-bayreuth.de/home/?page_id=6681">[mehr zur MINT-Förderung&#8230;]</a></p>
<p>Die Teilnahme an zahlreichen MINT-Wettbewerben ist enorm und erfolgreich, so gehört das RWG zu den besten Forscherschulen von Jugend forscht im Regierungsbezirk Oberfranken und ist seit März 2015 als NaWigator-Wettbewerbsschule zertifiziert. <a href="https://www.rwg-bayreuth.de/home/?page_id=6679">[mehr zu den MINT-Wettbewerben&#8230;]</a></p>
<p>Die verstärkte Kooperation mit außerschulischen Partnern, wie z.B. diversen Forschungsinstituten der Universität Bayreuth, regionalen Firmen, aber auch mit Schulen aus anderen Bundesländern trägt in hohem Maße zu einem aktuellen und anschaulichen Unterricht bei. In Zusammenarbeit mit Eltern, Vertreter regionaler Firmen und der Uni Bayreuth werden den Schülern Studienmöglichkeiten und Berufsfelder im MINT-Bereich vorgestellt. So finden jährlich v.a. für Schüler der 10. und 11. Jahrgangsstufe obligatorische Berufsinformationstage statt. Die Schüler der Q11 nehmen zusätzlich an einem studienfeldbezogenen Beratungstest, durchgeführt von der Agentur für Arbeit, teil. <a href="https://www.rwg-bayreuth.de/home/?page_id=6685">[mehr zu den MINT-Kooperationen&#8230;]</a></p>
<p>Ausblick auf mögliche MINT-Studiengänge und MINT-Berufe bieten die W‐ und P-Seminare mit biologischen, chemischen, mathematischen, physikalischen aber auch technischen Schwerpunkten den Schülerinnen und Schülern ab der Q11 und geben den Lernenden einen Einblick in das wissenschaftliche Arbeiten. <a href="https://www.rwg-bayreuth.de/home/?page_id=6687">[mehr zu den MINT-Seminaren&#8230;]</a></p>
<p>„Innovation und Wachstum hängen maßgeblich von den MINT-Kompetenzen engagierter Fachkräfte und Hochqualifizierter ab.“ äußert die Bundeskanzlerin Frau Dr. Angela Merkel als Schirmherrin der Initiative „MINT Zukunft schaffen“. Das Richard-Wagner-Gymnasium hat das Potenzial Schülerinnen und Schüler für die MINT-Fächer zu begeistern und zu fördern und damit die MINT-Kompetenzen maßgeblich zu stärken.</p>
<h5>Kontakt:</h5>
<p>Verantwortliche für MINT-Fragen am RWG:<br />
StDin Sabine Fröber<br />
<a href="mailto:froeber@rwg-bayreuth.de">froeber@rwg-bayreuth.de</a></p>
<p style="margin-bottom: 0;">Der Koordinatorin für die MINT-Förderung am RWG obliegt es,</p>
<ul style="padding-left: 0;">
<li>die naturwissenschaftlichen Fachschaften miteinander zu vernetzen</li>
<li>die Aktivitäten der Fachschaften und/oder einzelner Kollegen zu koordinieren</li>
<li>die interne Kommunikation zu vertiefen</li>
<li>Anregungen zu Fortbildungen, Wettbewerben etc. zu geben</li>
<li>Ansprechpartnerin für Schüler, Eltern, Kollegen sowie externe MINT-Partner zu sein.</li>
</ul>

<p>Verantwortliche für MINT-Fragen am RWG: StDin Sabine Fröber &#8211; froeber@rwg-bayreuth.de „Die Kenntnis mathematisch-naturwissenschaftlicher Zusammenhänge ist die Grundlage für einen verantwortlichen Diskurs zu wissenschaftlich-technischen Entwicklungen der Gegenwart und der Zukunft.“ So lautet eine Kernaussage aus der Philosophie der Initiative „MINT-Zukunft schaffen.“ Dieser Philosophie folgend hat die Förderung der Schülerinnen und Schüler am RWG im MINT-Bereich einen&hellip;</p>
