{"id":6683,"date":"2015-05-06T11:44:49","date_gmt":"2015-05-06T09:44:49","guid":{"rendered":"http:\/\/www.rwg-bayreuth.de\/home\/?page_id=6683"},"modified":"2025-05-21T09:52:57","modified_gmt":"2025-05-21T07:52:57","slug":"mint-projekte","status":"publish","type":"page","link":"https:\/\/www.rwg-bayreuth.de\/home\/?page_id=6683","title":{"rendered":"MINT-Projekte"},"content":{"rendered":"<p>Am RWG gibt es eine Vielzahl von Projekten in den MINT-F\u00e4chern. Sie erstrecken sich \u00fcber alle Jahrgangstufen:<\/p>\n<h5 class=\"clear\">5. Klasse:<\/h5>\n<p><img loading=\"lazy\" decoding=\"async\" class=\"alignleft size-full wp-image-7000\" src=\"https:\/\/www.rwg-bayreuth.de\/home\/wp-content\/uploads\/2015\/05\/T\u00f6nning_Leuchtturm_thumb.jpg\" alt=\"T\u00f6nning_Leuchtturm_thumb\" width=\"150\" height=\"100\" \/>\u201eMeeresboden trifft Horizont\u201c: Es handelt sich dabei um ein einw\u00f6chiges Projekt, zu dem die 5. Klassen nach T\u00f6nning an die Nordsee fahren. Das Arbeiten geschieht f\u00e4cher\u00fcbergreifend: Das Geografie vermittelt Grundlagenwissen \u00fcber die norddeutsche K\u00fcstenlandschaft; das Fach Biologie erkl\u00e4rt Flora und Fauna in uns am Meer; als Beitrag zum Deutschunterricht werden Tageb\u00fccher verfasst, ge\u00fcbt wird das k\u00fcnstlerische Gestalten von Tagebuchseiten. Alle F\u00e4cher profitieren vom sozialen Lernen in der Gemeinschaft <a href=\"https:\/\/www.rwg-bayreuth.de\/home\/?page_id=2690\">[mehr zur Exkursion an die Nordsee\u2026]<\/a><\/p>\n<h5 class=\"clear\">6. Klasse:<\/h5>\n<p><img loading=\"lazy\" decoding=\"async\" class=\"alignleft size-full wp-image-6944\" src=\"https:\/\/www.rwg-bayreuth.de\/home\/wp-content\/uploads\/2015\/05\/2015_Projekttag_6_Ern\u00e4hrung_thumb.jpg\" alt=\"2015_Projekttag_6_Ern\u00e4hrung_thumb\" width=\"150\" height=\"100\" \/>\u201eGesunde Ern\u00e4hrung\u201c: Es ist ein gemeinsames Projekt der Fachschaften Biologie und Informatik f\u00fcr die Sch\u00fclerinnen und Sch\u00fcler der sechsten Klassen. Es geht nicht nur um Zahlen und Fakten, sondern auch um die Werteerziehung, denn eine ausgewogene Ern\u00e4hrung ist wichtig.<\/p>\n<h5 class=\"clear\">7. Klasse:<\/h5>\n<p><img decoding=\"async\" class=\"alignleft size-full wp-image-6947\" src=\"https:\/\/www.rwg-bayreuth.de\/home\/wp-content\/uploads\/2013\/09\/Nawilogo_web.jpg\" alt=\"\" width=\"150\"  \/>In dieser Jahrgangsstufe steht der NaWigator Wettbewerbstag ganz oben, der j\u00e4hrlich abgehalten wird und unterschiedliche Themen behandelt. Er ist Teil der Internationalen Junior Science Olypiade. <a href=\"https:\/\/www.rwg-bayreuth.de\/home\/?page_id=6856\">[mehr zum NaWigator Wettbewerbstag\u2026]<\/a><\/p>\n<h5 class=\"clear\">8. Klasse:<\/h5>\n<p><img loading=\"lazy\" decoding=\"async\" class=\"alignleft size-full wp-image-6947\" src=\"https:\/\/www.rwg-bayreuth.de\/home\/wp-content\/uploads\/2015\/05\/2015_Projekttag_8-Alkohol2_web.jpg\" alt=\"\" width=\"150\" height=\"100\" \/>\u201eSuchtpr\u00e4vention\u201c: Es geht darum, den Sch\u00fclern in der Mittelstufe Fachinformationen zu geben und einen Beitrag zur Werteerziehung zu leisten: Wenn man um die zerst\u00f6rerische Wirkung von Suchtmitteln Bescheid wei\u00df, kann die sein erster Schritt sein Nein! zu sagen. <a href=\"https:\/\/www.rwg-bayreuth.de\/home\/?page_id=6883\">[mehr zum Projekt &#8222;Suchtpr\u00e4vention&#8220;&#8230;]<\/a><\/p>\n<h5 class=\"clear\">9. Klasse:<\/h5>\n<p><img loading=\"lazy\" decoding=\"async\" src=\"https:\/\/www.rwg-bayreuth.de\/home\/wp-content\/uploads\/2025\/05\/24-25-Wildbienen-B.jpg\" alt=\"\" width=\"150\" height=\"100\" class=\"alignleft size-full wp-image-38891\" srcset=\"https:\/\/www.rwg-bayreuth.de\/home\/wp-content\/uploads\/2025\/05\/24-25-Wildbienen-B.jpg 1024w, https:\/\/www.rwg-bayreuth.de\/home\/wp-content\/uploads\/2025\/05\/24-25-Wildbienen-B-150x100.jpg 150w, https:\/\/www.rwg-bayreuth.de\/home\/wp-content\/uploads\/2025\/05\/24-25-Wildbienen-B-450x300.jpg 450w, https:\/\/www.rwg-bayreuth.de\/home\/wp-content\/uploads\/2025\/05\/24-25-Wildbienen-B-768x512.jpg 768w, https:\/\/www.rwg-bayreuth.de\/home\/wp-content\/uploads\/2025\/05\/24-25-Wildbienen-B-250x167.jpg 250w, https:\/\/www.rwg-bayreuth.de\/home\/wp-content\/uploads\/2025\/05\/24-25-Wildbienen-B-900x600.jpg 900w\" sizes=\"(max-width: 150px) 100vw, 150px\" \/>\u201eWildbienenmonitoring\u201c: Das RWG nimmt am Nisthilfeprojekt \u201eDigitale Bestimmung und Biomonitoring mithilfe von Insekten-Nisthilfen als Citizen-Science-Projekt\u201c der Universit\u00e4t Bamberg teil. Hierf\u00fcr wurden eigens Nisthilfen aufgestellt und deren Belegung dokumentiert und ausgewertet. <a href=\"https:\/\/www.rwg-bayreuth.de\/home\/?p=38885\">[mehr zum Projekt \u201eWildbienenmonitoring\u201c&#8230;]<\/a><\/p>\n<h5 class=\"clear\">10. Klasse:<\/h5>\n<p><img loading=\"lazy\" decoding=\"async\" class=\"alignleft size-full wp-image-7003\" src=\"https:\/\/www.rwg-bayreuth.de\/home\/wp-content\/uploads\/2015\/05\/2015_Projekttag_10_Nachhaltige-Entwicklung_thumb.jpg\" alt=\"2015_Projekttag_10_Nachhaltige Entwicklung_thumb\" width=\"150\" height=\"100\" \/>\u201eBiodiversit\u00e4t und Nachhaltigkeit\u201c Ein Schwerpunkt ist, dass sich die Sch\u00fcler mit der Problematik des Plastikm\u00fclles auseinandersetzen. Ein in der Schule durchgef\u00fchrter Probelauf wird nun ausgewertet, ob sich die Sch\u00fcler an ein angebotenes M\u00fclltrennungssystem halten und auch Kunststoffabf\u00e4lle fein s\u00e4uberlich trennen. Des Weiteren werden in verschiedenen Bayreuther Gesch\u00e4ften die Menge der an die Kundschaft ausgeteilten Plastikt\u00fcten und das Angebot an Verpackungsalternativen ermittelt. Zus\u00e4tzlich mit theoretischen Fakten \u00fcber den \u201eStoffwechsel\u201c einer Kunststofft\u00fcte ausgestattet, stellen die Sch\u00fcler ihre Ergebnisse in gemeinsamer Runde vor.<\/p>\n","protected":false},"excerpt":{"rendered":"<p>Am RWG gibt es eine Vielzahl von Projekten in den MINT-F\u00e4chern. Sie erstrecken sich \u00fcber alle Jahrgangstufen: 5. Klasse: \u201eMeeresboden trifft Horizont\u201c: Es handelt sich dabei um ein einw\u00f6chiges Projekt, zu dem die 5. Klassen nach T\u00f6nning an die Nordsee fahren. Das Arbeiten geschieht f\u00e4cher\u00fcbergreifend: Das Geografie vermittelt Grundlagenwissen \u00fcber die norddeutsche K\u00fcstenlandschaft; das Fach&hellip;<\/p>\n","protected":false},"author":2,"featured_media":0,"parent":6833,"menu_order":5,"comment_status":"closed","ping_status":"closed","template":"page-templates\/no-sidebar.php","meta":{"footnotes":""},"tags":[],"_links":{"self":[{"href":"https:\/\/www.rwg-bayreuth.de\/home\/index.php?rest_route=\/wp\/v2\/pages\/6683"}],"collection":[{"href":"https:\/\/www.rwg-bayreuth.de\/home\/index.php?rest_route=\/wp\/v2\/pages"}],"about":[{"href":"https:\/\/www.rwg-bayreuth.de\/home\/index.php?rest_route=\/wp\/v2\/types\/page"}],"author":[{"embeddable":true,"href":"https:\/\/www.rwg-bayreuth.de\/home\/index.php?rest_route=\/wp\/v2\/users\/2"}],"replies":[{"embeddable":true,"href":"https:\/\/www.rwg-bayreuth.de\/home\/index.php?rest_route=%2Fwp%2Fv2%2Fcomments&post=6683"}],"version-history":[{"count":30,"href":"https:\/\/www.rwg-bayreuth.de\/home\/index.php?rest_route=\/wp\/v2\/pages\/6683\/revisions"}],"predecessor-version":[{"id":38904,"href":"https:\/\/www.rwg-bayreuth.de\/home\/index.php?rest_route=\/wp\/v2\/pages\/6683\/revisions\/38904"}],"up":[{"embeddable":true,"href":"https:\/\/www.rwg-bayreuth.de\/home\/index.php?rest_route=\/wp\/v2\/pages\/6833"}],"wp:attachment":[{"href":"https:\/\/www.rwg-bayreuth.de\/home\/index.php?rest_route=%2Fwp%2Fv2%2Fmedia&parent=6683"}],"wp:term":[{"taxonomy":"post_tag","embeddable":true,"href":"https:\/\/www.rwg-bayreuth.de\/home\/index.php?rest_route=%2Fwp%2Fv2%2Ftags&post=6683"}],"curies":[{"name":"wp","href":"https:\/\/api.w.org\/{rel}","templated":true}]}}