{"id":41312,"date":"2026-04-22T19:59:27","date_gmt":"2026-04-22T17:59:27","guid":{"rendered":"https:\/\/www.rwg-bayreuth.de\/home\/?page_id=41312"},"modified":"2026-04-23T14:45:04","modified_gmt":"2026-04-23T12:45:04","slug":"modus-schule","status":"publish","type":"page","link":"https:\/\/www.rwg-bayreuth.de\/home\/?page_id=41312","title":{"rendered":"MODUS-Schule"},"content":{"rendered":"<p><a href=\"https:\/\/www.rwg-bayreuth.de\/home\/wp-content\/uploads\/2026\/04\/Modus_Schule_Logo.jpg\"><img loading=\"lazy\" decoding=\"async\" src=\"https:\/\/www.rwg-bayreuth.de\/home\/wp-content\/uploads\/2026\/04\/Modus_Schule_Logo.jpg\" alt=\"\" width=\"561\" height=\"298\" class=\"alignright size-full wp-image-41313\" style=\"max-width: 37%\" srcset=\"https:\/\/www.rwg-bayreuth.de\/home\/wp-content\/uploads\/2026\/04\/Modus_Schule_Logo.jpg 561w, https:\/\/www.rwg-bayreuth.de\/home\/wp-content\/uploads\/2026\/04\/Modus_Schule_Logo-150x80.jpg 150w, https:\/\/www.rwg-bayreuth.de\/home\/wp-content\/uploads\/2026\/04\/Modus_Schule_Logo-450x239.jpg 450w, https:\/\/www.rwg-bayreuth.de\/home\/wp-content\/uploads\/2026\/04\/Modus_Schule_Logo-250x133.jpg 250w\" sizes=\"(max-width: 561px) 100vw, 561px\" \/><\/a>Das Richard-Wagner-Gymnasium Bayreuth wurde als MODUS-Schule ausgezeichnet und geh\u00f6rt damit zu dem etwa einen Prozent besonders leistungsf\u00e4higer Schulen in Bayern. Diese Auszeichnung wird nur an Schulen vergeben, die in einer externen Evaluation durch sehr gute Ergebnisse, etwa in Unterrichtsqualit\u00e4t und Schulentwicklung, \u00fcberzeugen konnten.<\/p>\n<p>Der MODUS-Status steht vor allem f\u00fcr mehr Eigenverantwortung und Gestaltungsspielraum. Schulen erhalten die M\u00f6glichkeit, innerhalb bestimmter Grenzen von bestehenden Vorgaben abzuweichen, um neue p\u00e4dagogische Konzepte umzusetzen. So k\u00f6nnen beispielsweise Unterrichtsformen flexibler gestaltet oder neue Wege der Leistungsbewertung erprobt werden.<\/p>\n<p>F\u00fcr uns als Schule ist diese Auszeichnung daher nicht nur eine Anerkennung unserer bisherigen Arbeit, sondern er\u00f6ffnet konkrete Entwicklungsm\u00f6glichkeiten. Sie gibt uns den Rahmen, Unterricht gezielt weiterzuentwickeln und noch st\u00e4rker auf die Bed\u00fcrfnisse unserer Sch\u00fclerinnen und Sch\u00fcler einzugehen. Das passt auch zu unserem Profil als vielf\u00e4ltiges Gymnasium mit unterschiedlichen Ausbildungsrichtungen und zahlreichen Projekten.<\/p>\n<p>Auch f\u00fcr unsere Sch\u00fclerinnen und Sch\u00fcler ergeben sich klare Vorteile: Der Unterricht kann abwechslungsreicher und individueller gestaltet werden, eigenst\u00e4ndiges Lernen wird gest\u00e4rkt und Mitgestaltung erh\u00e4lt einen h\u00f6heren Stellenwert.<\/p>\n<p>F\u00fcr uns am Richard-Wagner-Gymnasium Bayreuth bedeutet der MODUS-Status zugleich einen wichtigen Ausblick: Wir wollen die gewonnenen Freir\u00e4ume aktiv nutzen, um unsere Schule kontinuierlich weiterzuentwickeln und moderne, innovative Impulse f\u00fcr Unterricht und Schulleben zu setzen.<\/p>\n<h1>Aktuelles<\/h1>\n<div style=\"max-width: 1000px\">\n<div class=\"rwg_post_list\"><article id=\"post-41288\"class=\"cf post-41288 post type-post status-publish format-standard has-post-thumbnail hentry category-allgemein tag-home tag-modusschule\">\n \t\t<div class=\"entry-thumbnail fadein\"> \t\t\t<a href=\"https:\/\/www.rwg-bayreuth.de\/home\/?p=41288\"><img loading=\"lazy\" decoding=\"async\" width=\"1365\" height=\"910\" src=\"https:\/\/www.rwg-bayreuth.de\/home\/wp-content\/uploads\/2026\/04\/25-26-FestaktModusschule-B.jpg\" class=\"attachment-post-thumbnail size-post-thumbnail wp-post-image\" alt=\"\" srcset=\"https:\/\/www.rwg-bayreuth.de\/home\/wp-content\/uploads\/2026\/04\/25-26-FestaktModusschule-B.jpg 1365w, https:\/\/www.rwg-bayreuth.de\/home\/wp-content\/uploads\/2026\/04\/25-26-FestaktModusschule-B-150x100.jpg 150w, https:\/\/www.rwg-bayreuth.de\/home\/wp-content\/uploads\/2026\/04\/25-26-FestaktModusschule-B-450x300.jpg 450w, https:\/\/www.rwg-bayreuth.de\/home\/wp-content\/uploads\/2026\/04\/25-26-FestaktModusschule-B-768x512.jpg 768w, https:\/\/www.rwg-bayreuth.de\/home\/wp-content\/uploads\/2026\/04\/25-26-FestaktModusschule-B-1024x683.jpg 1024w, https:\/\/www.rwg-bayreuth.de\/home\/wp-content\/uploads\/2026\/04\/25-26-FestaktModusschule-B-250x167.jpg 250w, https:\/\/www.rwg-bayreuth.de\/home\/wp-content\/uploads\/2026\/04\/25-26-FestaktModusschule-B-900x600.jpg 900w\" sizes=\"(max-width: 1365px) 100vw, 1365px\" \/><\/a> \t\t<\/div><!-- end .entry-thumbnail -->\n<div class=\"meta-main-wrap\">\n  <div class=\"\">\n    <header class=\"entry-header\">\n      <div class=\"entry-cats\">\n        <div class=\"kategorie\"><a href=\"https:\/\/www.rwg-bayreuth.de\/home\/?cat=1\" rel=\"category\">Schulleben<\/a><\/div>\n<div class=\"entry-edit\" >      <div class=\"entry-date\" >\n        <a href=\"https:\/\/www.rwg-bayreuth.de\/home\/?p=41288\">6. M\u00e4rz 2026<\/a>\n      <\/div><\/div><!-- end .entry-date -->\n      <\/div><!-- end .entry-cats -->\n<h2 class=\"entry-title\"><a href=\"https:\/\/www.rwg-bayreuth.de\/home\/?p=41288\" rel=\"bookmark\">Gemeinsam ausgezeichnet \u2013 das RWG wird MODUS-Schule<\/a><\/h2>\n    <\/header><!-- end .entry-header -->\n    <div class=\"entry-summary\">\nDie Auszeichnung des RWG als MODUS-Schule ist ein besonderer Meilenstein f\u00fcr unsere gesamte Schulfamilie. Sie wurde im Rahmen eines feierlichen Festakts begangen, zu dem wir unter anderem den Ministerialbeauftragten f\u00fcr die Gymnasien in Oberfranken, Herrn Rhode, sowie den Oberb\u00fcrgermeister der Stadt Bayreuth, Herrn Ebersberger, begr\u00fc\u00dfen durften. Auch zahlreiche Vertreterinnen und Vertreter der Schulgemeinschaft nahmen an&hellip;\n  <\/div><!-- .entry-summary -->\n  <\/div><!-- .entry-main -->\n<\/div><!-- .meta-main-wrap -->\n<\/article><!-- end post -41288 -->\n<\/div><!-- end .rwg_post_list -->\n<\/div>\n","protected":false},"excerpt":{"rendered":"<p>Das Richard-Wagner-Gymnasium Bayreuth wurde als MODUS-Schule ausgezeichnet und geh\u00f6rt damit zu dem etwa einen Prozent besonders leistungsf\u00e4higer Schulen in Bayern. Diese Auszeichnung wird nur an Schulen vergeben, die in einer externen Evaluation durch sehr gute Ergebnisse, etwa in Unterrichtsqualit\u00e4t und Schulentwicklung, \u00fcberzeugen konnten. Der MODUS-Status steht vor allem f\u00fcr mehr Eigenverantwortung und Gestaltungsspielraum. Schulen erhalten&hellip;<\/p>\n","protected":false},"author":11,"featured_media":0,"parent":11132,"menu_order":45,"comment_status":"closed","ping_status":"closed","template":"page-templates\/no-sidebar.php","meta":{"footnotes":""},"tags":[54],"_links":{"self":[{"href":"https:\/\/www.rwg-bayreuth.de\/home\/index.php?rest_route=\/wp\/v2\/pages\/41312"}],"collection":[{"href":"https:\/\/www.rwg-bayreuth.de\/home\/index.php?rest_route=\/wp\/v2\/pages"}],"about":[{"href":"https:\/\/www.rwg-bayreuth.de\/home\/index.php?rest_route=\/wp\/v2\/types\/page"}],"author":[{"embeddable":true,"href":"https:\/\/www.rwg-bayreuth.de\/home\/index.php?rest_route=\/wp\/v2\/users\/11"}],"replies":[{"embeddable":true,"href":"https:\/\/www.rwg-bayreuth.de\/home\/index.php?rest_route=%2Fwp%2Fv2%2Fcomments&post=41312"}],"version-history":[{"count":5,"href":"https:\/\/www.rwg-bayreuth.de\/home\/index.php?rest_route=\/wp\/v2\/pages\/41312\/revisions"}],"predecessor-version":[{"id":41326,"href":"https:\/\/www.rwg-bayreuth.de\/home\/index.php?rest_route=\/wp\/v2\/pages\/41312\/revisions\/41326"}],"up":[{"embeddable":true,"href":"https:\/\/www.rwg-bayreuth.de\/home\/index.php?rest_route=\/wp\/v2\/pages\/11132"}],"wp:attachment":[{"href":"https:\/\/www.rwg-bayreuth.de\/home\/index.php?rest_route=%2Fwp%2Fv2%2Fmedia&parent=41312"}],"wp:term":[{"taxonomy":"post_tag","embeddable":true,"href":"https:\/\/www.rwg-bayreuth.de\/home\/index.php?rest_route=%2Fwp%2Fv2%2Ftags&post=41312"}],"curies":[{"name":"wp","href":"https:\/\/api.w.org\/{rel}","templated":true}]}}