{"id":41117,"date":"2026-03-25T10:44:54","date_gmt":"2026-03-25T09:44:54","guid":{"rendered":"https:\/\/www.rwg-bayreuth.de\/home\/?page_id=41117"},"modified":"2026-04-22T20:29:14","modified_gmt":"2026-04-22T18:29:14","slug":"radio-was-geht-dein-schulradio-am-rwg","status":"publish","type":"page","link":"https:\/\/www.rwg-bayreuth.de\/home\/?page_id=41117","title":{"rendered":"Radio was geht \u2013 Dein Schulradio am RWG"},"content":{"rendered":"<p><a href=\"https:\/\/www.rwg-bayreuth.de\/home\/wp-content\/uploads\/2026\/04\/Logo-Schulradio.jpg\"><img loading=\"lazy\" decoding=\"async\" src=\"https:\/\/www.rwg-bayreuth.de\/home\/wp-content\/uploads\/2026\/04\/Logo-Schulradio.jpg\" alt=\"\" width=\"947\" height=\"621\" class=\"alignright size-full wp-image-41139\" style=\"max-width:40%;\" srcset=\"https:\/\/www.rwg-bayreuth.de\/home\/wp-content\/uploads\/2026\/04\/Logo-Schulradio.jpg 947w, https:\/\/www.rwg-bayreuth.de\/home\/wp-content\/uploads\/2026\/04\/Logo-Schulradio-150x98.jpg 150w, https:\/\/www.rwg-bayreuth.de\/home\/wp-content\/uploads\/2026\/04\/Logo-Schulradio-450x295.jpg 450w, https:\/\/www.rwg-bayreuth.de\/home\/wp-content\/uploads\/2026\/04\/Logo-Schulradio-768x504.jpg 768w, https:\/\/www.rwg-bayreuth.de\/home\/wp-content\/uploads\/2026\/04\/Logo-Schulradio-250x164.jpg 250w\" sizes=\"(max-width: 947px) 100vw, 947px\" \/><\/a>Seit September 2025 gibt es am RWG unser Schulradio \u201eRadio \u2013 was geht?\u201c. Mitmachen k\u00f6nnen alle ab der 7. Klasse, die Lust auf Journalismus, Medien, Technik oder Musik haben.<\/p>\n<p>Im Schulradio k\u00f6nnt ihr selbst aktiv werden: Ihr plant eigene Sendungen, schreibt Moderationstexte, f\u00fchrt Interviews und arbeitet mit Aufnahme- und Schnitttechnik. Dabei geht es vor allem um Themen aus dem Schulleben \u2013 zum Beispiel Projekte, Veranstaltungen oder spannende Gespr\u00e4che mit Leuten aus der Schulfamilie.<\/p>\n<p>Bei \u201eRadio \u2013 was geht?\u201c lernt ihr nicht nur, wie Radio gemacht wird, sondern k\u00f6nnt auch eure eigenen Ideen einbringen, kreativ sein und im Team arbeiten.<\/p>\n<p><a href=\"https:\/\/www.machdeinradio.de\/\"><img loading=\"lazy\" decoding=\"async\" src=\"https:\/\/www.rwg-bayreuth.de\/home\/wp-content\/uploads\/2026\/03\/Schulradio-logo_blm_partner.jpg\" alt=\"\" width=\"1000\" height=\"644\" class=\"alignright size-full wp-image-41120\" style=\"max-width: 30%\" srcset=\"https:\/\/www.rwg-bayreuth.de\/home\/wp-content\/uploads\/2026\/03\/Schulradio-logo_blm_partner.jpg 1000w, https:\/\/www.rwg-bayreuth.de\/home\/wp-content\/uploads\/2026\/03\/Schulradio-logo_blm_partner-150x97.jpg 150w, https:\/\/www.rwg-bayreuth.de\/home\/wp-content\/uploads\/2026\/03\/Schulradio-logo_blm_partner-450x290.jpg 450w, https:\/\/www.rwg-bayreuth.de\/home\/wp-content\/uploads\/2026\/03\/Schulradio-logo_blm_partner-768x495.jpg 768w, https:\/\/www.rwg-bayreuth.de\/home\/wp-content\/uploads\/2026\/03\/Schulradio-logo_blm_partner-250x161.jpg 250w\" sizes=\"(max-width: 1000px) 100vw, 1000px\" \/><\/a>Das Projekt wird von der Bayerischen Landeszentrale f\u00fcr neue Medien (BLM) unterst\u00fctzt.<\/p>\n<p>Die erste Sendung erscheint bald als Podcast auf der Schulhomepage \u2013 reinh\u00f6ren lohnt sich!<\/p>\n<p>Willst du nicht nur zuh\u00f6ren, sondern selbst das Programm machen? Dann melde dich bei Hannah Schmitz und werde Teil unseres Teams.<\/p>\n","protected":false},"excerpt":{"rendered":"<p>Seit September 2025 gibt es am RWG unser Schulradio \u201eRadio \u2013 was geht?\u201c. Mitmachen k\u00f6nnen alle ab der 7. Klasse, die Lust auf Journalismus, Medien, Technik oder Musik haben. Im Schulradio k\u00f6nnt ihr selbst aktiv werden: Ihr plant eigene Sendungen, schreibt Moderationstexte, f\u00fchrt Interviews und arbeitet mit Aufnahme- und Schnitttechnik. Dabei geht es vor allem&hellip;<\/p>\n","protected":false},"author":11,"featured_media":0,"parent":91,"menu_order":0,"comment_status":"closed","ping_status":"closed","template":"page-templates\/no-sidebar.php","meta":{"footnotes":""},"tags":[],"_links":{"self":[{"href":"https:\/\/www.rwg-bayreuth.de\/home\/index.php?rest_route=\/wp\/v2\/pages\/41117"}],"collection":[{"href":"https:\/\/www.rwg-bayreuth.de\/home\/index.php?rest_route=\/wp\/v2\/pages"}],"about":[{"href":"https:\/\/www.rwg-bayreuth.de\/home\/index.php?rest_route=\/wp\/v2\/types\/page"}],"author":[{"embeddable":true,"href":"https:\/\/www.rwg-bayreuth.de\/home\/index.php?rest_route=\/wp\/v2\/users\/11"}],"replies":[{"embeddable":true,"href":"https:\/\/www.rwg-bayreuth.de\/home\/index.php?rest_route=%2Fwp%2Fv2%2Fcomments&post=41117"}],"version-history":[{"count":6,"href":"https:\/\/www.rwg-bayreuth.de\/home\/index.php?rest_route=\/wp\/v2\/pages\/41117\/revisions"}],"predecessor-version":[{"id":41141,"href":"https:\/\/www.rwg-bayreuth.de\/home\/index.php?rest_route=\/wp\/v2\/pages\/41117\/revisions\/41141"}],"up":[{"embeddable":true,"href":"https:\/\/www.rwg-bayreuth.de\/home\/index.php?rest_route=\/wp\/v2\/pages\/91"}],"wp:attachment":[{"href":"https:\/\/www.rwg-bayreuth.de\/home\/index.php?rest_route=%2Fwp%2Fv2%2Fmedia&parent=41117"}],"wp:term":[{"taxonomy":"post_tag","embeddable":true,"href":"https:\/\/www.rwg-bayreuth.de\/home\/index.php?rest_route=%2Fwp%2Fv2%2Ftags&post=41117"}],"curies":[{"name":"wp","href":"https:\/\/api.w.org\/{rel}","templated":true}]}}

<p><a href="https://www.rwg-bayreuth.de/home/wp-content/uploads/2026/04/Logo-Schulradio.jpg"><img loading="lazy" decoding="async" src="https://www.rwg-bayreuth.de/home/wp-content/uploads/2026/04/Logo-Schulradio.jpg" alt="" width="947" height="621" class="alignright size-full wp-image-41139" style="max-width:40%;" srcset="https://www.rwg-bayreuth.de/home/wp-content/uploads/2026/04/Logo-Schulradio.jpg 947w, https://www.rwg-bayreuth.de/home/wp-content/uploads/2026/04/Logo-Schulradio-150x98.jpg 150w, https://www.rwg-bayreuth.de/home/wp-content/uploads/2026/04/Logo-Schulradio-450x295.jpg 450w, https://www.rwg-bayreuth.de/home/wp-content/uploads/2026/04/Logo-Schulradio-768x504.jpg 768w, https://www.rwg-bayreuth.de/home/wp-content/uploads/2026/04/Logo-Schulradio-250x164.jpg 250w" sizes="(max-width: 947px) 100vw, 947px" /></a>Seit September 2025 gibt es am RWG unser Schulradio „Radio – was geht?“. Mitmachen können alle ab der 7. Klasse, die Lust auf Journalismus, Medien, Technik oder Musik haben.</p>
<p>Im Schulradio könnt ihr selbst aktiv werden: Ihr plant eigene Sendungen, schreibt Moderationstexte, führt Interviews und arbeitet mit Aufnahme- und Schnitttechnik. Dabei geht es vor allem um Themen aus dem Schulleben – zum Beispiel Projekte, Veranstaltungen oder spannende Gespräche mit Leuten aus der Schulfamilie.</p>
<p>Bei „Radio – was geht?“ lernt ihr nicht nur, wie Radio gemacht wird, sondern könnt auch eure eigenen Ideen einbringen, kreativ sein und im Team arbeiten.</p>
<p><a href="https://www.machdeinradio.de/"><img loading="lazy" decoding="async" src="https://www.rwg-bayreuth.de/home/wp-content/uploads/2026/03/Schulradio-logo_blm_partner.jpg" alt="" width="1000" height="644" class="alignright size-full wp-image-41120" style="max-width: 30%" srcset="https://www.rwg-bayreuth.de/home/wp-content/uploads/2026/03/Schulradio-logo_blm_partner.jpg 1000w, https://www.rwg-bayreuth.de/home/wp-content/uploads/2026/03/Schulradio-logo_blm_partner-150x97.jpg 150w, https://www.rwg-bayreuth.de/home/wp-content/uploads/2026/03/Schulradio-logo_blm_partner-450x290.jpg 450w, https://www.rwg-bayreuth.de/home/wp-content/uploads/2026/03/Schulradio-logo_blm_partner-768x495.jpg 768w, https://www.rwg-bayreuth.de/home/wp-content/uploads/2026/03/Schulradio-logo_blm_partner-250x161.jpg 250w" sizes="(max-width: 1000px) 100vw, 1000px" /></a>Das Projekt wird von der Bayerischen Landeszentrale für neue Medien (BLM) unterstützt.</p>
<p>Die erste Sendung erscheint bald als Podcast auf der Schulhomepage – reinhören lohnt sich!</p>
<p>Willst du nicht nur zuhören, sondern selbst das Programm machen? Dann melde dich bei Hannah Schmitz und werde Teil unseres Teams.</p>

<p>Seit September 2025 gibt es am RWG unser Schulradio „Radio – was geht?“. Mitmachen können alle ab der 7. Klasse, die Lust auf Journalismus, Medien, Technik oder Musik haben. Im Schulradio könnt ihr selbst aktiv werden: Ihr plant eigene Sendungen, schreibt Moderationstexte, führt Interviews und arbeitet mit Aufnahme- und Schnitttechnik. Dabei geht es vor allem&hellip;</p>
