{"id":40624,"date":"2026-01-17T12:53:07","date_gmt":"2026-01-17T11:53:07","guid":{"rendered":"https:\/\/www.rwg-bayreuth.de\/home\/?page_id=40624"},"modified":"2026-01-20T08:56:15","modified_gmt":"2026-01-20T07:56:15","slug":"wer-wir-sind","status":"publish","type":"page","link":"https:\/\/www.rwg-bayreuth.de\/home\/?page_id=40624","title":{"rendered":"Wer wir sind"},"content":{"rendered":"<p><img decoding=\"async\" class=\"aligncenter size-full wp-image-40625\" src=\"https:\/\/www.rwg-bayreuth.de\/home\/wp-content\/uploads\/2026\/01\/Kompass-Text.jpg\" alt=\"\" width=\"100%\" height=\"auto\" srcset=\"https:\/\/www.rwg-bayreuth.de\/home\/wp-content\/uploads\/2026\/01\/Kompass-Text.jpg 1920w, https:\/\/www.rwg-bayreuth.de\/home\/wp-content\/uploads\/2026\/01\/Kompass-Text-1536x512.jpg 1536w, https:\/\/www.rwg-bayreuth.de\/home\/wp-content\/uploads\/2026\/01\/Kompass-Text-150x50.jpg 150w, https:\/\/www.rwg-bayreuth.de\/home\/wp-content\/uploads\/2026\/01\/Kompass-Text-450x150.jpg 450w, https:\/\/www.rwg-bayreuth.de\/home\/wp-content\/uploads\/2026\/01\/Kompass-Text-768x256.jpg 768w, https:\/\/www.rwg-bayreuth.de\/home\/wp-content\/uploads\/2026\/01\/Kompass-Text-1024x341.jpg 1024w, https:\/\/www.rwg-bayreuth.de\/home\/wp-content\/uploads\/2026\/01\/Kompass-Text-250x83.jpg 250w\" sizes=\"(max-width: 1920px) 100vw, 1920px\" \/><\/p>\n<p><img decoding=\"async\" src=\"https:\/\/www.rwg-bayreuth.de\/home\/wp-content\/uploads\/2026\/01\/Graf-und-Stroehla-1.jpg\" alt=\"\" width=\"325\" height=\"auto\" class=\"alignright size-full wp-image-40668\"  style=\"max-width: 61%;\" srcset=\"https:\/\/www.rwg-bayreuth.de\/home\/wp-content\/uploads\/2026\/01\/Graf-und-Stroehla-1.jpg 2049w, https:\/\/www.rwg-bayreuth.de\/home\/wp-content\/uploads\/2026\/01\/Graf-und-Stroehla-1-1536x991.jpg 1536w, https:\/\/www.rwg-bayreuth.de\/home\/wp-content\/uploads\/2026\/01\/Graf-und-Stroehla-1-150x97.jpg 150w, https:\/\/www.rwg-bayreuth.de\/home\/wp-content\/uploads\/2026\/01\/Graf-und-Stroehla-1-450x290.jpg 450w, https:\/\/www.rwg-bayreuth.de\/home\/wp-content\/uploads\/2026\/01\/Graf-und-Stroehla-1-768x496.jpg 768w, https:\/\/www.rwg-bayreuth.de\/home\/wp-content\/uploads\/2026\/01\/Graf-und-Stroehla-1-1024x661.jpg 1024w, https:\/\/www.rwg-bayreuth.de\/home\/wp-content\/uploads\/2026\/01\/Graf-und-Stroehla-1-250x161.jpg 250w\" sizes=\"(max-width: 2049px) 100vw, 2049px\" \/><!--<img loading=\"lazy\" decoding=\"async\" src=\"https:\/\/www.rwg-bayreuth.de\/home\/wp-content\/uploads\/2026\/01\/Graf-und-Stroehla.jpg\" alt=\"\" width=\"324\" height=\"209\" class=\"alignright size-full wp-image-40644\" style=\"max-width: 61%;\" srcset=\"https:\/\/www.rwg-bayreuth.de\/home\/wp-content\/uploads\/2026\/01\/Graf-und-Stroehla.jpg 324w, https:\/\/www.rwg-bayreuth.de\/home\/wp-content\/uploads\/2026\/01\/Graf-und-Stroehla-150x97.jpg 150w, https:\/\/www.rwg-bayreuth.de\/home\/wp-content\/uploads\/2026\/01\/Graf-und-Stroehla-250x161.jpg 250w\" sizes=\"(max-width: 324px) 100vw, 324px\" \/>--><br \/>\n<strong>Liebe&nbsp;Sch\u00fclerinnen und Sch\u00fcler, liebe Eltern,<\/strong><\/p>\n<p>sch\u00f6n, dass Ihr euch\/Sie sich f\u00fcr das Richard-Wagner-Gymnasium interessieren.<\/p>\n<p>Unser Gymnasium versteht sich als Wegbegleiter junger Menschen auf ihrem individuellen Bildungsweg. Wie ein Kompass gibt unsere Schule Orientierung \u2013 fachlich, pers\u00f6nlich und wertebezogen. Wir vermitteln nicht nur Wissen, sondern helfen Sch\u00fclerinnen und Sch\u00fclern dabei, ihren eigenen Standpunkt zu finden und verantwortungsvoll in die Zukunft zu gehen.<\/p>\n<p>Ganzheitliche Bildung steht bei uns im Mittelpunkt: ansprechender Unterricht, moderne Lernkonzepte und digitale Kompetenzen verbinden sich mit gezielter Pers\u00f6nlichkeitsentwicklung und gelebten Werten wie Respekt, Verantwortung und Gemeinschaft. In einer offenen und wertsch\u00e4tzenden Lernatmosph\u00e4re f\u00f6rdern wir Neugier, kritisches Denken und Selbstvertrauen.<\/p>\n<p>Der Kompass unserer Schule zeigt dabei nicht nur nach Norden, sondern auf das Wesentliche: die individuellen St\u00e4rken jedes Einzelnen. Ob im Unterricht, in Projekten, im sozialen Miteinander, in Kultur oder Sport \u2013 wir er\u00f6ffnen Lernr\u00e4ume, in denen junge Menschen Orientierung finden, Entscheidungen reflektieren und ihren eigenen Weg gestalten k\u00f6nnen.<\/p>\n<p>Unser Ziel ist es, Sch\u00fclerinnen und Sch\u00fcler zu begleiten, indem wir fachliche Kompetenzen entwickeln, Pers\u00f6nlichkeit festigen und wertebewusstes Handeln vermitteln.<\/p>\n<p>Haben wir Euer\/Ihr Interesse geweckt? Dann laden wir Euch\/Sie herzlich zu unseren Vorstellungstagen (siehe nebenstehende Angebote) und zum \u201eSt\u00f6bern\u201c auf unserer Homepage!<\/p>\n<p>F\u00fcr Fragen stehen wir nat\u00fcrlich auch sehr gerne pers\u00f6nlich zur Verf\u00fcgung<\/p>\n<p>Ursula Graf (Schulleiterin) und Christian Str\u00f6hla (Stellvertretender Schulleiter)<\/p>\n<p>&nbsp;<\/p>\n<div style=\"text-align: center; margin: 0px 0px 24px 0px; box-shadow: none \">\r\n<a class=\"RWGbutton-blau\" href=\"https:\/\/www.rwg-bayreuth.de\/home\/?page_id=24848\" target=\"_self\" rel=\u201dnoopener noreferrer\u201d style=\"display:block; width: auto; max-width: 100%; padding:5px 20px; text-align: center; \">\n<h3>Neu ans RWG &#8211; \u00dcbersicht<\/h3>\n<\/a><\/div>\n<p>&nbsp;<\/p>\n","protected":false},"excerpt":{"rendered":"<p>Liebe&nbsp;Sch\u00fclerinnen und Sch\u00fcler, liebe Eltern, sch\u00f6n, dass Ihr euch\/Sie sich f\u00fcr das Richard-Wagner-Gymnasium interessieren. Unser Gymnasium versteht sich als Wegbegleiter junger Menschen auf ihrem individuellen Bildungsweg. Wie ein Kompass gibt unsere Schule Orientierung \u2013 fachlich, pers\u00f6nlich und wertebezogen. Wir vermitteln nicht nur Wissen, sondern helfen Sch\u00fclerinnen und Sch\u00fclern dabei, ihren eigenen Standpunkt zu finden und&hellip;<\/p>\n","protected":false},"author":11,"featured_media":0,"parent":24848,"menu_order":10,"comment_status":"closed","ping_status":"closed","template":"page-templates\/no-sidebar.php","meta":{"footnotes":""},"tags":[],"_links":{"self":[{"href":"https:\/\/www.rwg-bayreuth.de\/home\/index.php?rest_route=\/wp\/v2\/pages\/40624"}],"collection":[{"href":"https:\/\/www.rwg-bayreuth.de\/home\/index.php?rest_route=\/wp\/v2\/pages"}],"about":[{"href":"https:\/\/www.rwg-bayreuth.de\/home\/index.php?rest_route=\/wp\/v2\/types\/page"}],"author":[{"embeddable":true,"href":"https:\/\/www.rwg-bayreuth.de\/home\/index.php?rest_route=\/wp\/v2\/users\/11"}],"replies":[{"embeddable":true,"href":"https:\/\/www.rwg-bayreuth.de\/home\/index.php?rest_route=%2Fwp%2Fv2%2Fcomments&post=40624"}],"version-history":[{"count":13,"href":"https:\/\/www.rwg-bayreuth.de\/home\/index.php?rest_route=\/wp\/v2\/pages\/40624\/revisions"}],"predecessor-version":[{"id":40669,"href":"https:\/\/www.rwg-bayreuth.de\/home\/index.php?rest_route=\/wp\/v2\/pages\/40624\/revisions\/40669"}],"up":[{"embeddable":true,"href":"https:\/\/www.rwg-bayreuth.de\/home\/index.php?rest_route=\/wp\/v2\/pages\/24848"}],"wp:attachment":[{"href":"https:\/\/www.rwg-bayreuth.de\/home\/index.php?rest_route=%2Fwp%2Fv2%2Fmedia&parent=40624"}],"wp:term":[{"taxonomy":"post_tag","embeddable":true,"href":"https:\/\/www.rwg-bayreuth.de\/home\/index.php?rest_route=%2Fwp%2Fv2%2Ftags&post=40624"}],"curies":[{"name":"wp","href":"https:\/\/api.w.org\/{rel}","templated":true}]}}

<p><img decoding="async" class="aligncenter size-full wp-image-40625" src="https://www.rwg-bayreuth.de/home/wp-content/uploads/2026/01/Kompass-Text.jpg" alt="" width="100%" height="auto" srcset="https://www.rwg-bayreuth.de/home/wp-content/uploads/2026/01/Kompass-Text.jpg 1920w, https://www.rwg-bayreuth.de/home/wp-content/uploads/2026/01/Kompass-Text-1536x512.jpg 1536w, https://www.rwg-bayreuth.de/home/wp-content/uploads/2026/01/Kompass-Text-150x50.jpg 150w, https://www.rwg-bayreuth.de/home/wp-content/uploads/2026/01/Kompass-Text-450x150.jpg 450w, https://www.rwg-bayreuth.de/home/wp-content/uploads/2026/01/Kompass-Text-768x256.jpg 768w, https://www.rwg-bayreuth.de/home/wp-content/uploads/2026/01/Kompass-Text-1024x341.jpg 1024w, https://www.rwg-bayreuth.de/home/wp-content/uploads/2026/01/Kompass-Text-250x83.jpg 250w" sizes="(max-width: 1920px) 100vw, 1920px" /></p>
<p><img decoding="async" src="https://www.rwg-bayreuth.de/home/wp-content/uploads/2026/01/Graf-und-Stroehla-1.jpg" alt="" width="325" height="auto" class="alignright size-full wp-image-40668"  style="max-width: 61%;" srcset="https://www.rwg-bayreuth.de/home/wp-content/uploads/2026/01/Graf-und-Stroehla-1.jpg 2049w, https://www.rwg-bayreuth.de/home/wp-content/uploads/2026/01/Graf-und-Stroehla-1-1536x991.jpg 1536w, https://www.rwg-bayreuth.de/home/wp-content/uploads/2026/01/Graf-und-Stroehla-1-150x97.jpg 150w, https://www.rwg-bayreuth.de/home/wp-content/uploads/2026/01/Graf-und-Stroehla-1-450x290.jpg 450w, https://www.rwg-bayreuth.de/home/wp-content/uploads/2026/01/Graf-und-Stroehla-1-768x496.jpg 768w, https://www.rwg-bayreuth.de/home/wp-content/uploads/2026/01/Graf-und-Stroehla-1-1024x661.jpg 1024w, https://www.rwg-bayreuth.de/home/wp-content/uploads/2026/01/Graf-und-Stroehla-1-250x161.jpg 250w" sizes="(max-width: 2049px) 100vw, 2049px" /><!--<img loading="lazy" decoding="async" src="https://www.rwg-bayreuth.de/home/wp-content/uploads/2026/01/Graf-und-Stroehla.jpg" alt="" width="324" height="209" class="alignright size-full wp-image-40644" style="max-width: 61%;" srcset="https://www.rwg-bayreuth.de/home/wp-content/uploads/2026/01/Graf-und-Stroehla.jpg 324w, https://www.rwg-bayreuth.de/home/wp-content/uploads/2026/01/Graf-und-Stroehla-150x97.jpg 150w, https://www.rwg-bayreuth.de/home/wp-content/uploads/2026/01/Graf-und-Stroehla-250x161.jpg 250w" sizes="(max-width: 324px) 100vw, 324px" />--><br />
<strong>Liebe&nbsp;Schülerinnen und Schüler, liebe Eltern,</strong></p>
<p>schön, dass Ihr euch/Sie sich für das Richard-Wagner-Gymnasium interessieren.</p>
<p>Unser Gymnasium versteht sich als Wegbegleiter junger Menschen auf ihrem individuellen Bildungsweg. Wie ein Kompass gibt unsere Schule Orientierung – fachlich, persönlich und wertebezogen. Wir vermitteln nicht nur Wissen, sondern helfen Schülerinnen und Schülern dabei, ihren eigenen Standpunkt zu finden und verantwortungsvoll in die Zukunft zu gehen.</p>
<p>Ganzheitliche Bildung steht bei uns im Mittelpunkt: ansprechender Unterricht, moderne Lernkonzepte und digitale Kompetenzen verbinden sich mit gezielter Persönlichkeitsentwicklung und gelebten Werten wie Respekt, Verantwortung und Gemeinschaft. In einer offenen und wertschätzenden Lernatmosphäre fördern wir Neugier, kritisches Denken und Selbstvertrauen.</p>
<p>Der Kompass unserer Schule zeigt dabei nicht nur nach Norden, sondern auf das Wesentliche: die individuellen Stärken jedes Einzelnen. Ob im Unterricht, in Projekten, im sozialen Miteinander, in Kultur oder Sport – wir eröffnen Lernräume, in denen junge Menschen Orientierung finden, Entscheidungen reflektieren und ihren eigenen Weg gestalten können.</p>
<p>Unser Ziel ist es, Schülerinnen und Schüler zu begleiten, indem wir fachliche Kompetenzen entwickeln, Persönlichkeit festigen und wertebewusstes Handeln vermitteln.</p>
<p>Haben wir Euer/Ihr Interesse geweckt? Dann laden wir Euch/Sie herzlich zu unseren Vorstellungstagen (siehe nebenstehende Angebote) und zum „Stöbern“ auf unserer Homepage!</p>
<p>Für Fragen stehen wir natürlich auch sehr gerne persönlich zur Verfügung</p>
<p>Ursula Graf (Schulleiterin) und Christian Ströhla (Stellvertretender Schulleiter)</p>
<p>&nbsp;</p>
<div style="text-align: center; margin: 0px 0px 24px 0px; box-shadow: none ">
<a class="RWGbutton-blau" href="https://www.rwg-bayreuth.de/home/?page_id=24848" target="_self" rel=”noopener noreferrer” style="display:block; width: auto; max-width: 100%; padding:5px 20px; text-align: center; ">
<h3>Neu ans RWG &#8211; Übersicht</h3>
</a></div>
<p>&nbsp;</p>

<p>Liebe&nbsp;Schülerinnen und Schüler, liebe Eltern, schön, dass Ihr euch/Sie sich für das Richard-Wagner-Gymnasium interessieren. Unser Gymnasium versteht sich als Wegbegleiter junger Menschen auf ihrem individuellen Bildungsweg. Wie ein Kompass gibt unsere Schule Orientierung – fachlich, persönlich und wertebezogen. Wir vermitteln nicht nur Wissen, sondern helfen Schülerinnen und Schülern dabei, ihren eigenen Standpunkt zu finden und&hellip;</p>
