{"id":38965,"date":"2025-05-22T17:10:18","date_gmt":"2025-05-22T15:10:18","guid":{"rendered":"https:\/\/www.rwg-bayreuth.de\/home\/?page_id=38965"},"modified":"2025-05-30T10:40:35","modified_gmt":"2025-05-30T08:40:35","slug":"mathe-im-advent","status":"publish","type":"page","link":"https:\/\/www.rwg-bayreuth.de\/home\/?page_id=38965","title":{"rendered":"Mathe im Advent"},"content":{"rendered":"<p><a href=\"https:\/\/www.rwg-bayreuth.de\/home\/wp-content\/uploads\/2025\/05\/MiA-Seite.jpg\"><img decoding=\"async\" src=\"https:\/\/www.rwg-bayreuth.de\/home\/wp-content\/uploads\/2025\/05\/MiA-Seite.jpg\" alt=\"\" width=\"100%\" height=\"auto\" class=\"aligncenter size-full wp-image-39020\" srcset=\"https:\/\/www.rwg-bayreuth.de\/home\/wp-content\/uploads\/2025\/05\/MiA-Seite.jpg 1050w, https:\/\/www.rwg-bayreuth.de\/home\/wp-content\/uploads\/2025\/05\/MiA-Seite-150x50.jpg 150w, https:\/\/www.rwg-bayreuth.de\/home\/wp-content\/uploads\/2025\/05\/MiA-Seite-450x150.jpg 450w, https:\/\/www.rwg-bayreuth.de\/home\/wp-content\/uploads\/2025\/05\/MiA-Seite-768x256.jpg 768w, https:\/\/www.rwg-bayreuth.de\/home\/wp-content\/uploads\/2025\/05\/MiA-Seite-1024x341.jpg 1024w, https:\/\/www.rwg-bayreuth.de\/home\/wp-content\/uploads\/2025\/05\/MiA-Seite-250x83.jpg 250w\" sizes=\"(max-width: 1050px) 100vw, 1050px\" \/><\/a><\/p>\n<h3>MiA, der Mathe-Adventskalender f\u00fcr die Klassenstufen 2 bis 10<\/h3>\n<p><a href=\"https:\/\/www.mathe-im-advent.de\/de\/info\/\"><img decoding=\"async\" src=\"https:\/\/www.rwg-bayreuth.de\/home\/wp-content\/uploads\/2025\/05\/MiA-Logo.jpg\" alt=\"\" width=\"30%\" height=\"auto\" class=\"alignright size-full wp-image-39023\" srcset=\"https:\/\/www.rwg-bayreuth.de\/home\/wp-content\/uploads\/2025\/05\/MiA-Logo.jpg 1024w, https:\/\/www.rwg-bayreuth.de\/home\/wp-content\/uploads\/2025\/05\/MiA-Logo-150x71.jpg 150w, https:\/\/www.rwg-bayreuth.de\/home\/wp-content\/uploads\/2025\/05\/MiA-Logo-450x212.jpg 450w, https:\/\/www.rwg-bayreuth.de\/home\/wp-content\/uploads\/2025\/05\/MiA-Logo-768x362.jpg 768w, https:\/\/www.rwg-bayreuth.de\/home\/wp-content\/uploads\/2025\/05\/MiA-Logo-250x118.jpg 250w, https:\/\/www.rwg-bayreuth.de\/home\/wp-content\/uploads\/2025\/05\/MiA-Logo-600x282.jpg 600w\" sizes=\"(max-width: 1024px) 100vw, 1024px\" \/><\/a>Vom 1. Dezember bis Weihnachten gibt es in zwei Altersstufen t\u00e4glich eine mathematische Aufgabengeschichte rund um die Mathe-Wichtel. Dabei geht es vor allem um Spa\u00df an der Mathematik und am Knobeln. Alle Aufgaben enthalten lustige Geschichten und sehen ganz anders aus als die aus dem Mathebuch. Auf diese Weise kann man spielerisch etwas aus verschiedensten Bereichen der Mathematik kennenlernen. Dabei sammeln die Teilnehmenden sowohl f\u00fcr sich selbst als auch f\u00fcr ihre Klasse Punkte. Seit 2021erm\u00f6glicht die Sparkasse Bayreuth allen Bayreuther Schulen die kostenlose Teilnahme am Klassenspiel, sodass wir insbesondere die f\u00fcnften und sechsten Klassen dazu einladen. Das Schwierigste ist dabei oft das Durchhalten bis Weihnachten. Deshalb gestaltet die Fachschaft Mathematik f\u00fcr die erfolgreichsten Sch\u00fclerinnen und Sch\u00fcler bzw. die beste Klasse eine schulinterne Siegerehrung. <\/p>\n<h1>Informationen zu MiA<\/h1>\n<ul class=\"linkliste\">\n<li><a href=\"https:\/\/www.rwg-bayreuth.de\/home\/wp-content\/uploads\/2025\/05\/Mathe-im-Advent_Faltflyer_allg.pdf\">Flyer zu Mathe im Advent<\/a><\/li>\n<li><a href=\"https:\/\/www.mathe-im-advent.de\/de\/info\/\" rel=\"noopener\" target=\"_blank\">Website von Mathe im Advent<\/a><\/li>\n<\/ul>\n<h1 class=\"clear\">Aktuelles<\/h1>\n<div style=\"max-width: 1000px\">\n<div class=\"rwg_post_list\"><article id=\"post-40739\"class=\"cf post-40739 post type-post status-publish format-standard has-post-thumbnail hentry category-allgemein tag-home tag-matheimadvent tag-mathematik tag-mint\">\n \t\t<div class=\"entry-thumbnail fadein\"> \t\t\t<a href=\"https:\/\/www.rwg-bayreuth.de\/home\/?p=40739\"><img loading=\"lazy\" decoding=\"async\" width=\"1024\" height=\"683\" src=\"https:\/\/www.rwg-bayreuth.de\/home\/wp-content\/uploads\/2026\/01\/25-26-MatheImAdvent.jpg\" class=\"attachment-post-thumbnail size-post-thumbnail wp-post-image\" alt=\"\" srcset=\"https:\/\/www.rwg-bayreuth.de\/home\/wp-content\/uploads\/2026\/01\/25-26-MatheImAdvent.jpg 1024w, https:\/\/www.rwg-bayreuth.de\/home\/wp-content\/uploads\/2026\/01\/25-26-MatheImAdvent-150x100.jpg 150w, https:\/\/www.rwg-bayreuth.de\/home\/wp-content\/uploads\/2026\/01\/25-26-MatheImAdvent-450x300.jpg 450w, https:\/\/www.rwg-bayreuth.de\/home\/wp-content\/uploads\/2026\/01\/25-26-MatheImAdvent-768x512.jpg 768w, https:\/\/www.rwg-bayreuth.de\/home\/wp-content\/uploads\/2026\/01\/25-26-MatheImAdvent-250x167.jpg 250w, https:\/\/www.rwg-bayreuth.de\/home\/wp-content\/uploads\/2026\/01\/25-26-MatheImAdvent-900x600.jpg 900w\" sizes=\"(max-width: 1024px) 100vw, 1024px\" \/><\/a> \t\t<\/div><!-- end .entry-thumbnail -->\n<div class=\"meta-main-wrap\">\n  <div class=\"\">\n    <header class=\"entry-header\">\n      <div class=\"entry-cats\">\n        <div class=\"kategorie\"><a href=\"https:\/\/www.rwg-bayreuth.de\/home\/?cat=1\" rel=\"category\">Schulleben<\/a><\/div>\n<div class=\"entry-edit\" >      <div class=\"entry-date\" >\n        <a href=\"https:\/\/www.rwg-bayreuth.de\/home\/?p=40739\">28. Januar 2026<\/a>\n      <\/div><\/div><!-- end .entry-date -->\n      <\/div><!-- end .entry-cats -->\n<h2 class=\"entry-title\"><a href=\"https:\/\/www.rwg-bayreuth.de\/home\/?p=40739\" rel=\"bookmark\">Viele Gewinner bei Mathe im Advent<\/a><\/h2>\n    <\/header><!-- end .entry-header -->\n    <div class=\"entry-summary\">\nInsgesamt 92 Sch\u00fclerinnen und Sch\u00fcler gingen im Dezember f\u00fcr das RWG mit den PowerWichteln \u201eAuf Mathe-Mission zur Energie der Zukunft\u201c. Die Mathe-Wichtel waren in diesem Jahr unter anderem auf solarbetriebenen E-Bikes unterwegs und hatten Fragen dazu, wie lange die geladen werden m\u00fcssen. 24 Aufgaben mit netten Geschichten und ganz unterschiedlichen mathematischen Herausforderungen gab es zu&hellip;\n  <\/div><!-- .entry-summary -->\n  <\/div><!-- .entry-main -->\n<\/div><!-- .meta-main-wrap -->\n<\/article><!-- end post -40739 -->\n<article id=\"post-37966\"class=\"cf post-37966 post type-post status-publish format-standard has-post-thumbnail hentry category-allgemein tag-home tag-matheimadvent tag-mathematik tag-mint tag-wettbewerb\">\n \t\t<div class=\"entry-thumbnail fadein\"> \t\t\t<a href=\"https:\/\/www.rwg-bayreuth.de\/home\/?p=37966\"><img loading=\"lazy\" decoding=\"async\" width=\"1024\" height=\"683\" src=\"https:\/\/www.rwg-bayreuth.de\/home\/wp-content\/uploads\/2025\/01\/24-25-MatheImAdvent-B.jpg\" class=\"attachment-post-thumbnail size-post-thumbnail wp-post-image\" alt=\"\" srcset=\"https:\/\/www.rwg-bayreuth.de\/home\/wp-content\/uploads\/2025\/01\/24-25-MatheImAdvent-B.jpg 1024w, https:\/\/www.rwg-bayreuth.de\/home\/wp-content\/uploads\/2025\/01\/24-25-MatheImAdvent-B-150x100.jpg 150w, https:\/\/www.rwg-bayreuth.de\/home\/wp-content\/uploads\/2025\/01\/24-25-MatheImAdvent-B-450x300.jpg 450w, https:\/\/www.rwg-bayreuth.de\/home\/wp-content\/uploads\/2025\/01\/24-25-MatheImAdvent-B-768x512.jpg 768w, https:\/\/www.rwg-bayreuth.de\/home\/wp-content\/uploads\/2025\/01\/24-25-MatheImAdvent-B-250x167.jpg 250w, https:\/\/www.rwg-bayreuth.de\/home\/wp-content\/uploads\/2025\/01\/24-25-MatheImAdvent-B-900x600.jpg 900w\" sizes=\"(max-width: 1024px) 100vw, 1024px\" \/><\/a> \t\t<\/div><!-- end .entry-thumbnail -->\n<div class=\"meta-main-wrap\">\n  <div class=\"\">\n    <header class=\"entry-header\">\n      <div class=\"entry-cats\">\n        <div class=\"kategorie\"><a href=\"https:\/\/www.rwg-bayreuth.de\/home\/?cat=1\" rel=\"category\">Schulleben<\/a><\/div>\n<div class=\"entry-edit\" >      <div class=\"entry-date\" >\n        <a href=\"https:\/\/www.rwg-bayreuth.de\/home\/?p=37966\">16. Januar 2025<\/a>\n      <\/div><\/div><!-- end .entry-date -->\n      <\/div><!-- end .entry-cats -->\n<h2 class=\"entry-title\"><a href=\"https:\/\/www.rwg-bayreuth.de\/home\/?p=37966\" rel=\"bookmark\">Strahlende Sieger bei Mathe im Advent<\/a><\/h2>\n    <\/header><!-- end .entry-header -->\n    <div class=\"entry-summary\">\n\u201eZur\u00fcck zu den Wurzeln\u201c hie\u00df diesmal das Motto des mathematischen Adventskalenders. 24 kreative R\u00e4tsel und Probleme aus der Welt der Weihnachtswichtel warteten im Dezember 2024 auf die Sch\u00fclerinnen und Sch\u00fcler. Die besonders Erfolgreichen unter Ihnen begl\u00fcckw\u00fcnschte Frau Graf bei der Siegerehrung am 15.01.2025 pers\u00f6nlich und h\u00e4ndigte elf Goldmedaillen und elf Silbermedaillen aus. Beste Klasse wurde&hellip;\n  <\/div><!-- .entry-summary -->\n  <\/div><!-- .entry-main -->\n<\/div><!-- .meta-main-wrap -->\n<\/article><!-- end post -37966 -->\n<article id=\"post-35634\"class=\"cf post-35634 post type-post status-publish format-standard has-post-thumbnail hentry category-allgemein tag-home tag-matheimadvent tag-mathematik tag-mint\">\n \t\t<div class=\"entry-thumbnail fadein\"> \t\t\t<a href=\"https:\/\/www.rwg-bayreuth.de\/home\/?p=35634\"><img loading=\"lazy\" decoding=\"async\" width=\"1024\" height=\"683\" src=\"https:\/\/www.rwg-bayreuth.de\/home\/wp-content\/uploads\/2024\/01\/23-24-MatheImAdvent.jpg\" class=\"attachment-post-thumbnail size-post-thumbnail wp-post-image\" alt=\"\" srcset=\"https:\/\/www.rwg-bayreuth.de\/home\/wp-content\/uploads\/2024\/01\/23-24-MatheImAdvent.jpg 1024w, https:\/\/www.rwg-bayreuth.de\/home\/wp-content\/uploads\/2024\/01\/23-24-MatheImAdvent-150x100.jpg 150w, https:\/\/www.rwg-bayreuth.de\/home\/wp-content\/uploads\/2024\/01\/23-24-MatheImAdvent-450x300.jpg 450w, https:\/\/www.rwg-bayreuth.de\/home\/wp-content\/uploads\/2024\/01\/23-24-MatheImAdvent-768x512.jpg 768w, https:\/\/www.rwg-bayreuth.de\/home\/wp-content\/uploads\/2024\/01\/23-24-MatheImAdvent-250x167.jpg 250w, https:\/\/www.rwg-bayreuth.de\/home\/wp-content\/uploads\/2024\/01\/23-24-MatheImAdvent-900x600.jpg 900w\" sizes=\"(max-width: 1024px) 100vw, 1024px\" \/><\/a> \t\t<\/div><!-- end .entry-thumbnail -->\n<div class=\"meta-main-wrap\">\n  <div class=\"\">\n    <header class=\"entry-header\">\n      <div class=\"entry-cats\">\n        <div class=\"kategorie\"><a href=\"https:\/\/www.rwg-bayreuth.de\/home\/?cat=1\" rel=\"category\">Schulleben<\/a><\/div>\n<div class=\"entry-edit\" >      <div class=\"entry-date\" >\n        <a href=\"https:\/\/www.rwg-bayreuth.de\/home\/?p=35634\">19. Januar 2024<\/a>\n      <\/div><\/div><!-- end .entry-date -->\n      <\/div><!-- end .entry-cats -->\n<h2 class=\"entry-title\"><a href=\"https:\/\/www.rwg-bayreuth.de\/home\/?p=35634\" rel=\"bookmark\">Mathe im Advent &#8211; Siegerehrung<\/a><\/h2>\n    <\/header><!-- end .entry-header -->\n    <div class=\"entry-summary\">\nIm Dezember haben Sch\u00fclerinnen und Sch\u00fcler der 5. und 6. Klassen wieder flei\u00dfig ger\u00e4tselt und die Probleme der Weihnachtswichtel gel\u00f6st. Die Erfolgreichsten bekamen nun von Frau Graf ihre Urkunden \u00fcberreicht und konnten sich \u00fcber kleine Knobel- und Gesellschaftsspiele als Preise freuen. Auch die Klasse 6b, die gemeinsam die meisten Aufgaben richtig gel\u00f6st hat, erhielt eine&hellip;\n  <\/div><!-- .entry-summary -->\n  <\/div><!-- .entry-main -->\n<\/div><!-- .meta-main-wrap -->\n<\/article><!-- end post -35634 -->\n<\/div><!-- end .rwg_post_list -->\n<\/div>\n","protected":false},"excerpt":{"rendered":"<p>MiA, der Mathe-Adventskalender f\u00fcr die Klassenstufen 2 bis 10 Vom 1. Dezember bis Weihnachten gibt es in zwei Altersstufen t\u00e4glich eine mathematische Aufgabengeschichte rund um die Mathe-Wichtel. Dabei geht es vor allem um Spa\u00df an der Mathematik und am Knobeln. Alle Aufgaben enthalten lustige Geschichten und sehen ganz anders aus als die aus dem Mathebuch.&hellip;<\/p>\n","protected":false},"author":11,"featured_media":0,"parent":6679,"menu_order":0,"comment_status":"closed","ping_status":"closed","template":"page-templates\/no-sidebar.php","meta":{"footnotes":""},"tags":[54],"_links":{"self":[{"href":"https:\/\/www.rwg-bayreuth.de\/home\/index.php?rest_route=\/wp\/v2\/pages\/38965"}],"collection":[{"href":"https:\/\/www.rwg-bayreuth.de\/home\/index.php?rest_route=\/wp\/v2\/pages"}],"about":[{"href":"https:\/\/www.rwg-bayreuth.de\/home\/index.php?rest_route=\/wp\/v2\/types\/page"}],"author":[{"embeddable":true,"href":"https:\/\/www.rwg-bayreuth.de\/home\/index.php?rest_route=\/wp\/v2\/users\/11"}],"replies":[{"embeddable":true,"href":"https:\/\/www.rwg-bayreuth.de\/home\/index.php?rest_route=%2Fwp%2Fv2%2Fcomments&post=38965"}],"version-history":[{"count":7,"href":"https:\/\/www.rwg-bayreuth.de\/home\/index.php?rest_route=\/wp\/v2\/pages\/38965\/revisions"}],"predecessor-version":[{"id":39060,"href":"https:\/\/www.rwg-bayreuth.de\/home\/index.php?rest_route=\/wp\/v2\/pages\/38965\/revisions\/39060"}],"up":[{"embeddable":true,"href":"https:\/\/www.rwg-bayreuth.de\/home\/index.php?rest_route=\/wp\/v2\/pages\/6679"}],"wp:attachment":[{"href":"https:\/\/www.rwg-bayreuth.de\/home\/index.php?rest_route=%2Fwp%2Fv2%2Fmedia&parent=38965"}],"wp:term":[{"taxonomy":"post_tag","embeddable":true,"href":"https:\/\/www.rwg-bayreuth.de\/home\/index.php?rest_route=%2Fwp%2Fv2%2Ftags&post=38965"}],"curies":[{"name":"wp","href":"https:\/\/api.w.org\/{rel}","templated":true}]}}

<p><a href="https://www.rwg-bayreuth.de/home/wp-content/uploads/2025/05/MiA-Seite.jpg"><img decoding="async" src="https://www.rwg-bayreuth.de/home/wp-content/uploads/2025/05/MiA-Seite.jpg" alt="" width="100%" height="auto" class="aligncenter size-full wp-image-39020" srcset="https://www.rwg-bayreuth.de/home/wp-content/uploads/2025/05/MiA-Seite.jpg 1050w, https://www.rwg-bayreuth.de/home/wp-content/uploads/2025/05/MiA-Seite-150x50.jpg 150w, https://www.rwg-bayreuth.de/home/wp-content/uploads/2025/05/MiA-Seite-450x150.jpg 450w, https://www.rwg-bayreuth.de/home/wp-content/uploads/2025/05/MiA-Seite-768x256.jpg 768w, https://www.rwg-bayreuth.de/home/wp-content/uploads/2025/05/MiA-Seite-1024x341.jpg 1024w, https://www.rwg-bayreuth.de/home/wp-content/uploads/2025/05/MiA-Seite-250x83.jpg 250w" sizes="(max-width: 1050px) 100vw, 1050px" /></a></p>
<h3>MiA, der Mathe-Adventskalender für die Klassenstufen 2 bis 10</h3>
<p><a href="https://www.mathe-im-advent.de/de/info/"><img decoding="async" src="https://www.rwg-bayreuth.de/home/wp-content/uploads/2025/05/MiA-Logo.jpg" alt="" width="30%" height="auto" class="alignright size-full wp-image-39023" srcset="https://www.rwg-bayreuth.de/home/wp-content/uploads/2025/05/MiA-Logo.jpg 1024w, https://www.rwg-bayreuth.de/home/wp-content/uploads/2025/05/MiA-Logo-150x71.jpg 150w, https://www.rwg-bayreuth.de/home/wp-content/uploads/2025/05/MiA-Logo-450x212.jpg 450w, https://www.rwg-bayreuth.de/home/wp-content/uploads/2025/05/MiA-Logo-768x362.jpg 768w, https://www.rwg-bayreuth.de/home/wp-content/uploads/2025/05/MiA-Logo-250x118.jpg 250w, https://www.rwg-bayreuth.de/home/wp-content/uploads/2025/05/MiA-Logo-600x282.jpg 600w" sizes="(max-width: 1024px) 100vw, 1024px" /></a>Vom 1. Dezember bis Weihnachten gibt es in zwei Altersstufen täglich eine mathematische Aufgabengeschichte rund um die Mathe-Wichtel. Dabei geht es vor allem um Spaß an der Mathematik und am Knobeln. Alle Aufgaben enthalten lustige Geschichten und sehen ganz anders aus als die aus dem Mathebuch. Auf diese Weise kann man spielerisch etwas aus verschiedensten Bereichen der Mathematik kennenlernen. Dabei sammeln die Teilnehmenden sowohl für sich selbst als auch für ihre Klasse Punkte. Seit 2021ermöglicht die Sparkasse Bayreuth allen Bayreuther Schulen die kostenlose Teilnahme am Klassenspiel, sodass wir insbesondere die fünften und sechsten Klassen dazu einladen. Das Schwierigste ist dabei oft das Durchhalten bis Weihnachten. Deshalb gestaltet die Fachschaft Mathematik für die erfolgreichsten Schülerinnen und Schüler bzw. die beste Klasse eine schulinterne Siegerehrung. </p>
<h1>Informationen zu MiA</h1>
<ul class="linkliste">
<li><a href="https://www.rwg-bayreuth.de/home/wp-content/uploads/2025/05/Mathe-im-Advent_Faltflyer_allg.pdf">Flyer zu Mathe im Advent</a></li>
<li><a href="https://www.mathe-im-advent.de/de/info/" rel="noopener" target="_blank">Website von Mathe im Advent</a></li>
</ul>
<h1 class="clear">Aktuelles</h1>
<div style="max-width: 1000px">
<div class="rwg_post_list"><article id="post-40739"class="cf post-40739 post type-post status-publish format-standard has-post-thumbnail hentry category-allgemein tag-home tag-matheimadvent tag-mathematik tag-mint">
 		<div class="entry-thumbnail fadein"> 			<a href="https://www.rwg-bayreuth.de/home/?p=40739"><img loading="lazy" decoding="async" width="1024" height="683" src="https://www.rwg-bayreuth.de/home/wp-content/uploads/2026/01/25-26-MatheImAdvent.jpg" class="attachment-post-thumbnail size-post-thumbnail wp-post-image" alt="" srcset="https://www.rwg-bayreuth.de/home/wp-content/uploads/2026/01/25-26-MatheImAdvent.jpg 1024w, https://www.rwg-bayreuth.de/home/wp-content/uploads/2026/01/25-26-MatheImAdvent-150x100.jpg 150w, https://www.rwg-bayreuth.de/home/wp-content/uploads/2026/01/25-26-MatheImAdvent-450x300.jpg 450w, https://www.rwg-bayreuth.de/home/wp-content/uploads/2026/01/25-26-MatheImAdvent-768x512.jpg 768w, https://www.rwg-bayreuth.de/home/wp-content/uploads/2026/01/25-26-MatheImAdvent-250x167.jpg 250w, https://www.rwg-bayreuth.de/home/wp-content/uploads/2026/01/25-26-MatheImAdvent-900x600.jpg 900w" sizes="(max-width: 1024px) 100vw, 1024px" /></a> 		</div><!-- end .entry-thumbnail -->
<div class="meta-main-wrap">
  <div class="">
    <header class="entry-header">
      <div class="entry-cats">
        <div class="kategorie"><a href="https://www.rwg-bayreuth.de/home/?cat=1" rel="category">Schulleben</a></div>
<div class="entry-edit" >      <div class="entry-date" >
        <a href="https://www.rwg-bayreuth.de/home/?p=40739">28. Januar 2026</a>
      </div></div><!-- end .entry-date -->
      </div><!-- end .entry-cats -->
<h2 class="entry-title"><a href="https://www.rwg-bayreuth.de/home/?p=40739" rel="bookmark">Viele Gewinner bei Mathe im Advent</a></h2>
    </header><!-- end .entry-header -->
    <div class="entry-summary">
Insgesamt 92 Schülerinnen und Schüler gingen im Dezember für das RWG mit den PowerWichteln „Auf Mathe-Mission zur Energie der Zukunft“. Die Mathe-Wichtel waren in diesem Jahr unter anderem auf solarbetriebenen E-Bikes unterwegs und hatten Fragen dazu, wie lange die geladen werden müssen. 24 Aufgaben mit netten Geschichten und ganz unterschiedlichen mathematischen Herausforderungen gab es zu&hellip;
  </div><!-- .entry-summary -->
  </div><!-- .entry-main -->
</div><!-- .meta-main-wrap -->
</article><!-- end post -40739 -->
<article id="post-37966"class="cf post-37966 post type-post status-publish format-standard has-post-thumbnail hentry category-allgemein tag-home tag-matheimadvent tag-mathematik tag-mint tag-wettbewerb">
 		<div class="entry-thumbnail fadein"> 			<a href="https://www.rwg-bayreuth.de/home/?p=37966"><img loading="lazy" decoding="async" width="1024" height="683" src="https://www.rwg-bayreuth.de/home/wp-content/uploads/2025/01/24-25-MatheImAdvent-B.jpg" class="attachment-post-thumbnail size-post-thumbnail wp-post-image" alt="" srcset="https://www.rwg-bayreuth.de/home/wp-content/uploads/2025/01/24-25-MatheImAdvent-B.jpg 1024w, https://www.rwg-bayreuth.de/home/wp-content/uploads/2025/01/24-25-MatheImAdvent-B-150x100.jpg 150w, https://www.rwg-bayreuth.de/home/wp-content/uploads/2025/01/24-25-MatheImAdvent-B-450x300.jpg 450w, https://www.rwg-bayreuth.de/home/wp-content/uploads/2025/01/24-25-MatheImAdvent-B-768x512.jpg 768w, https://www.rwg-bayreuth.de/home/wp-content/uploads/2025/01/24-25-MatheImAdvent-B-250x167.jpg 250w, https://www.rwg-bayreuth.de/home/wp-content/uploads/2025/01/24-25-MatheImAdvent-B-900x600.jpg 900w" sizes="(max-width: 1024px) 100vw, 1024px" /></a> 		</div><!-- end .entry-thumbnail -->
<div class="meta-main-wrap">
  <div class="">
    <header class="entry-header">
      <div class="entry-cats">
        <div class="kategorie"><a href="https://www.rwg-bayreuth.de/home/?cat=1" rel="category">Schulleben</a></div>
<div class="entry-edit" >      <div class="entry-date" >
        <a href="https://www.rwg-bayreuth.de/home/?p=37966">16. Januar 2025</a>
      </div></div><!-- end .entry-date -->
      </div><!-- end .entry-cats -->
<h2 class="entry-title"><a href="https://www.rwg-bayreuth.de/home/?p=37966" rel="bookmark">Strahlende Sieger bei Mathe im Advent</a></h2>
    </header><!-- end .entry-header -->
    <div class="entry-summary">
„Zurück zu den Wurzeln“ hieß diesmal das Motto des mathematischen Adventskalenders. 24 kreative Rätsel und Probleme aus der Welt der Weihnachtswichtel warteten im Dezember 2024 auf die Schülerinnen und Schüler. Die besonders Erfolgreichen unter Ihnen beglückwünschte Frau Graf bei der Siegerehrung am 15.01.2025 persönlich und händigte elf Goldmedaillen und elf Silbermedaillen aus. Beste Klasse wurde&hellip;
  </div><!-- .entry-summary -->
  </div><!-- .entry-main -->
</div><!-- .meta-main-wrap -->
</article><!-- end post -37966 -->
<article id="post-35634"class="cf post-35634 post type-post status-publish format-standard has-post-thumbnail hentry category-allgemein tag-home tag-matheimadvent tag-mathematik tag-mint">
 		<div class="entry-thumbnail fadein"> 			<a href="https://www.rwg-bayreuth.de/home/?p=35634"><img loading="lazy" decoding="async" width="1024" height="683" src="https://www.rwg-bayreuth.de/home/wp-content/uploads/2024/01/23-24-MatheImAdvent.jpg" class="attachment-post-thumbnail size-post-thumbnail wp-post-image" alt="" srcset="https://www.rwg-bayreuth.de/home/wp-content/uploads/2024/01/23-24-MatheImAdvent.jpg 1024w, https://www.rwg-bayreuth.de/home/wp-content/uploads/2024/01/23-24-MatheImAdvent-150x100.jpg 150w, https://www.rwg-bayreuth.de/home/wp-content/uploads/2024/01/23-24-MatheImAdvent-450x300.jpg 450w, https://www.rwg-bayreuth.de/home/wp-content/uploads/2024/01/23-24-MatheImAdvent-768x512.jpg 768w, https://www.rwg-bayreuth.de/home/wp-content/uploads/2024/01/23-24-MatheImAdvent-250x167.jpg 250w, https://www.rwg-bayreuth.de/home/wp-content/uploads/2024/01/23-24-MatheImAdvent-900x600.jpg 900w" sizes="(max-width: 1024px) 100vw, 1024px" /></a> 		</div><!-- end .entry-thumbnail -->
<div class="meta-main-wrap">
  <div class="">
    <header class="entry-header">
      <div class="entry-cats">
        <div class="kategorie"><a href="https://www.rwg-bayreuth.de/home/?cat=1" rel="category">Schulleben</a></div>
<div class="entry-edit" >      <div class="entry-date" >
        <a href="https://www.rwg-bayreuth.de/home/?p=35634">19. Januar 2024</a>
      </div></div><!-- end .entry-date -->
      </div><!-- end .entry-cats -->
<h2 class="entry-title"><a href="https://www.rwg-bayreuth.de/home/?p=35634" rel="bookmark">Mathe im Advent &#8211; Siegerehrung</a></h2>
    </header><!-- end .entry-header -->
    <div class="entry-summary">
Im Dezember haben Schülerinnen und Schüler der 5. und 6. Klassen wieder fleißig gerätselt und die Probleme der Weihnachtswichtel gelöst. Die Erfolgreichsten bekamen nun von Frau Graf ihre Urkunden überreicht und konnten sich über kleine Knobel- und Gesellschaftsspiele als Preise freuen. Auch die Klasse 6b, die gemeinsam die meisten Aufgaben richtig gelöst hat, erhielt eine&hellip;
  </div><!-- .entry-summary -->
  </div><!-- .entry-main -->
</div><!-- .meta-main-wrap -->
</article><!-- end post -35634 -->
</div><!-- end .rwg_post_list -->
</div>

<p>MiA, der Mathe-Adventskalender für die Klassenstufen 2 bis 10 Vom 1. Dezember bis Weihnachten gibt es in zwei Altersstufen täglich eine mathematische Aufgabengeschichte rund um die Mathe-Wichtel. Dabei geht es vor allem um Spaß an der Mathematik und am Knobeln. Alle Aufgaben enthalten lustige Geschichten und sehen ganz anders aus als die aus dem Mathebuch.&hellip;</p>
