{"id":38934,"date":"2025-05-22T15:10:58","date_gmt":"2025-05-22T13:10:58","guid":{"rendered":"https:\/\/www.rwg-bayreuth.de\/home\/?page_id=38934"},"modified":"2025-05-22T15:56:12","modified_gmt":"2025-05-22T13:56:12","slug":"informatik-biber","status":"publish","type":"page","link":"https:\/\/www.rwg-bayreuth.de\/home\/?page_id=38934","title":{"rendered":"Informatik-Biber"},"content":{"rendered":"<p><a href=\"https:\/\/www.rwg-bayreuth.de\/home\/wp-content\/uploads\/2025\/05\/Biber-Seite.jpg\"><img decoding=\"async\" src=\"https:\/\/www.rwg-bayreuth.de\/home\/wp-content\/uploads\/2025\/05\/Biber-Seite.jpg\" alt=\"\" width=\"100%\" height=\"auto\" class=\"aligncenter size-full wp-image-38941\" srcset=\"https:\/\/www.rwg-bayreuth.de\/home\/wp-content\/uploads\/2025\/05\/Biber-Seite.jpg 1050w, https:\/\/www.rwg-bayreuth.de\/home\/wp-content\/uploads\/2025\/05\/Biber-Seite-150x50.jpg 150w, https:\/\/www.rwg-bayreuth.de\/home\/wp-content\/uploads\/2025\/05\/Biber-Seite-450x150.jpg 450w, https:\/\/www.rwg-bayreuth.de\/home\/wp-content\/uploads\/2025\/05\/Biber-Seite-768x256.jpg 768w, https:\/\/www.rwg-bayreuth.de\/home\/wp-content\/uploads\/2025\/05\/Biber-Seite-1024x341.jpg 1024w, https:\/\/www.rwg-bayreuth.de\/home\/wp-content\/uploads\/2025\/05\/Biber-Seite-250x83.jpg 250w\" sizes=\"(max-width: 1050px) 100vw, 1050px\" \/><\/a><\/p>\n<p>Der Informatik-Biber ist ein Online-Test f\u00fcr Kinder und Jugendliche der Klassenstufen 3 &#8211; 13. Der Wettbewerb weckt das Interesse an Informatik durch spannende Aufgaben, die keine speziellen Informatikkenntnisse erfordern. Er findet einmal j\u00e4hrlich im November statt.<br \/>\nDas RWG nimmt seit 2024 an diesem Wettbewerb teil.<\/p>\n<h1>Informationen zum Informatik-Biber<\/h1>\n<ul class=\"linkliste\">\n<li><a href=\"https:\/\/www.rwg-bayreuth.de\/home\/wp-content\/uploads\/2025\/05\/Biber-Flyer-2024-WEB.pdf\">Flyer zum Wettbewerb<\/a><\/li>\n<li><a href=\"https:\/\/bwinf.de\/biber\/\" rel=\"noopener\" target=\"_blank\">Website des Wettbewerbs<\/a><\/li>\n<\/ul>\n<div style=\"max-width: 800px\">\n<a href=\"https:\/\/www.rwg-bayreuth.de\/home\/wp-content\/uploads\/2025\/05\/Biber_Keyvisual_.jpg\"><img loading=\"lazy\" decoding=\"async\" src=\"https:\/\/www.rwg-bayreuth.de\/home\/wp-content\/uploads\/2025\/05\/Biber_Keyvisual_.jpg\" alt=\"\" width=\"130\" height=\"130\" class=\"alignright size-full wp-image-38949\" style=\"max-width: 36%; margin-bottom: -50px; margin-right: 10%pt;\" \/><\/a>\n<\/div>\n<h1 class=\"clear\">Aktuelles<\/h1>\n<div style=\"max-width: 1000px\">\n<div class=\"rwg_post_list\"><article id=\"post-38935\"class=\"cf post-38935 post type-post status-publish format-standard has-post-thumbnail hentry category-allgemein tag-home tag-infobiber tag-informatik tag-mint tag-wettbewerb\">\n \t\t<div class=\"entry-thumbnail fadein\"> \t\t\t<a href=\"https:\/\/www.rwg-bayreuth.de\/home\/?p=38935\"><img loading=\"lazy\" decoding=\"async\" width=\"2560\" height=\"1708\" src=\"https:\/\/www.rwg-bayreuth.de\/home\/wp-content\/uploads\/2025\/05\/24-25-InfoBiber-scaled.jpg\" class=\"attachment-post-thumbnail size-post-thumbnail wp-post-image\" alt=\"\" srcset=\"https:\/\/www.rwg-bayreuth.de\/home\/wp-content\/uploads\/2025\/05\/24-25-InfoBiber-scaled.jpg 2560w, https:\/\/www.rwg-bayreuth.de\/home\/wp-content\/uploads\/2025\/05\/24-25-InfoBiber-1536x1025.jpg 1536w, https:\/\/www.rwg-bayreuth.de\/home\/wp-content\/uploads\/2025\/05\/24-25-InfoBiber-2048x1366.jpg 2048w, https:\/\/www.rwg-bayreuth.de\/home\/wp-content\/uploads\/2025\/05\/24-25-InfoBiber-150x100.jpg 150w, https:\/\/www.rwg-bayreuth.de\/home\/wp-content\/uploads\/2025\/05\/24-25-InfoBiber-450x300.jpg 450w, https:\/\/www.rwg-bayreuth.de\/home\/wp-content\/uploads\/2025\/05\/24-25-InfoBiber-768x512.jpg 768w, https:\/\/www.rwg-bayreuth.de\/home\/wp-content\/uploads\/2025\/05\/24-25-InfoBiber-1024x683.jpg 1024w, https:\/\/www.rwg-bayreuth.de\/home\/wp-content\/uploads\/2025\/05\/24-25-InfoBiber-250x167.jpg 250w, https:\/\/www.rwg-bayreuth.de\/home\/wp-content\/uploads\/2025\/05\/24-25-InfoBiber-900x600.jpg 900w\" sizes=\"(max-width: 2560px) 100vw, 2560px\" \/><\/a> \t\t<\/div><!-- end .entry-thumbnail -->\n<div class=\"meta-main-wrap\">\n  <div class=\"\">\n    <header class=\"entry-header\">\n      <div class=\"entry-cats\">\n        <div class=\"kategorie\"><a href=\"https:\/\/www.rwg-bayreuth.de\/home\/?cat=1\" rel=\"category\">Schulleben<\/a><\/div>\n<div class=\"entry-edit\" >      <div class=\"entry-date\" >\n        <a href=\"https:\/\/www.rwg-bayreuth.de\/home\/?p=38935\">22. Januar 2025<\/a>\n      <\/div><\/div><!-- end .entry-date -->\n      <\/div><!-- end .entry-cats -->\n<h2 class=\"entry-title\"><a href=\"https:\/\/www.rwg-bayreuth.de\/home\/?p=38935\" rel=\"bookmark\">Teilnahme am Informatik-Biber 2024<\/a><\/h2>\n    <\/header><!-- end .entry-header -->\n    <div class=\"entry-summary\">\nBeim letzten Informatik-Biber-Wettbewerb haben 247 Sch\u00fclerinnen und Sch\u00fcler unserer Schule teilgenommen. Der Wettbewerb richtet sich an Kinder und Jugendliche und f\u00f6rdert auf spielerische Weise das logische Denken und probleml\u00f6sende Arbeiten im Bereich der Informatik. Vorkenntnisse sind nicht erforderlich, im Mittelpunkt stehen das L\u00f6sen von Aufgaben und das Verst\u00e4ndnis grundlegender informatischer Konzepte. Einige Teilnehmende konnten besonders&hellip;\n  <\/div><!-- .entry-summary -->\n  <\/div><!-- .entry-main -->\n<\/div><!-- .meta-main-wrap -->\n<\/article><!-- end post -38935 -->\n<\/div><!-- end .rwg_post_list -->\n<\/div>\n","protected":false},"excerpt":{"rendered":"<p>Der Informatik-Biber ist ein Online-Test f\u00fcr Kinder und Jugendliche der Klassenstufen 3 &#8211; 13. Der Wettbewerb weckt das Interesse an Informatik durch spannende Aufgaben, die keine speziellen Informatikkenntnisse erfordern. Er findet einmal j\u00e4hrlich im November statt. Das RWG nimmt seit 2024 an diesem Wettbewerb teil. Informationen zum Informatik-Biber Flyer zum Wettbewerb Website des Wettbewerbs Aktuelles<\/p>\n","protected":false},"author":11,"featured_media":0,"parent":6679,"menu_order":0,"comment_status":"closed","ping_status":"closed","template":"page-templates\/no-sidebar.php","meta":{"footnotes":""},"tags":[54],"_links":{"self":[{"href":"https:\/\/www.rwg-bayreuth.de\/home\/index.php?rest_route=\/wp\/v2\/pages\/38934"}],"collection":[{"href":"https:\/\/www.rwg-bayreuth.de\/home\/index.php?rest_route=\/wp\/v2\/pages"}],"about":[{"href":"https:\/\/www.rwg-bayreuth.de\/home\/index.php?rest_route=\/wp\/v2\/types\/page"}],"author":[{"embeddable":true,"href":"https:\/\/www.rwg-bayreuth.de\/home\/index.php?rest_route=\/wp\/v2\/users\/11"}],"replies":[{"embeddable":true,"href":"https:\/\/www.rwg-bayreuth.de\/home\/index.php?rest_route=%2Fwp%2Fv2%2Fcomments&post=38934"}],"version-history":[{"count":13,"href":"https:\/\/www.rwg-bayreuth.de\/home\/index.php?rest_route=\/wp\/v2\/pages\/38934\/revisions"}],"predecessor-version":[{"id":38964,"href":"https:\/\/www.rwg-bayreuth.de\/home\/index.php?rest_route=\/wp\/v2\/pages\/38934\/revisions\/38964"}],"up":[{"embeddable":true,"href":"https:\/\/www.rwg-bayreuth.de\/home\/index.php?rest_route=\/wp\/v2\/pages\/6679"}],"wp:attachment":[{"href":"https:\/\/www.rwg-bayreuth.de\/home\/index.php?rest_route=%2Fwp%2Fv2%2Fmedia&parent=38934"}],"wp:term":[{"taxonomy":"post_tag","embeddable":true,"href":"https:\/\/www.rwg-bayreuth.de\/home\/index.php?rest_route=%2Fwp%2Fv2%2Ftags&post=38934"}],"curies":[{"name":"wp","href":"https:\/\/api.w.org\/{rel}","templated":true}]}}