{"id":35330,"date":"2023-12-13T15:34:40","date_gmt":"2023-12-13T14:34:40","guid":{"rendered":"https:\/\/www.rwg-bayreuth.de\/home\/?page_id=35330"},"modified":"2025-07-07T19:11:07","modified_gmt":"2025-07-07T17:11:07","slug":"umweltschule","status":"publish","type":"page","link":"https:\/\/www.rwg-bayreuth.de\/home\/?page_id=35330","title":{"rendered":"Umweltschule"},"content":{"rendered":"<p><img loading=\"lazy\" decoding=\"async\" src=\"https:\/\/www.rwg-bayreuth.de\/home\/wp-content\/uploads\/2022\/10\/UmweltschuleinEuropa-q-450x450.png\" alt=\"\" width=\"450\" height=\"450\" class=\"alignright size-medium wp-image-32226\" style=\"max-width: 32%\" srcset=\"https:\/\/www.rwg-bayreuth.de\/home\/wp-content\/uploads\/2022\/10\/UmweltschuleinEuropa-q-450x450.png 450w, https:\/\/www.rwg-bayreuth.de\/home\/wp-content\/uploads\/2022\/10\/UmweltschuleinEuropa-q-150x150.png 150w, https:\/\/www.rwg-bayreuth.de\/home\/wp-content\/uploads\/2022\/10\/UmweltschuleinEuropa-q-768x766.png 768w, https:\/\/www.rwg-bayreuth.de\/home\/wp-content\/uploads\/2022\/10\/UmweltschuleinEuropa-q-250x250.png 250w, https:\/\/www.rwg-bayreuth.de\/home\/wp-content\/uploads\/2022\/10\/UmweltschuleinEuropa-q-600x600.png 600w, https:\/\/www.rwg-bayreuth.de\/home\/wp-content\/uploads\/2022\/10\/UmweltschuleinEuropa-q.png 1000w\" sizes=\"(max-width: 450px) 100vw, 450px\" \/>Mit Beginn dieses Schuljahres 2021\/22 gr\u00fcndete sich am Richard-Wagner-Gymnasium das \u201eTeam Umweltschule\u201c, welches aus interessierten Sch\u00fclerinnen und Sch\u00fclern sowie Lehrkr\u00e4ften besteht. Ziel des Teams ist es, die Mitglieder der Schulfamilie zu nachhaltigerem Handeln im Alltag zu ermuntern und das Schulleben nachhaltiger zu gestalten. Seitdem konnten viele Aktionen umgesetzt und Projekte angesto\u00dfen werden, z.B. die Einf\u00fchrung der \u00d6koscouts, das Aufstellen von M\u00fclltrennsystemen oder auch die Planung und Durchf\u00fchrung des Marktplatzes der Nachhaltigkeit, was zu dem sehr erfreulichen Ergebnis gef\u00fchrt hat, dass das RWG in den vergangenen Schuljahren als \u201eUmweltschule in Europa \/ Internationale Nachhaltigkeitsschule\u201c ausgezeichnet wurde. <\/p>\n<p>Das Team Umweltschule freut sich \u00fcber alle Mitglieder der Schulfamilie, die sich bei Projekten mit einbringen m\u00f6chten. <\/p>\n<h1>Aktuelles<\/h1>\n<div style=\"max-width: 1000px\">\n<div class=\"rwg_post_list\"><article id=\"post-40078\"class=\"cf post-40078 post type-post status-publish format-standard has-post-thumbnail hentry category-allgemein tag-home tag-umweltschule\">\n \t\t<div class=\"entry-thumbnail fadein\"> \t\t\t<a href=\"https:\/\/www.rwg-bayreuth.de\/home\/?p=40078\"><img loading=\"lazy\" decoding=\"async\" width=\"1640\" height=\"1093\" src=\"https:\/\/www.rwg-bayreuth.de\/home\/wp-content\/uploads\/2025\/11\/25-26-RWG-Wald_Zeder2-B.jpg\" class=\"attachment-post-thumbnail size-post-thumbnail wp-post-image\" alt=\"\" srcset=\"https:\/\/www.rwg-bayreuth.de\/home\/wp-content\/uploads\/2025\/11\/25-26-RWG-Wald_Zeder2-B.jpg 1640w, https:\/\/www.rwg-bayreuth.de\/home\/wp-content\/uploads\/2025\/11\/25-26-RWG-Wald_Zeder2-B-1536x1024.jpg 1536w, https:\/\/www.rwg-bayreuth.de\/home\/wp-content\/uploads\/2025\/11\/25-26-RWG-Wald_Zeder2-B-150x100.jpg 150w, https:\/\/www.rwg-bayreuth.de\/home\/wp-content\/uploads\/2025\/11\/25-26-RWG-Wald_Zeder2-B-450x300.jpg 450w, https:\/\/www.rwg-bayreuth.de\/home\/wp-content\/uploads\/2025\/11\/25-26-RWG-Wald_Zeder2-B-768x512.jpg 768w, https:\/\/www.rwg-bayreuth.de\/home\/wp-content\/uploads\/2025\/11\/25-26-RWG-Wald_Zeder2-B-1024x682.jpg 1024w, https:\/\/www.rwg-bayreuth.de\/home\/wp-content\/uploads\/2025\/11\/25-26-RWG-Wald_Zeder2-B-250x167.jpg 250w, https:\/\/www.rwg-bayreuth.de\/home\/wp-content\/uploads\/2025\/11\/25-26-RWG-Wald_Zeder2-B-900x600.jpg 900w\" sizes=\"(max-width: 1640px) 100vw, 1640px\" \/><\/a> \t\t<\/div><!-- end .entry-thumbnail -->\n<div class=\"meta-main-wrap\">\n  <div class=\"\">\n    <header class=\"entry-header\">\n      <div class=\"entry-cats\">\n        <div class=\"kategorie\"><a href=\"https:\/\/www.rwg-bayreuth.de\/home\/?cat=1\" rel=\"category\">Schulleben<\/a><\/div>\n<div class=\"entry-edit\" >      <div class=\"entry-date\" >\n        <a href=\"https:\/\/www.rwg-bayreuth.de\/home\/?p=40078\">31. Oktober 2025<\/a>\n      <\/div><\/div><!-- end .entry-date -->\n      <\/div><!-- end .entry-cats -->\n<h2 class=\"entry-title\"><a href=\"https:\/\/www.rwg-bayreuth.de\/home\/?p=40078\" rel=\"bookmark\">Neue Wurzeln f\u00fcr die Zukunft \u2013 Pflanzaktion im RWG-Wald 2.0<\/a><\/h2>\n    <\/header><!-- end .entry-header -->\n    <div class=\"entry-summary\">\nNur drei Tage nach der feierlichen erneuten Auszeichnung des Richard-Wagner-Gymnasiums als \u201eUmweltschule in Europa\u201c setzten unsere engagierten \u00d6koscouts gemeinsam mit Lehrkr\u00e4ften, Eltern und Revierf\u00f6rster Herrn Roth ein sichtbares Zeichen f\u00fcr Nachhaltigkeit: Am 30. Oktober 2025 wurden im RWG-Wald 2.0 zwischen Eckersdorf und Geigenreuth zwanzig junge Libanonzedern gepflanzt \u2013 als lebendiger Ersatz f\u00fcr die gef\u00e4llte Zeder&hellip;\n  <\/div><!-- .entry-summary -->\n  <\/div><!-- .entry-main -->\n<\/div><!-- .meta-main-wrap -->\n<\/article><!-- end post -40078 -->\n<article id=\"post-38827\"class=\"cf post-38827 post type-post status-publish format-standard has-post-thumbnail hentry category-allgemein tag-home tag-umweltschule\">\n \t\t<div class=\"entry-thumbnail fadein\"> \t\t\t<a href=\"https:\/\/www.rwg-bayreuth.de\/home\/?p=38827\"><img loading=\"lazy\" decoding=\"async\" width=\"1024\" height=\"683\" src=\"https:\/\/www.rwg-bayreuth.de\/home\/wp-content\/uploads\/2025\/05\/24-25-MarktplatzDerNachhaltigkeit3-B.jpg\" class=\"attachment-post-thumbnail size-post-thumbnail wp-post-image\" alt=\"\" srcset=\"https:\/\/www.rwg-bayreuth.de\/home\/wp-content\/uploads\/2025\/05\/24-25-MarktplatzDerNachhaltigkeit3-B.jpg 1024w, https:\/\/www.rwg-bayreuth.de\/home\/wp-content\/uploads\/2025\/05\/24-25-MarktplatzDerNachhaltigkeit3-B-150x100.jpg 150w, https:\/\/www.rwg-bayreuth.de\/home\/wp-content\/uploads\/2025\/05\/24-25-MarktplatzDerNachhaltigkeit3-B-450x300.jpg 450w, https:\/\/www.rwg-bayreuth.de\/home\/wp-content\/uploads\/2025\/05\/24-25-MarktplatzDerNachhaltigkeit3-B-768x512.jpg 768w, https:\/\/www.rwg-bayreuth.de\/home\/wp-content\/uploads\/2025\/05\/24-25-MarktplatzDerNachhaltigkeit3-B-250x167.jpg 250w, https:\/\/www.rwg-bayreuth.de\/home\/wp-content\/uploads\/2025\/05\/24-25-MarktplatzDerNachhaltigkeit3-B-900x600.jpg 900w\" sizes=\"(max-width: 1024px) 100vw, 1024px\" \/><\/a> \t\t<\/div><!-- end .entry-thumbnail -->\n<div class=\"meta-main-wrap\">\n  <div class=\"\">\n    <header class=\"entry-header\">\n      <div class=\"entry-cats\">\n        <div class=\"kategorie\"><a href=\"https:\/\/www.rwg-bayreuth.de\/home\/?cat=1\" rel=\"category\">Schulleben<\/a><\/div>\n<div class=\"entry-edit\" >      <div class=\"entry-date\" >\n        <a href=\"https:\/\/www.rwg-bayreuth.de\/home\/?p=38827\">10. Mai 2025<\/a>\n      <\/div><\/div><!-- end .entry-date -->\n      <\/div><!-- end .entry-cats -->\n<h2 class=\"entry-title\"><a href=\"https:\/\/www.rwg-bayreuth.de\/home\/?p=38827\" rel=\"bookmark\">Nachhaltigkeit zum Mitmachen \u2013 Der 3. Marktplatz der Nachhaltigkeit am RWG<\/a><\/h2>\n    <\/header><!-- end .entry-header -->\n    <div class=\"entry-summary\">\nWie kann man Umweltschutz im Schulalltag verankern? Wie k\u00f6nnen junge Menschen Verantwortung f\u00fcr die Zukunft \u00fcbernehmen? Antworten auf diese Fragen lieferte der 3. Marktplatz der Nachhaltigkeit, der am 9. Mai 2025 am Richard-Wagner-Gymnasium stattfand. Das vielf\u00e4ltige Programm lud alle Sch\u00fclerinnen und Sch\u00fcler dazu ein, sich aktiv mit Themen rund um Klima, Umwelt und nachhaltiges Handeln&hellip;\n  <\/div><!-- .entry-summary -->\n  <\/div><!-- .entry-main -->\n<\/div><!-- .meta-main-wrap -->\n<\/article><!-- end post -38827 -->\n<article id=\"post-38486\"class=\"cf post-38486 post type-post status-publish format-standard has-post-thumbnail hentry category-allgemein tag-geographie tag-home tag-p-seminar tag-umweltschule\">\n \t\t<div class=\"entry-thumbnail fadein\"> \t\t\t<a href=\"https:\/\/www.rwg-bayreuth.de\/home\/?p=38486\"><img loading=\"lazy\" decoding=\"async\" width=\"1024\" height=\"683\" src=\"https:\/\/www.rwg-bayreuth.de\/home\/wp-content\/uploads\/2025\/04\/24-25-Zukunftstr-baeume-B.jpg\" class=\"attachment-post-thumbnail size-post-thumbnail wp-post-image\" alt=\"\" srcset=\"https:\/\/www.rwg-bayreuth.de\/home\/wp-content\/uploads\/2025\/04\/24-25-Zukunftstr-baeume-B.jpg 1024w, https:\/\/www.rwg-bayreuth.de\/home\/wp-content\/uploads\/2025\/04\/24-25-Zukunftstr-baeume-B-150x100.jpg 150w, https:\/\/www.rwg-bayreuth.de\/home\/wp-content\/uploads\/2025\/04\/24-25-Zukunftstr-baeume-B-450x300.jpg 450w, https:\/\/www.rwg-bayreuth.de\/home\/wp-content\/uploads\/2025\/04\/24-25-Zukunftstr-baeume-B-768x512.jpg 768w, https:\/\/www.rwg-bayreuth.de\/home\/wp-content\/uploads\/2025\/04\/24-25-Zukunftstr-baeume-B-250x167.jpg 250w, https:\/\/www.rwg-bayreuth.de\/home\/wp-content\/uploads\/2025\/04\/24-25-Zukunftstr-baeume-B-900x600.jpg 900w\" sizes=\"(max-width: 1024px) 100vw, 1024px\" \/><\/a> \t\t<\/div><!-- end .entry-thumbnail -->\n<div class=\"meta-main-wrap\">\n  <div class=\"\">\n    <header class=\"entry-header\">\n      <div class=\"entry-cats\">\n        <div class=\"kategorie\"><a href=\"https:\/\/www.rwg-bayreuth.de\/home\/?cat=1\" rel=\"category\">Schulleben<\/a><\/div>\n<div class=\"entry-edit\" >      <div class=\"entry-date\" >\n        <a href=\"https:\/\/www.rwg-bayreuth.de\/home\/?p=38486\">3. April 2025<\/a>\n      <\/div><\/div><!-- end .entry-date -->\n      <\/div><!-- end .entry-cats -->\n<h2 class=\"entry-title\"><a href=\"https:\/\/www.rwg-bayreuth.de\/home\/?p=38486\" rel=\"bookmark\">Die Zukunftsb\u00e4ume des RWG<\/a><\/h2>\n    <\/header><!-- end .entry-header -->\n    <div class=\"entry-summary\">\nSch\u00fclerinnen und Sch\u00fcler des Richard-Wagner-Gymnasiums pflanzen mit dem Bezirkstagspr\u00e4sidenten Henry Schramm 500 B\u00e4ume im Wald zwischen Geigenreuth und Eckersdorf. \u201eWir wollen ein Zeichen daf\u00fcr setzen, dass jede und jeder seinen Beitrag gegen den Klimawandel leisten kann\u201c, sagte eine Sch\u00fclerin des P-Seminars \u201eZukunfts(tr\/b)\u00e4ume\u201c. Dabei pflanzte sie mit rund 50 Helferinnen und Helfern aus der RWG-Schulfamilie B\u00e4ume,&hellip;\n  <\/div><!-- .entry-summary -->\n  <\/div><!-- .entry-main -->\n<\/div><!-- .meta-main-wrap -->\n<\/article><!-- end post -38486 -->\n<\/div><!-- end .rwg_post_list -->\n<\/div>\n","protected":false},"excerpt":{"rendered":"<p>Mit Beginn dieses Schuljahres 2021\/22 gr\u00fcndete sich am Richard-Wagner-Gymnasium das \u201eTeam Umweltschule\u201c, welches aus interessierten Sch\u00fclerinnen und Sch\u00fclern sowie Lehrkr\u00e4ften besteht. Ziel des Teams ist es, die Mitglieder der Schulfamilie zu nachhaltigerem Handeln im Alltag zu ermuntern und das Schulleben nachhaltiger zu gestalten. Seitdem konnten viele Aktionen umgesetzt und Projekte angesto\u00dfen werden, z.B. die Einf\u00fchrung&hellip;<\/p>\n","protected":false},"author":11,"featured_media":0,"parent":11132,"menu_order":60,"comment_status":"closed","ping_status":"closed","template":"page-templates\/no-sidebar.php","meta":{"footnotes":""},"tags":[54],"_links":{"self":[{"href":"https:\/\/www.rwg-bayreuth.de\/home\/index.php?rest_route=\/wp\/v2\/pages\/35330"}],"collection":[{"href":"https:\/\/www.rwg-bayreuth.de\/home\/index.php?rest_route=\/wp\/v2\/pages"}],"about":[{"href":"https:\/\/www.rwg-bayreuth.de\/home\/index.php?rest_route=\/wp\/v2\/types\/page"}],"author":[{"embeddable":true,"href":"https:\/\/www.rwg-bayreuth.de\/home\/index.php?rest_route=\/wp\/v2\/users\/11"}],"replies":[{"embeddable":true,"href":"https:\/\/www.rwg-bayreuth.de\/home\/index.php?rest_route=%2Fwp%2Fv2%2Fcomments&post=35330"}],"version-history":[{"count":4,"href":"https:\/\/www.rwg-bayreuth.de\/home\/index.php?rest_route=\/wp\/v2\/pages\/35330\/revisions"}],"predecessor-version":[{"id":39122,"href":"https:\/\/www.rwg-bayreuth.de\/home\/index.php?rest_route=\/wp\/v2\/pages\/35330\/revisions\/39122"}],"up":[{"embeddable":true,"href":"https:\/\/www.rwg-bayreuth.de\/home\/index.php?rest_route=\/wp\/v2\/pages\/11132"}],"wp:attachment":[{"href":"https:\/\/www.rwg-bayreuth.de\/home\/index.php?rest_route=%2Fwp%2Fv2%2Fmedia&parent=35330"}],"wp:term":[{"taxonomy":"post_tag","embeddable":true,"href":"https:\/\/www.rwg-bayreuth.de\/home\/index.php?rest_route=%2Fwp%2Fv2%2Ftags&post=35330"}],"curies":[{"name":"wp","href":"https:\/\/api.w.org\/{rel}","templated":true}]}}

<p><img loading="lazy" decoding="async" src="https://www.rwg-bayreuth.de/home/wp-content/uploads/2022/10/UmweltschuleinEuropa-q-450x450.png" alt="" width="450" height="450" class="alignright size-medium wp-image-32226" style="max-width: 32%" srcset="https://www.rwg-bayreuth.de/home/wp-content/uploads/2022/10/UmweltschuleinEuropa-q-450x450.png 450w, https://www.rwg-bayreuth.de/home/wp-content/uploads/2022/10/UmweltschuleinEuropa-q-150x150.png 150w, https://www.rwg-bayreuth.de/home/wp-content/uploads/2022/10/UmweltschuleinEuropa-q-768x766.png 768w, https://www.rwg-bayreuth.de/home/wp-content/uploads/2022/10/UmweltschuleinEuropa-q-250x250.png 250w, https://www.rwg-bayreuth.de/home/wp-content/uploads/2022/10/UmweltschuleinEuropa-q-600x600.png 600w, https://www.rwg-bayreuth.de/home/wp-content/uploads/2022/10/UmweltschuleinEuropa-q.png 1000w" sizes="(max-width: 450px) 100vw, 450px" />Mit Beginn dieses Schuljahres 2021/22 gründete sich am Richard-Wagner-Gymnasium das „Team Umweltschule“, welches aus interessierten Schülerinnen und Schülern sowie Lehrkräften besteht. Ziel des Teams ist es, die Mitglieder der Schulfamilie zu nachhaltigerem Handeln im Alltag zu ermuntern und das Schulleben nachhaltiger zu gestalten. Seitdem konnten viele Aktionen umgesetzt und Projekte angestoßen werden, z.B. die Einführung der Ökoscouts, das Aufstellen von Mülltrennsystemen oder auch die Planung und Durchführung des Marktplatzes der Nachhaltigkeit, was zu dem sehr erfreulichen Ergebnis geführt hat, dass das RWG in den vergangenen Schuljahren als „Umweltschule in Europa / Internationale Nachhaltigkeitsschule“ ausgezeichnet wurde. </p>
<p>Das Team Umweltschule freut sich über alle Mitglieder der Schulfamilie, die sich bei Projekten mit einbringen möchten. </p>
<h1>Aktuelles</h1>
<div style="max-width: 1000px">
<div class="rwg_post_list"><article id="post-40078"class="cf post-40078 post type-post status-publish format-standard has-post-thumbnail hentry category-allgemein tag-home tag-umweltschule">
 		<div class="entry-thumbnail fadein"> 			<a href="https://www.rwg-bayreuth.de/home/?p=40078"><img loading="lazy" decoding="async" width="1640" height="1093" src="https://www.rwg-bayreuth.de/home/wp-content/uploads/2025/11/25-26-RWG-Wald_Zeder2-B.jpg" class="attachment-post-thumbnail size-post-thumbnail wp-post-image" alt="" srcset="https://www.rwg-bayreuth.de/home/wp-content/uploads/2025/11/25-26-RWG-Wald_Zeder2-B.jpg 1640w, https://www.rwg-bayreuth.de/home/wp-content/uploads/2025/11/25-26-RWG-Wald_Zeder2-B-1536x1024.jpg 1536w, https://www.rwg-bayreuth.de/home/wp-content/uploads/2025/11/25-26-RWG-Wald_Zeder2-B-150x100.jpg 150w, https://www.rwg-bayreuth.de/home/wp-content/uploads/2025/11/25-26-RWG-Wald_Zeder2-B-450x300.jpg 450w, https://www.rwg-bayreuth.de/home/wp-content/uploads/2025/11/25-26-RWG-Wald_Zeder2-B-768x512.jpg 768w, https://www.rwg-bayreuth.de/home/wp-content/uploads/2025/11/25-26-RWG-Wald_Zeder2-B-1024x682.jpg 1024w, https://www.rwg-bayreuth.de/home/wp-content/uploads/2025/11/25-26-RWG-Wald_Zeder2-B-250x167.jpg 250w, https://www.rwg-bayreuth.de/home/wp-content/uploads/2025/11/25-26-RWG-Wald_Zeder2-B-900x600.jpg 900w" sizes="(max-width: 1640px) 100vw, 1640px" /></a> 		</div><!-- end .entry-thumbnail -->
<div class="meta-main-wrap">
  <div class="">
    <header class="entry-header">
      <div class="entry-cats">
        <div class="kategorie"><a href="https://www.rwg-bayreuth.de/home/?cat=1" rel="category">Schulleben</a></div>
<div class="entry-edit" >      <div class="entry-date" >
        <a href="https://www.rwg-bayreuth.de/home/?p=40078">31. Oktober 2025</a>
      </div></div><!-- end .entry-date -->
      </div><!-- end .entry-cats -->
<h2 class="entry-title"><a href="https://www.rwg-bayreuth.de/home/?p=40078" rel="bookmark">Neue Wurzeln für die Zukunft – Pflanzaktion im RWG-Wald 2.0</a></h2>
    </header><!-- end .entry-header -->
    <div class="entry-summary">
Nur drei Tage nach der feierlichen erneuten Auszeichnung des Richard-Wagner-Gymnasiums als „Umweltschule in Europa“ setzten unsere engagierten Ökoscouts gemeinsam mit Lehrkräften, Eltern und Revierförster Herrn Roth ein sichtbares Zeichen für Nachhaltigkeit: Am 30. Oktober 2025 wurden im RWG-Wald 2.0 zwischen Eckersdorf und Geigenreuth zwanzig junge Libanonzedern gepflanzt – als lebendiger Ersatz für die gefällte Zeder&hellip;
  </div><!-- .entry-summary -->
  </div><!-- .entry-main -->
</div><!-- .meta-main-wrap -->
</article><!-- end post -40078 -->
<article id="post-38827"class="cf post-38827 post type-post status-publish format-standard has-post-thumbnail hentry category-allgemein tag-home tag-umweltschule">
 		<div class="entry-thumbnail fadein"> 			<a href="https://www.rwg-bayreuth.de/home/?p=38827"><img loading="lazy" decoding="async" width="1024" height="683" src="https://www.rwg-bayreuth.de/home/wp-content/uploads/2025/05/24-25-MarktplatzDerNachhaltigkeit3-B.jpg" class="attachment-post-thumbnail size-post-thumbnail wp-post-image" alt="" srcset="https://www.rwg-bayreuth.de/home/wp-content/uploads/2025/05/24-25-MarktplatzDerNachhaltigkeit3-B.jpg 1024w, https://www.rwg-bayreuth.de/home/wp-content/uploads/2025/05/24-25-MarktplatzDerNachhaltigkeit3-B-150x100.jpg 150w, https://www.rwg-bayreuth.de/home/wp-content/uploads/2025/05/24-25-MarktplatzDerNachhaltigkeit3-B-450x300.jpg 450w, https://www.rwg-bayreuth.de/home/wp-content/uploads/2025/05/24-25-MarktplatzDerNachhaltigkeit3-B-768x512.jpg 768w, https://www.rwg-bayreuth.de/home/wp-content/uploads/2025/05/24-25-MarktplatzDerNachhaltigkeit3-B-250x167.jpg 250w, https://www.rwg-bayreuth.de/home/wp-content/uploads/2025/05/24-25-MarktplatzDerNachhaltigkeit3-B-900x600.jpg 900w" sizes="(max-width: 1024px) 100vw, 1024px" /></a> 		</div><!-- end .entry-thumbnail -->
<div class="meta-main-wrap">
  <div class="">
    <header class="entry-header">
      <div class="entry-cats">
        <div class="kategorie"><a href="https://www.rwg-bayreuth.de/home/?cat=1" rel="category">Schulleben</a></div>
<div class="entry-edit" >      <div class="entry-date" >
        <a href="https://www.rwg-bayreuth.de/home/?p=38827">10. Mai 2025</a>
      </div></div><!-- end .entry-date -->
      </div><!-- end .entry-cats -->
<h2 class="entry-title"><a href="https://www.rwg-bayreuth.de/home/?p=38827" rel="bookmark">Nachhaltigkeit zum Mitmachen – Der 3. Marktplatz der Nachhaltigkeit am RWG</a></h2>
    </header><!-- end .entry-header -->
    <div class="entry-summary">
Wie kann man Umweltschutz im Schulalltag verankern? Wie können junge Menschen Verantwortung für die Zukunft übernehmen? Antworten auf diese Fragen lieferte der 3. Marktplatz der Nachhaltigkeit, der am 9. Mai 2025 am Richard-Wagner-Gymnasium stattfand. Das vielfältige Programm lud alle Schülerinnen und Schüler dazu ein, sich aktiv mit Themen rund um Klima, Umwelt und nachhaltiges Handeln&hellip;
  </div><!-- .entry-summary -->
  </div><!-- .entry-main -->
</div><!-- .meta-main-wrap -->
</article><!-- end post -38827 -->
<article id="post-38486"class="cf post-38486 post type-post status-publish format-standard has-post-thumbnail hentry category-allgemein tag-geographie tag-home tag-p-seminar tag-umweltschule">
 		<div class="entry-thumbnail fadein"> 			<a href="https://www.rwg-bayreuth.de/home/?p=38486"><img loading="lazy" decoding="async" width="1024" height="683" src="https://www.rwg-bayreuth.de/home/wp-content/uploads/2025/04/24-25-Zukunftstr-baeume-B.jpg" class="attachment-post-thumbnail size-post-thumbnail wp-post-image" alt="" srcset="https://www.rwg-bayreuth.de/home/wp-content/uploads/2025/04/24-25-Zukunftstr-baeume-B.jpg 1024w, https://www.rwg-bayreuth.de/home/wp-content/uploads/2025/04/24-25-Zukunftstr-baeume-B-150x100.jpg 150w, https://www.rwg-bayreuth.de/home/wp-content/uploads/2025/04/24-25-Zukunftstr-baeume-B-450x300.jpg 450w, https://www.rwg-bayreuth.de/home/wp-content/uploads/2025/04/24-25-Zukunftstr-baeume-B-768x512.jpg 768w, https://www.rwg-bayreuth.de/home/wp-content/uploads/2025/04/24-25-Zukunftstr-baeume-B-250x167.jpg 250w, https://www.rwg-bayreuth.de/home/wp-content/uploads/2025/04/24-25-Zukunftstr-baeume-B-900x600.jpg 900w" sizes="(max-width: 1024px) 100vw, 1024px" /></a> 		</div><!-- end .entry-thumbnail -->
<div class="meta-main-wrap">
  <div class="">
    <header class="entry-header">
      <div class="entry-cats">
        <div class="kategorie"><a href="https://www.rwg-bayreuth.de/home/?cat=1" rel="category">Schulleben</a></div>
<div class="entry-edit" >      <div class="entry-date" >
        <a href="https://www.rwg-bayreuth.de/home/?p=38486">3. April 2025</a>
      </div></div><!-- end .entry-date -->
      </div><!-- end .entry-cats -->
<h2 class="entry-title"><a href="https://www.rwg-bayreuth.de/home/?p=38486" rel="bookmark">Die Zukunftsbäume des RWG</a></h2>
    </header><!-- end .entry-header -->
    <div class="entry-summary">
Schülerinnen und Schüler des Richard-Wagner-Gymnasiums pflanzen mit dem Bezirkstagspräsidenten Henry Schramm 500 Bäume im Wald zwischen Geigenreuth und Eckersdorf. „Wir wollen ein Zeichen dafür setzen, dass jede und jeder seinen Beitrag gegen den Klimawandel leisten kann“, sagte eine Schülerin des P-Seminars „Zukunfts(tr/b)äume“. Dabei pflanzte sie mit rund 50 Helferinnen und Helfern aus der RWG-Schulfamilie Bäume,&hellip;
  </div><!-- .entry-summary -->
  </div><!-- .entry-main -->
</div><!-- .meta-main-wrap -->
</article><!-- end post -38486 -->
</div><!-- end .rwg_post_list -->
</div>

<p>Mit Beginn dieses Schuljahres 2021/22 gründete sich am Richard-Wagner-Gymnasium das „Team Umweltschule“, welches aus interessierten Schülerinnen und Schülern sowie Lehrkräften besteht. Ziel des Teams ist es, die Mitglieder der Schulfamilie zu nachhaltigerem Handeln im Alltag zu ermuntern und das Schulleben nachhaltiger zu gestalten. Seitdem konnten viele Aktionen umgesetzt und Projekte angestoßen werden, z.B. die Einführung&hellip;</p>
