{"id":3140,"date":"2014-02-26T22:31:21","date_gmt":"2014-02-26T21:31:21","guid":{"rendered":"http:\/\/www.rwg-bayreuth.de\/home\/?page_id=3140"},"modified":"2023-09-28T20:19:11","modified_gmt":"2023-09-28T18:19:11","slug":"neu-werteerziehung-im-projekt","status":"publish","type":"page","link":"https:\/\/www.rwg-bayreuth.de\/home\/?page_id=3140","title":{"rendered":"Werteerziehung"},"content":{"rendered":"<div id=\"attachment_6146\" style=\"width: 360px\" class=\"wp-caption alignleft\"><a href=\"https:\/\/www.rwg-bayreuth.de\/home\/wp-content\/uploads\/2014\/02\/2015_Projekttag_6_Essen2_web.jpg\"><img loading=\"lazy\" decoding=\"async\" aria-describedby=\"caption-attachment-6146\" src=\"https:\/\/www.rwg-bayreuth.de\/home\/wp-content\/uploads\/2014\/02\/2015_Projekttag_6_Essen2_web.jpg\" alt=\"Richtige Ern\u00e4hrung ist ein wichtiges Thema.\" width=\"350\" height=\"231\" class=\"size-full wp-image-6146\" srcset=\"https:\/\/www.rwg-bayreuth.de\/home\/wp-content\/uploads\/2014\/02\/2015_Projekttag_6_Essen2_web.jpg 350w, https:\/\/www.rwg-bayreuth.de\/home\/wp-content\/uploads\/2014\/02\/2015_Projekttag_6_Essen2_web-150x99.jpg 150w, https:\/\/www.rwg-bayreuth.de\/home\/wp-content\/uploads\/2014\/02\/2015_Projekttag_6_Essen2_web-300x198.jpg 300w, https:\/\/www.rwg-bayreuth.de\/home\/wp-content\/uploads\/2014\/02\/2015_Projekttag_6_Essen2_web-250x165.jpg 250w\" sizes=\"(max-width: 350px) 100vw, 350px\" \/><\/a><p id=\"caption-attachment-6146\" class=\"wp-caption-text\">Richtige Ern\u00e4hrung ist ein wichtiges Thema.<\/p><\/div>\n<p>Die Werteerziehung ist ein wichtiges Anliegen der Schule. Immerhin geht es nicht nur darum, den anvertrauten Sch\u00fclern m\u00f6glichst viel an Wissen und an grundlegenden F\u00e4higkeiten beizubringen, die beide helfen sollen, bestimmte Aufgaben zu meistern. Wichtig ist es auch, auf das Verhalten der Sch\u00fcler einzuwirken. Welche Ziele sich das RWG dabei steckt, wird aus dem P\u00e4dagogischen Programm deutlich: es definiert grundlegende Wertvorstellungen, die f\u00fcr alle gelten sollen.<\/p>\n<p>In die Praxis umsetzbar ist dies jedoch nur, wenn die Sch\u00fcler merken, dass sie mit ihren Anliegen, Sorgen und Problemen ernst genommen werden und die Schule bereit ist, sich darauf einzulassen. Dies soll in Form der RWG-Werte-Projekttage geschehen. Sie legen f\u00fcr jede Jahrgangsstufe ein Thema fest, das f\u00fcr die Altersgruppe von besonderem Interesse ist, und widmen einen Schultag der Aufarbeitung der entsprechenden Fragestellungen.<\/p>\n<p>An dem Projekttag geht es also einmal nicht um Lehrplaninhalte und Faktenwissen, sondern um Fragen, die von allgemeinem Interesse sind. Gemeinsam sollen Antworten formuliert werden, welche den Sch\u00fclerinnen und Sch\u00fclern helfen, den Alltag besser zu meistern.<\/p>\n<p>In den einzelnen Jahrgangsstufen werden diese Themen behandelt:<\/p>\n<ul>\n<li>5. Klassen: Lernen lernen<\/li>\n<li>6. Klassen: Essen und Ern\u00e4hrung<\/li>\n<li>7. Klassen: Mobbing und Cybermobbing<\/li>\n<li>8. Klassen: Sucht und Alkohol<\/li>\n<li>9. Klassen: Stressbew\u00e4ltigung<\/li>\n<li>10. Klassen: Verantwortung gegen\u00fcber der Natur<\/li>\n<\/ul>\n<h5>Hier sind mehr Informationen zum Wertetag <\/h5>\n<div class=\"rwg_post_list\"><article id=\"post-34456\"class=\"cf post-34456 post type-post status-publish format-standard has-post-thumbnail hentry category-allgemein tag-home tag-projekttag\">\n \t\t<div class=\"entry-thumbnail fadein\"> \t\t\t<a href=\"https:\/\/www.rwg-bayreuth.de\/home\/?p=34456\"><img loading=\"lazy\" decoding=\"async\" width=\"1024\" height=\"683\" src=\"https:\/\/www.rwg-bayreuth.de\/home\/wp-content\/uploads\/2023\/09\/22-23-Projekttag-Presseclub-B.jpg\" class=\"attachment-post-thumbnail size-post-thumbnail wp-post-image\" alt=\"\" srcset=\"https:\/\/www.rwg-bayreuth.de\/home\/wp-content\/uploads\/2023\/09\/22-23-Projekttag-Presseclub-B.jpg 1024w, https:\/\/www.rwg-bayreuth.de\/home\/wp-content\/uploads\/2023\/09\/22-23-Projekttag-Presseclub-B-450x300.jpg 450w, https:\/\/www.rwg-bayreuth.de\/home\/wp-content\/uploads\/2023\/09\/22-23-Projekttag-Presseclub-B-150x100.jpg 150w, https:\/\/www.rwg-bayreuth.de\/home\/wp-content\/uploads\/2023\/09\/22-23-Projekttag-Presseclub-B-768x512.jpg 768w, https:\/\/www.rwg-bayreuth.de\/home\/wp-content\/uploads\/2023\/09\/22-23-Projekttag-Presseclub-B-250x167.jpg 250w, https:\/\/www.rwg-bayreuth.de\/home\/wp-content\/uploads\/2023\/09\/22-23-Projekttag-Presseclub-B-900x600.jpg 900w\" sizes=\"(max-width: 1024px) 100vw, 1024px\" \/><\/a> \t\t<\/div><!-- end .entry-thumbnail -->\n<div class=\"meta-main-wrap\">\n  <div class=\"\">\n    <header class=\"entry-header\">\n      <div class=\"entry-cats\">\n        <div class=\"kategorie\"><a href=\"https:\/\/www.rwg-bayreuth.de\/home\/?cat=1\" rel=\"category\">Schulleben<\/a><\/div>\n<div class=\"entry-edit\" >      <div class=\"entry-date\" >\n        <a href=\"https:\/\/www.rwg-bayreuth.de\/home\/?p=34456\">16. September 2023<\/a>\n      <\/div><\/div><!-- end .entry-date -->\n      <\/div><!-- end .entry-cats -->\n<h2 class=\"entry-title\"><a href=\"https:\/\/www.rwg-bayreuth.de\/home\/?p=34456\" rel=\"bookmark\">Wer will flei\u00dfige Pressewerkler seh&#8217;n?<\/a><\/h2>\n    <\/header><!-- end .entry-header -->\n    <div class=\"entry-summary\">\n\u2026der muss zu uns, dem Presseclub, geh&#8217;n! Projekttag. Ganz RWG ist auf den Beinen, um sich EINER Projektaktivit\u00e4t zu widmen. GANZ RWG? Nein! Eine kleine, unerschrockene Schar von Nachwuchsreportern hat es sich zur Aufgabe gemacht, mehrere flei\u00dfige Gruppen zu besuchen, sich einen \u00dcberblick zu verschaffen, diesen in Wort und Bild zu fassen und dann dem&hellip;\n  <\/div><!-- .entry-summary -->\n  <\/div><!-- .entry-main -->\n<\/div><!-- .meta-main-wrap -->\n<\/article><!-- end post -34456 -->\n<article id=\"post-34060\"class=\"cf post-34060 post type-post status-publish format-standard has-post-thumbnail hentry category-allgemein tag-home tag-projekttag\">\n \t\t<div class=\"entry-thumbnail fadein\"> \t\t\t<a href=\"https:\/\/www.rwg-bayreuth.de\/home\/?p=34060\"><img loading=\"lazy\" decoding=\"async\" width=\"1024\" height=\"683\" src=\"https:\/\/www.rwg-bayreuth.de\/home\/wp-content\/uploads\/2023\/07\/22-23-Prokekttage2022-Reporter_Bild3.jpg\" class=\"attachment-post-thumbnail size-post-thumbnail wp-post-image\" alt=\"\" srcset=\"https:\/\/www.rwg-bayreuth.de\/home\/wp-content\/uploads\/2023\/07\/22-23-Prokekttage2022-Reporter_Bild3.jpg 1024w, https:\/\/www.rwg-bayreuth.de\/home\/wp-content\/uploads\/2023\/07\/22-23-Prokekttage2022-Reporter_Bild3-450x300.jpg 450w, https:\/\/www.rwg-bayreuth.de\/home\/wp-content\/uploads\/2023\/07\/22-23-Prokekttage2022-Reporter_Bild3-150x100.jpg 150w, https:\/\/www.rwg-bayreuth.de\/home\/wp-content\/uploads\/2023\/07\/22-23-Prokekttage2022-Reporter_Bild3-768x512.jpg 768w, https:\/\/www.rwg-bayreuth.de\/home\/wp-content\/uploads\/2023\/07\/22-23-Prokekttage2022-Reporter_Bild3-250x167.jpg 250w, https:\/\/www.rwg-bayreuth.de\/home\/wp-content\/uploads\/2023\/07\/22-23-Prokekttage2022-Reporter_Bild3-900x600.jpg 900w\" sizes=\"(max-width: 1024px) 100vw, 1024px\" \/><\/a> \t\t<\/div><!-- end .entry-thumbnail -->\n<div class=\"meta-main-wrap\">\n  <div class=\"\">\n    <header class=\"entry-header\">\n      <div class=\"entry-cats\">\n        <div class=\"kategorie\"><a href=\"https:\/\/www.rwg-bayreuth.de\/home\/?cat=1\" rel=\"category\">Schulleben<\/a><\/div>\n<div class=\"entry-edit\" >      <div class=\"entry-date\" >\n        <a href=\"https:\/\/www.rwg-bayreuth.de\/home\/?p=34060\">6. Juli 2023<\/a>\n      <\/div><\/div><!-- end .entry-date -->\n      <\/div><!-- end .entry-cats -->\n<h2 class=\"entry-title\"><a href=\"https:\/\/www.rwg-bayreuth.de\/home\/?p=34060\" rel=\"bookmark\">Projekttage \u2013 R\u00fcck- und Vorblick<\/a><\/h2>\n    <\/header><!-- end .entry-header -->\n    <div class=\"entry-summary\">\nLiebe Schulfamilie, nach einer langen Pause haben die Projekttage letztes Schuljahr wieder stattfinden d\u00fcrfen\u2026 Au Mann, das ist bereits ein Jahr her! (Und unser Leben nimmt wieder normale Z\u00fcge an\u2026 Corona? Da gab\u00b4s was mit Bier, oder\u2026?) Auch in diesem Jahr gibt es einen Projekttag, ihr, liebe Sch\u00fcler, habt bereits gew\u00e4hlt, wir freuen uns auf&hellip;\n  <\/div><!-- .entry-summary -->\n  <\/div><!-- .entry-main -->\n<\/div><!-- .meta-main-wrap -->\n<\/article><!-- end post -34060 -->\n<\/div><!-- end .rwg_post_list -->\n","protected":false},"excerpt":{"rendered":"<p>Die Werteerziehung ist ein wichtiges Anliegen der Schule. Immerhin geht es nicht nur darum, den anvertrauten Sch\u00fclern m\u00f6glichst viel an Wissen und an grundlegenden F\u00e4higkeiten beizubringen, die beide helfen sollen, bestimmte Aufgaben zu meistern. Wichtig ist es auch, auf das Verhalten der Sch\u00fcler einzuwirken. Welche Ziele sich das RWG dabei steckt, wird aus dem P\u00e4dagogischen&hellip;<\/p>\n","protected":false},"author":2,"featured_media":0,"parent":14662,"menu_order":40,"comment_status":"closed","ping_status":"closed","template":"page-templates\/no-sidebar.php","meta":{"footnotes":""},"tags":[54],"_links":{"self":[{"href":"https:\/\/www.rwg-bayreuth.de\/home\/index.php?rest_route=\/wp\/v2\/pages\/3140"}],"collection":[{"href":"https:\/\/www.rwg-bayreuth.de\/home\/index.php?rest_route=\/wp\/v2\/pages"}],"about":[{"href":"https:\/\/www.rwg-bayreuth.de\/home\/index.php?rest_route=\/wp\/v2\/types\/page"}],"author":[{"embeddable":true,"href":"https:\/\/www.rwg-bayreuth.de\/home\/index.php?rest_route=\/wp\/v2\/users\/2"}],"replies":[{"embeddable":true,"href":"https:\/\/www.rwg-bayreuth.de\/home\/index.php?rest_route=%2Fwp%2Fv2%2Fcomments&post=3140"}],"version-history":[{"count":31,"href":"https:\/\/www.rwg-bayreuth.de\/home\/index.php?rest_route=\/wp\/v2\/pages\/3140\/revisions"}],"predecessor-version":[{"id":30728,"href":"https:\/\/www.rwg-bayreuth.de\/home\/index.php?rest_route=\/wp\/v2\/pages\/3140\/revisions\/30728"}],"up":[{"embeddable":true,"href":"https:\/\/www.rwg-bayreuth.de\/home\/index.php?rest_route=\/wp\/v2\/pages\/14662"}],"wp:attachment":[{"href":"https:\/\/www.rwg-bayreuth.de\/home\/index.php?rest_route=%2Fwp%2Fv2%2Fmedia&parent=3140"}],"wp:term":[{"taxonomy":"post_tag","embeddable":true,"href":"https:\/\/www.rwg-bayreuth.de\/home\/index.php?rest_route=%2Fwp%2Fv2%2Ftags&post=3140"}],"curies":[{"name":"wp","href":"https:\/\/api.w.org\/{rel}","templated":true}]}}

<div id="attachment_6146" style="width: 360px" class="wp-caption alignleft"><a href="https://www.rwg-bayreuth.de/home/wp-content/uploads/2014/02/2015_Projekttag_6_Essen2_web.jpg"><img loading="lazy" decoding="async" aria-describedby="caption-attachment-6146" src="https://www.rwg-bayreuth.de/home/wp-content/uploads/2014/02/2015_Projekttag_6_Essen2_web.jpg" alt="Richtige Ernährung ist ein wichtiges Thema." width="350" height="231" class="size-full wp-image-6146" srcset="https://www.rwg-bayreuth.de/home/wp-content/uploads/2014/02/2015_Projekttag_6_Essen2_web.jpg 350w, https://www.rwg-bayreuth.de/home/wp-content/uploads/2014/02/2015_Projekttag_6_Essen2_web-150x99.jpg 150w, https://www.rwg-bayreuth.de/home/wp-content/uploads/2014/02/2015_Projekttag_6_Essen2_web-300x198.jpg 300w, https://www.rwg-bayreuth.de/home/wp-content/uploads/2014/02/2015_Projekttag_6_Essen2_web-250x165.jpg 250w" sizes="(max-width: 350px) 100vw, 350px" /></a><p id="caption-attachment-6146" class="wp-caption-text">Richtige Ernährung ist ein wichtiges Thema.</p></div>
<p>Die Werteerziehung ist ein wichtiges Anliegen der Schule. Immerhin geht es nicht nur darum, den anvertrauten Schülern möglichst viel an Wissen und an grundlegenden Fähigkeiten beizubringen, die beide helfen sollen, bestimmte Aufgaben zu meistern. Wichtig ist es auch, auf das Verhalten der Schüler einzuwirken. Welche Ziele sich das RWG dabei steckt, wird aus dem Pädagogischen Programm deutlich: es definiert grundlegende Wertvorstellungen, die für alle gelten sollen.</p>
<p>In die Praxis umsetzbar ist dies jedoch nur, wenn die Schüler merken, dass sie mit ihren Anliegen, Sorgen und Problemen ernst genommen werden und die Schule bereit ist, sich darauf einzulassen. Dies soll in Form der RWG-Werte-Projekttage geschehen. Sie legen für jede Jahrgangsstufe ein Thema fest, das für die Altersgruppe von besonderem Interesse ist, und widmen einen Schultag der Aufarbeitung der entsprechenden Fragestellungen.</p>
<p>An dem Projekttag geht es also einmal nicht um Lehrplaninhalte und Faktenwissen, sondern um Fragen, die von allgemeinem Interesse sind. Gemeinsam sollen Antworten formuliert werden, welche den Schülerinnen und Schülern helfen, den Alltag besser zu meistern.</p>
<p>In den einzelnen Jahrgangsstufen werden diese Themen behandelt:</p>
<ul>
<li>5. Klassen: Lernen lernen</li>
<li>6. Klassen: Essen und Ernährung</li>
<li>7. Klassen: Mobbing und Cybermobbing</li>
<li>8. Klassen: Sucht und Alkohol</li>
<li>9. Klassen: Stressbewältigung</li>
<li>10. Klassen: Verantwortung gegenüber der Natur</li>
</ul>
<h5>Hier sind mehr Informationen zum Wertetag </h5>
<div class="rwg_post_list"><article id="post-34456"class="cf post-34456 post type-post status-publish format-standard has-post-thumbnail hentry category-allgemein tag-home tag-projekttag">
 		<div class="entry-thumbnail fadein"> 			<a href="https://www.rwg-bayreuth.de/home/?p=34456"><img loading="lazy" decoding="async" width="1024" height="683" src="https://www.rwg-bayreuth.de/home/wp-content/uploads/2023/09/22-23-Projekttag-Presseclub-B.jpg" class="attachment-post-thumbnail size-post-thumbnail wp-post-image" alt="" srcset="https://www.rwg-bayreuth.de/home/wp-content/uploads/2023/09/22-23-Projekttag-Presseclub-B.jpg 1024w, https://www.rwg-bayreuth.de/home/wp-content/uploads/2023/09/22-23-Projekttag-Presseclub-B-450x300.jpg 450w, https://www.rwg-bayreuth.de/home/wp-content/uploads/2023/09/22-23-Projekttag-Presseclub-B-150x100.jpg 150w, https://www.rwg-bayreuth.de/home/wp-content/uploads/2023/09/22-23-Projekttag-Presseclub-B-768x512.jpg 768w, https://www.rwg-bayreuth.de/home/wp-content/uploads/2023/09/22-23-Projekttag-Presseclub-B-250x167.jpg 250w, https://www.rwg-bayreuth.de/home/wp-content/uploads/2023/09/22-23-Projekttag-Presseclub-B-900x600.jpg 900w" sizes="(max-width: 1024px) 100vw, 1024px" /></a> 		</div><!-- end .entry-thumbnail -->
<div class="meta-main-wrap">
  <div class="">
    <header class="entry-header">
      <div class="entry-cats">
        <div class="kategorie"><a href="https://www.rwg-bayreuth.de/home/?cat=1" rel="category">Schulleben</a></div>
<div class="entry-edit" >      <div class="entry-date" >
        <a href="https://www.rwg-bayreuth.de/home/?p=34456">16. September 2023</a>
      </div></div><!-- end .entry-date -->
      </div><!-- end .entry-cats -->
<h2 class="entry-title"><a href="https://www.rwg-bayreuth.de/home/?p=34456" rel="bookmark">Wer will fleißige Pressewerkler seh&#8217;n?</a></h2>
    </header><!-- end .entry-header -->
    <div class="entry-summary">
…der muss zu uns, dem Presseclub, geh&#8217;n! Projekttag. Ganz RWG ist auf den Beinen, um sich EINER Projektaktivität zu widmen. GANZ RWG? Nein! Eine kleine, unerschrockene Schar von Nachwuchsreportern hat es sich zur Aufgabe gemacht, mehrere fleißige Gruppen zu besuchen, sich einen Überblick zu verschaffen, diesen in Wort und Bild zu fassen und dann dem&hellip;
  </div><!-- .entry-summary -->
  </div><!-- .entry-main -->
</div><!-- .meta-main-wrap -->
</article><!-- end post -34456 -->
<article id="post-34060"class="cf post-34060 post type-post status-publish format-standard has-post-thumbnail hentry category-allgemein tag-home tag-projekttag">
 		<div class="entry-thumbnail fadein"> 			<a href="https://www.rwg-bayreuth.de/home/?p=34060"><img loading="lazy" decoding="async" width="1024" height="683" src="https://www.rwg-bayreuth.de/home/wp-content/uploads/2023/07/22-23-Prokekttage2022-Reporter_Bild3.jpg" class="attachment-post-thumbnail size-post-thumbnail wp-post-image" alt="" srcset="https://www.rwg-bayreuth.de/home/wp-content/uploads/2023/07/22-23-Prokekttage2022-Reporter_Bild3.jpg 1024w, https://www.rwg-bayreuth.de/home/wp-content/uploads/2023/07/22-23-Prokekttage2022-Reporter_Bild3-450x300.jpg 450w, https://www.rwg-bayreuth.de/home/wp-content/uploads/2023/07/22-23-Prokekttage2022-Reporter_Bild3-150x100.jpg 150w, https://www.rwg-bayreuth.de/home/wp-content/uploads/2023/07/22-23-Prokekttage2022-Reporter_Bild3-768x512.jpg 768w, https://www.rwg-bayreuth.de/home/wp-content/uploads/2023/07/22-23-Prokekttage2022-Reporter_Bild3-250x167.jpg 250w, https://www.rwg-bayreuth.de/home/wp-content/uploads/2023/07/22-23-Prokekttage2022-Reporter_Bild3-900x600.jpg 900w" sizes="(max-width: 1024px) 100vw, 1024px" /></a> 		</div><!-- end .entry-thumbnail -->
<div class="meta-main-wrap">
  <div class="">
    <header class="entry-header">
      <div class="entry-cats">
        <div class="kategorie"><a href="https://www.rwg-bayreuth.de/home/?cat=1" rel="category">Schulleben</a></div>
<div class="entry-edit" >      <div class="entry-date" >
        <a href="https://www.rwg-bayreuth.de/home/?p=34060">6. Juli 2023</a>
      </div></div><!-- end .entry-date -->
      </div><!-- end .entry-cats -->
<h2 class="entry-title"><a href="https://www.rwg-bayreuth.de/home/?p=34060" rel="bookmark">Projekttage – Rück- und Vorblick</a></h2>
    </header><!-- end .entry-header -->
    <div class="entry-summary">
Liebe Schulfamilie, nach einer langen Pause haben die Projekttage letztes Schuljahr wieder stattfinden dürfen… Au Mann, das ist bereits ein Jahr her! (Und unser Leben nimmt wieder normale Züge an… Corona? Da gab´s was mit Bier, oder…?) Auch in diesem Jahr gibt es einen Projekttag, ihr, liebe Schüler, habt bereits gewählt, wir freuen uns auf&hellip;
  </div><!-- .entry-summary -->
  </div><!-- .entry-main -->
</div><!-- .meta-main-wrap -->
</article><!-- end post -34060 -->
</div><!-- end .rwg_post_list -->

<p>Die Werteerziehung ist ein wichtiges Anliegen der Schule. Immerhin geht es nicht nur darum, den anvertrauten Schülern möglichst viel an Wissen und an grundlegenden Fähigkeiten beizubringen, die beide helfen sollen, bestimmte Aufgaben zu meistern. Wichtig ist es auch, auf das Verhalten der Schüler einzuwirken. Welche Ziele sich das RWG dabei steckt, wird aus dem Pädagogischen&hellip;</p>
