{"id":308,"date":"2012-04-15T20:06:01","date_gmt":"2012-04-15T19:06:01","guid":{"rendered":"http:\/\/www.rwg-bayreuth.de\/home\/?p=308"},"modified":"2022-06-02T08:52:19","modified_gmt":"2022-06-02T06:52:19","slug":"zeit-bibliothek-der-100-bucher","status":"publish","type":"page","link":"https:\/\/www.rwg-bayreuth.de\/home\/?page_id=308","title":{"rendered":"ZEIT-Bibliothek der 100 B\u00fccher"},"content":{"rendered":"<ol>\n<li>Die Bibel<\/li>\n<li>Homer, Odyssee<\/li>\n<li>Platon, Apologie<\/li>\n<li>Vergil, Aeneis<\/li>\n<li>Tacitus, Germania<\/li>\n<li>Longos, Daphnis und Chlo\u00eb<\/li>\n<li>Augustinus, Bekenntnisse<\/li>\n<li>Die Erz\u00e4hlungen aus den tausendundein N\u00e4chten<\/li>\n<li>Wolfram von Eschenbach, Parzival<\/li>\n<li>Gottfried von Stra\u00dfburg, Tristan<\/li>\n<li>Das Nibelungenlied<\/li>\n<li>Dante Alighieri, Die G\u00f6ttliche Kom\u00f6die<\/li>\n<li>Giovanni Boccaccio, Das Decamerone<\/li>\n<li>Thomas Morus, Utopia<\/li>\n<li>Fran\u00e7ois Rabelais, Gargantua und Pantagruel<\/li>\n<li>Michel de Montaigne, Essais<\/li>\n<li>Hans Jakob Christoffel von Grimmelshausen, Der abenteuerliche Simplicissimus<\/li>\n<li>Blaise Pascal, Pens\u00e9es<\/li>\n<li>Daniel Defoe, Robinson Crusoe<\/li>\n<li>Jonathan Swift, Gullivers Reisen<\/li>\n<li>Henry Fielding, Tom Jones<\/li>\n<li>Laurence Sterne, Tristram Shandy<\/li>\n<li>Voltaire, Candide<\/li>\n<li>Johann Wolfgang Goethe, Die Leiden des jungen Werthers<\/li>\n<li>Gotthold Ephraim Lessing, Anti-Goeze<\/li>\n<li>Jean-Jacques Rousseau, Die Bekenntnisse<\/li>\n<li>Karl Philipp Moritz, Anton Reiser<\/li>\n<li>Immanuel Kant, Zum ewigen Frieden<\/li>\n<li>Ulrich Br\u00e4ker, Der arme Mann im Tockenburg<\/li>\n<li>Friedrich Schiller, \u00c4sthetische Schriften<\/li>\n<li>Denis Diderot, Jacques der Fatalist und sein Herr<\/li>\n<li>Jean Paul, Siebenk\u00e4s<\/li>\n<li>Friedrich H\u00f6lderlin, Hyperion<\/li>\n<li>Georg Christoph Lichtenberg, Sudelb\u00fccher<\/li>\n<li>Johann Wolfgang Goethe, Die Wahlverwandtschaften<\/li>\n<li>Heinrich von Kleist, Erz\u00e4hlungen<\/li>\n<li>Johann Peter Hebel, Das Schatzk\u00e4stlein des Rheinischen Hausfreunds<\/li>\n<li>Die Br\u00fcder Grimm, Kinder- und Hausm\u00e4rchen<\/li>\n<li>E. T. A. Hoffmann, Kater Murr und Kreisler<\/li>\n<li>Giacomo Casanova, Geschichte meines Lebens<\/li>\n<li>Joseph von Eichendorff, Aus dem Leben eines Taugenichts<\/li>\n<li>Stendhal, Rot und Schwarz<\/li>\n<li>Georg B\u00fcchner, Lenz<\/li>\n<li>Honor\u00e9 de Balzac, Verlorene Illusionen<\/li>\n<li>Charles Dickens, Oliver Twist<\/li>\n<li>Nikolaj Gogol, Die toten Seelen<\/li>\n<li>S\u00f8ren Kierkegaard, Entweder \u2013 Oder<\/li>\n<li>Heinrich Heine, Deutschland. Ein Winterm\u00e4rchen<\/li>\n<li>Edgar Allan Poe, Phantastische Erz\u00e4hlungen<\/li>\n<li>Herman Melville, Moby Dick<\/li>\n<li>Arthur Schopenhauer, Parerga und Paralipomena<\/li>\n<li>Karl Marx, Der achtzehnte Brumaire des Louis Bonaparte<\/li>\n<li>Hans Christian Andersen, M\u00e4rchen<\/li>\n<li>Gottfried Keller, Der gr\u00fcne Heinrich<\/li>\n<li>Gustave Flaubert, Madame Bovary<\/li>\n<li>Iwan Alexandrowitsch Gontscharow, Oblomow<\/li>\n<li>Victor Hugo, Die Elenden<\/li>\n<li>Lewis Carroll, Alice im Wunderland<\/li>\n<li>Iwan Sergejewitsch Turgenew, V\u00e4ter und S\u00f6hne<\/li>\n<li>Wilhelm Raabe, Abu Telfan oder Die Heimkehr vom Mondgebirge<\/li>\n<li>Leo Tolstoi, Krieg und Frieden<\/li>\n<li>Adalbert Stifter, Erz\u00e4hlungen<\/li>\n<li>Fjodor Michailowitsch Dostojewski, Die D\u00e4monen<\/li>\n<li>Friedrich Nietzsche, Menschliches, Allzumenschliches<\/li>\n<li>Emile Zola, Germinal<\/li>\n<li>August Strindberg, Sohn einer Magd<\/li>\n<li>Knut Hamsun, Hunger<\/li>\n<li>Oscar Wilde, Das Bildnis des Dorian Gray<\/li>\n<li>Anton Tschechow, Erz\u00e4hlungen<\/li>\n<li>Theodor Fontane, Der Stechlin<\/li>\n<li>Thomas Mann, Buddenbrooks<\/li>\n<li>Robert Musil, Die Verwirrungen des Z\u00f6glings T\u00f6rle\u00df<\/li>\n<li>Rainer Maria Rilke, Die Aufzeichnungen des Malte Laurids Brigge<\/li>\n<li>Heinrich Mann, Der Untertan<\/li>\n<li>Marcel Proust, Auf der Suche nach der verlorenen Zeit<\/li>\n<li>Jaroslav Ha\u0161ek, Die Abenteuer des braven Soldaten Schwejk<\/li>\n<li>James Joyce, Ulysses<\/li>\n<li>John Dos Passos, Manhattan Transfer<\/li>\n<li>Franz Kafka, Das Schloss<\/li>\n<li>Hermann Hesse, Der Steppenwolf<\/li>\n<li>Alfred D\u00f6blin, Berlin Alexanderplatz<\/li>\n<li>Ernst Bloch, Spuren<\/li>\n<li>Sigmund Freud, Das Unbehagen in der Kultur<\/li>\n<li>Leo Trotzki, Mein Leben<\/li>\n<li>William Faulkner, Licht im August<\/li>\n<li>Franz Kafka, Erz\u00e4hlungen<\/li>\n<li>Andr\u00e9 Gide, Tageb\u00fccher<\/li>\n<li>Anna Seghers, Das siebte Kreuz<\/li>\n<li>Albert Camus, Der Fremde<\/li>\n<li>Heinrich B\u00f6ll, Erz\u00e4hlungen<\/li>\n<li>Jean Genet, Querelle<\/li>\n<li>Ernest Hemingway, Der alte Mann und das Meer<\/li>\n<li>Max Frisch, Stiller<\/li>\n<li>Claude L\u00e9vi-Strauss, Traurige Tropen<\/li>\n<li>Samuel Beckett, Das letzte Band<\/li>\n<li>G\u00fcnter Grass, Die Blechtrommel<\/li>\n<li>Jean-Paul Sartre, Die W\u00f6rter<\/li>\n<li>Bertolt Brecht, Geschichten vom Herrn Keuner<\/li>\n<li>Uwe Johnson, Jahrestage<\/li>\n<li>Miguel de Cervantes Saavedra, Don Quijote<\/li>\n<\/ol>\n","protected":false},"excerpt":{"rendered":"<p>Die Bibel Homer, Odyssee Platon, Apologie Vergil, Aeneis Tacitus, Germania Longos, Daphnis und Chlo\u00eb Augustinus, Bekenntnisse Die Erz\u00e4hlungen aus den tausendundein N\u00e4chten Wolfram von Eschenbach, Parzival Gottfried von Stra\u00dfburg, Tristan Das Nibelungenlied Dante Alighieri, Die G\u00f6ttliche Kom\u00f6die Giovanni Boccaccio, Das Decamerone Thomas Morus, Utopia Fran\u00e7ois Rabelais, Gargantua und Pantagruel Michel de Montaigne, Essais Hans Jakob&hellip;<\/p>\n","protected":false},"author":1,"featured_media":0,"parent":89,"menu_order":130,"comment_status":"closed","ping_status":"open","template":"page-templates\/no-sidebar.php","meta":{"footnotes":""},"tags":[],"_links":{"self":[{"href":"https:\/\/www.rwg-bayreuth.de\/home\/index.php?rest_route=\/wp\/v2\/pages\/308"}],"collection":[{"href":"https:\/\/www.rwg-bayreuth.de\/home\/index.php?rest_route=\/wp\/v2\/pages"}],"about":[{"href":"https:\/\/www.rwg-bayreuth.de\/home\/index.php?rest_route=\/wp\/v2\/types\/page"}],"author":[{"embeddable":true,"href":"https:\/\/www.rwg-bayreuth.de\/home\/index.php?rest_route=\/wp\/v2\/users\/1"}],"replies":[{"embeddable":true,"href":"https:\/\/www.rwg-bayreuth.de\/home\/index.php?rest_route=%2Fwp%2Fv2%2Fcomments&post=308"}],"version-history":[{"count":4,"href":"https:\/\/www.rwg-bayreuth.de\/home\/index.php?rest_route=\/wp\/v2\/pages\/308\/revisions"}],"predecessor-version":[{"id":31370,"href":"https:\/\/www.rwg-bayreuth.de\/home\/index.php?rest_route=\/wp\/v2\/pages\/308\/revisions\/31370"}],"up":[{"embeddable":true,"href":"https:\/\/www.rwg-bayreuth.de\/home\/index.php?rest_route=\/wp\/v2\/pages\/89"}],"wp:attachment":[{"href":"https:\/\/www.rwg-bayreuth.de\/home\/index.php?rest_route=%2Fwp%2Fv2%2Fmedia&parent=308"}],"wp:term":[{"taxonomy":"post_tag","embeddable":true,"href":"https:\/\/www.rwg-bayreuth.de\/home\/index.php?rest_route=%2Fwp%2Fv2%2Ftags&post=308"}],"curies":[{"name":"wp","href":"https:\/\/api.w.org\/{rel}","templated":true}]}}