{"id":29525,"date":"2021-10-26T09:06:01","date_gmt":"2021-10-26T07:06:01","guid":{"rendered":"http:\/\/www.rwg-bayreuth.de\/home\/?page_id=29525"},"modified":"2026-01-17T20:33:33","modified_gmt":"2026-01-17T19:33:33","slug":"aktions-und-infotag-fuer-viertklaesslerinnen","status":"publish","type":"page","link":"https:\/\/www.rwg-bayreuth.de\/home\/?page_id=29525","title":{"rendered":"Aktions- und Entdeckertag"},"content":{"rendered":"<p><img decoding=\"async\" src=\"https:\/\/www.rwg-bayreuth.de\/home\/wp-content\/uploads\/2019\/11\/Profile.png\" alt=\"\" width=\"100%\" height=\"auto\" class=\"alignnone size-full wp-image-23178\" srcset=\"https:\/\/www.rwg-bayreuth.de\/home\/wp-content\/uploads\/2019\/11\/Profile.png 2105w, https:\/\/www.rwg-bayreuth.de\/home\/wp-content\/uploads\/2019\/11\/Profile-450x86.png 450w, https:\/\/www.rwg-bayreuth.de\/home\/wp-content\/uploads\/2019\/11\/Profile-1024x195.png 1024w, https:\/\/www.rwg-bayreuth.de\/home\/wp-content\/uploads\/2019\/11\/Profile-150x29.png 150w, https:\/\/www.rwg-bayreuth.de\/home\/wp-content\/uploads\/2019\/11\/Profile-768x146.png 768w, https:\/\/www.rwg-bayreuth.de\/home\/wp-content\/uploads\/2019\/11\/Profile-1536x292.png 1536w, https:\/\/www.rwg-bayreuth.de\/home\/wp-content\/uploads\/2019\/11\/Profile-2048x389.png 2048w, https:\/\/www.rwg-bayreuth.de\/home\/wp-content\/uploads\/2019\/11\/Profile-250x48.png 250w, https:\/\/www.rwg-bayreuth.de\/home\/wp-content\/uploads\/2019\/11\/Profile-600x114.png 600w\" sizes=\"(max-width: 2105px) 100vw, 2105px\" \/><\/p>\n<div style=\"position:relative;\">\n<div id=\"Aktionstag\" style=\"position:absolute; top:-80px;\"><\/div>\n<h1>Aktionstag<\/h1>\n<\/div>\n<p style=\"margin-bottom:15px\">Unser j\u00e4hrlicher Aktionstag steht unter dem Motto \u201eEntdecke, was in dir steckt&nbsp;&hellip;!\u201c und bietet Viertkl\u00e4sslern die M\u00f6glichkeit, ihre individuellen F\u00e4higkeiten und Interessen zu erkunden. Hierzu werden zu jedem <a href=\"https:\/\/www.rwg-bayreuth.de\/home\/?page_id=29773\">unserer Profilf\u00e4cher<\/a> Workshops angeboten, von denen von jedem Viertkl\u00e4ssler zwei ausgew\u00e4hlt werden k\u00f6nnen.<\/p>\n<p><strong>Termin: 29. Januar 2026<\/strong><!--\n\nNach den Weihnachtsferien werden hier weitere Informationen zum diesj\u00e4hrigen Aktionstag gegeben.\n\n--><!-- \n\n***   wenn Flyer fertig und Anmeldung ansteht wieder einf\u00fcgen  ***\n\n--><\/p>\n<ul class=\"linkliste nahtlos\">\n<li class=\"top\"><a href=\"https:\/\/www.rwg-bayreuth.de\/home\/?p=18259\" target=\"\" rel=\"noopener noreferrer\"><span class=\"\" style=\"font-weight: ;\">Anmeldung zum Aktionstag<\/span><\/a><\/li>\n<li><a href=\"https:\/\/www.rwg-bayreuth.de\/home\/wp-content\/uploads\/2023\/10\/RWG-Aktionstag-Flyer-2026.pdf\">Flyer zum Aktionstag<\/a><\/li>\n<\/ul>\n<div class=\"su-accordion su-u-trim font-size_normal RWG\">\n<div class=\"su-spoiler su-spoiler-style-simple su-spoiler-icon-chevron RWG font-weight_normal  su-spoiler-closed\" data-scroll-offset=\"0\" data-anchor-in-url=\"no\"><div class=\"su-spoiler-title\" tabindex=\"0\" role=\"button\"><span class=\"su-spoiler-icon\"><\/span>Berichte von den Aktionstagen der letzten Jahre<\/div><div class=\"su-spoiler-content su-u-clearfix su-u-trim\">\n<div class=\"su-image-carousel  su-image-carousel-columns-3 su-image-carousel-has-spacing su-image-carousel-crop su-image-carousel-crop-3-2 su-image-carousel-has-outline su-image-carousel-adaptive su-image-carousel-slides-style-default su-image-carousel-controls-style-light su-image-carousel-align-left\" style=\"\" data-flickity-options='{\"groupCells\":true,\"cellSelector\":\".su-image-carousel-item\",\"adaptiveHeight\":false,\"cellAlign\":\"left\",\"prevNextButtons\":true,\"pageDots\":false,\"autoPlay\":5000,\"imagesLoaded\":true,\"contain\":true,\"selectedAttraction\":0.025000000000000001,\"friction\":0.28000000000000003}' id=\"su_image_carousel_69f35b157e277\"><div class=\"su-image-carousel-item\"><div class=\"su-image-carousel-item-content\"><a href=\"https:\/\/www.rwg-bayreuth.de\/home\/?p=38338\" target=\"_blank\" rel=\"noopener noreferrer\" data-caption=\"150 Grundsch\u00fcler, 5 Profilf\u00e4cher zum Ausprobieren und viele neue Eindr\u00fccke\"><img loading=\"lazy\" decoding=\"async\" width=\"450\" height=\"300\" src=\"https:\/\/www.rwg-bayreuth.de\/home\/wp-content\/uploads\/2025\/03\/24-25-Aktionstag-1-450x300.jpg\" class=\"\" alt=\"\" srcset=\"https:\/\/www.rwg-bayreuth.de\/home\/wp-content\/uploads\/2025\/03\/24-25-Aktionstag-1-450x300.jpg 450w, https:\/\/www.rwg-bayreuth.de\/home\/wp-content\/uploads\/2025\/03\/24-25-Aktionstag-1-150x100.jpg 150w, https:\/\/www.rwg-bayreuth.de\/home\/wp-content\/uploads\/2025\/03\/24-25-Aktionstag-1-768x512.jpg 768w, https:\/\/www.rwg-bayreuth.de\/home\/wp-content\/uploads\/2025\/03\/24-25-Aktionstag-1-250x167.jpg 250w, https:\/\/www.rwg-bayreuth.de\/home\/wp-content\/uploads\/2025\/03\/24-25-Aktionstag-1-900x600.jpg 900w, https:\/\/www.rwg-bayreuth.de\/home\/wp-content\/uploads\/2025\/03\/24-25-Aktionstag-1.jpg 1024w, https:\/\/www.rwg-bayreuth.de\/home\/wp-content\/uploads\/2025\/03\/24-25-Aktionstag-1-600x400.jpg 600w\" sizes=\"(max-width: 450px) 100vw, 450px\" \/><span>150 Grundsch\u00fcler, 5 Profilf\u00e4cher zum Ausprobieren und viele neue Eindr\u00fccke<\/span><\/a><\/div><\/div><div class=\"su-image-carousel-item\"><div class=\"su-image-carousel-item-content\"><a href=\"https:\/\/www.rwg-bayreuth.de\/home\/?p=35909\" target=\"_blank\" rel=\"noopener noreferrer\" data-caption=\"Rund 150 Viertkl\u00e4sslerinnen und Viertkl\u00e4ssler testen unsere Profilf\u00e4cher am RWG\"><img loading=\"lazy\" decoding=\"async\" width=\"450\" height=\"300\" src=\"https:\/\/www.rwg-bayreuth.de\/home\/wp-content\/uploads\/2024\/02\/23-24-Aktionstag-B-450x300.jpg\" class=\"\" alt=\"\" srcset=\"https:\/\/www.rwg-bayreuth.de\/home\/wp-content\/uploads\/2024\/02\/23-24-Aktionstag-B-450x300.jpg 450w, https:\/\/www.rwg-bayreuth.de\/home\/wp-content\/uploads\/2024\/02\/23-24-Aktionstag-B-150x100.jpg 150w, https:\/\/www.rwg-bayreuth.de\/home\/wp-content\/uploads\/2024\/02\/23-24-Aktionstag-B-768x512.jpg 768w, https:\/\/www.rwg-bayreuth.de\/home\/wp-content\/uploads\/2024\/02\/23-24-Aktionstag-B-250x167.jpg 250w, https:\/\/www.rwg-bayreuth.de\/home\/wp-content\/uploads\/2024\/02\/23-24-Aktionstag-B-900x600.jpg 900w, https:\/\/www.rwg-bayreuth.de\/home\/wp-content\/uploads\/2024\/02\/23-24-Aktionstag-B.jpg 1024w\" sizes=\"(max-width: 450px) 100vw, 450px\" \/><span>Rund 150 Viertkl\u00e4sslerinnen und Viertkl\u00e4ssler testen unsere Profilf\u00e4cher am RWG<\/span><\/a><\/div><\/div><div class=\"su-image-carousel-item\"><div class=\"su-image-carousel-item-content\"><a href=\"https:\/\/www.rwg-bayreuth.de\/home\/?p=33218\" target=\"_blank\" rel=\"noopener noreferrer\" data-caption=\"Tolle Stimmung und viele gl\u00fcckliche Gesichter beim Aktionstag am RWG\"><img loading=\"lazy\" decoding=\"async\" width=\"450\" height=\"300\" src=\"https:\/\/www.rwg-bayreuth.de\/home\/wp-content\/uploads\/2023\/02\/22-23-Aktionstag-B-450x300.jpg\" class=\"\" alt=\"\" srcset=\"https:\/\/www.rwg-bayreuth.de\/home\/wp-content\/uploads\/2023\/02\/22-23-Aktionstag-B-450x300.jpg 450w, https:\/\/www.rwg-bayreuth.de\/home\/wp-content\/uploads\/2023\/02\/22-23-Aktionstag-B-150x100.jpg 150w, https:\/\/www.rwg-bayreuth.de\/home\/wp-content\/uploads\/2023\/02\/22-23-Aktionstag-B-768x512.jpg 768w, https:\/\/www.rwg-bayreuth.de\/home\/wp-content\/uploads\/2023\/02\/22-23-Aktionstag-B-250x167.jpg 250w, https:\/\/www.rwg-bayreuth.de\/home\/wp-content\/uploads\/2023\/02\/22-23-Aktionstag-B-900x600.jpg 900w, https:\/\/www.rwg-bayreuth.de\/home\/wp-content\/uploads\/2023\/02\/22-23-Aktionstag-B.jpg 1024w\" sizes=\"(max-width: 450px) 100vw, 450px\" \/><span>Tolle Stimmung und viele gl\u00fcckliche Gesichter beim Aktionstag am RWG<\/span><\/a><\/div><\/div><\/div><script id=\"su_image_carousel_69f35b157e277_script\">if(window.SUImageCarousel){setTimeout(function() {window.SUImageCarousel.initGallery(document.getElementById(\"su_image_carousel_69f35b157e277\"))}, 0);}var su_image_carousel_69f35b157e277_script=document.getElementById(\"su_image_carousel_69f35b157e277_script\");if(su_image_carousel_69f35b157e277_script){su_image_carousel_69f35b157e277_script.parentNode.removeChild(su_image_carousel_69f35b157e277_script);}<\/script>\n<\/div><\/div>\n<\/div>\n<p>&nbsp;<\/p>\n<div style=\"position:relative;\">\n<div id=\"Infotag\" style=\"position:absolute; top:-80px;\"><\/div>\n<h1>Entdeckertag<\/h1>\n<\/div>\n<p><!--\n\n<p  style=\"margin-bottom:15px\">An unserem Info-Tag \u00f6ffnen wir unser Schulhaus f\u00fcr Sie. <\/p>\n\n--><\/p>\n<p><strong>Termin:  28. Februar 2026<\/strong><\/p>\n<p>Wir laden alle Sch\u00fclerinnen und Sch\u00fcler der vierten Klassen sowie deren Eltern herzlich zu unserem Entdecker-Tag am 28. Februar 2026 ans RWG ein!<\/p>\n<p>Zwischen 10 und 13 Uhr sind unsere T\u00fcren f\u00fcr alle Interessierten ge\u00f6ffnet. Gehen Sie zusammen mit Ihren Kindern auf Entdecker-Tour durch unsere Schule und lernen Sie uns kennen.<\/p>\n<p>Um Ihnen m\u00f6glichst viel Flexibilit\u00e4t und Eigengestaltungsm\u00f6glichkeiten f\u00fcr das Kennenlernen unserer Schule zu bieten, k\u00f6nnen Sie Ihr Zeitmanagement selbst gestalten. Wann auch immer Sie bei uns eintreffen, erhalten Sie wichtige Infos zum Kennenlernen des Richard-Wagner-Gymnasiums Bayreuth. Der Start Ihrer Tour ist bei uns im Pausenhof.<\/p>\n<p>Wir freuen uns auf Ihr und Euer Kommen!<\/p>\n<p>Herzliche Gr\u00fc\u00dfe und bis zum 28. Februar 2026\n<p><!--\nWir laden alle Sch\u00fclerinnen und Sch\u00fcler der vierten Klassen sowie deren Eltern herzlich zu unserem Informationstag am RWG ein. Zwischen 10 und 13 Uhr sind unsere T\u00fcren f\u00fcr Sie ge\u00f6ffnet.\nUm Ihnen m\u00f6glichst viel Flexibilit\u00e4t und Eigengestaltungsm\u00f6glichkeiten f\u00fcr das Kennenlernen unserer Schule zu bieten, k\u00f6nnen Sie Ihr Zeitmanagement selbst gestalten. Wann auch immer Sie bei uns eintreffen, erhalten Sie wichtige Infos zum Kennenlernen des RWG.\n<!--\n\n<div style=\"color: silver;\">--><!--\n\n<p>\nIm Voraus k\u00f6nnen Sie sich \u00fcberlegen, ob Sie sich eine gef\u00fchrte (ca. 25-min\u00fctige) Tour f\u00fcr einen ersten Einblick w\u00fcnschen oder ob Sie sich selbstst\u00e4ndig mit Hilfe bereitgestellten Materials auf Erkundungstour begeben m\u00f6chten.\nF\u00fcr eine bessere Planung von gew\u00fcnschten Einstiegstouren in den RWG-Infotag bitten wir Sie bei entsprechendem Interesse an einer solchen Tour, eine Buchung  vorzunehmen.<\/p>\n\n\n\n\n\n<ul class=\"linkliste nahtlos\" id=\"FlyerInfotag\" style=\"scroll-margin: 100px;\">\n\t\n\n<li><a href=\"https:\/\/www.rwg-bayreuth.de\/home\/?page_id=35487\"><span class=\"\" style=\"font-weight: ; color: \">Anmeldung f\u00fcr eine gef\u00fchrte Schulhaustour am RWG-Infotag<\/span><\/a><\/li>\n\n\n\t\n\n<li><a href=\"https:\/\/www.rwg-bayreuth.de\/home\/?page_id=38427\"><span class=\"\" style=\"font-weight: ; color: \">RWG Infotag - Was? Wann? Wo?<\/span><\/a><\/li>\n\n\n\n<\/ul>\n\n\n\n--><\/p>\n<div class=\"su-accordion su-u-trim font-size_normal RWG\">\n<div class=\"su-spoiler su-spoiler-style-simple su-spoiler-icon-chevron RWG font-weight_normal  su-spoiler-closed\" data-scroll-offset=\"0\" data-anchor-in-url=\"no\"><div class=\"su-spoiler-title\" tabindex=\"0\" role=\"button\"><span class=\"su-spoiler-icon\"><\/span>Berichte von den Infotagen der letzten Jahre<\/div><div class=\"su-spoiler-content su-u-clearfix su-u-trim\">\n<div class=\"su-image-carousel  su-image-carousel-columns-3 su-image-carousel-has-spacing su-image-carousel-crop su-image-carousel-crop-3-2 su-image-carousel-has-outline su-image-carousel-adaptive su-image-carousel-slides-style-default su-image-carousel-controls-style-light su-image-carousel-align-left\" style=\"\" data-flickity-options='{\"groupCells\":true,\"cellSelector\":\".su-image-carousel-item\",\"adaptiveHeight\":false,\"cellAlign\":\"left\",\"prevNextButtons\":true,\"pageDots\":false,\"autoPlay\":5000,\"imagesLoaded\":true,\"contain\":true,\"selectedAttraction\":0.025000000000000001,\"friction\":0.28000000000000003}' id=\"su_image_carousel_69f35b157ebfb\"><div class=\"su-image-carousel-item\"><div class=\"su-image-carousel-item-content\"><a href=\"https:\/\/www.rwg-bayreuth.de\/home\/?p=41045\" target=\"_blank\" rel=\"noopener noreferrer\" data-caption=\"Auf Entdeckungstour durchs Richard-Wagner-Gymnasium\"><img loading=\"lazy\" decoding=\"async\" width=\"450\" height=\"300\" src=\"https:\/\/www.rwg-bayreuth.de\/home\/wp-content\/uploads\/2026\/03\/25-26-Entdeckertag-B-450x300.jpg\" class=\"\" alt=\"\" srcset=\"https:\/\/www.rwg-bayreuth.de\/home\/wp-content\/uploads\/2026\/03\/25-26-Entdeckertag-B-450x300.jpg 450w, https:\/\/www.rwg-bayreuth.de\/home\/wp-content\/uploads\/2026\/03\/25-26-Entdeckertag-B-150x100.jpg 150w, https:\/\/www.rwg-bayreuth.de\/home\/wp-content\/uploads\/2026\/03\/25-26-Entdeckertag-B-768x512.jpg 768w, https:\/\/www.rwg-bayreuth.de\/home\/wp-content\/uploads\/2026\/03\/25-26-Entdeckertag-B-250x167.jpg 250w, https:\/\/www.rwg-bayreuth.de\/home\/wp-content\/uploads\/2026\/03\/25-26-Entdeckertag-B-900x600.jpg 900w, https:\/\/www.rwg-bayreuth.de\/home\/wp-content\/uploads\/2026\/03\/25-26-Entdeckertag-B.jpg 1024w\" sizes=\"(max-width: 450px) 100vw, 450px\" \/><span>Auf Entdeckungstour durchs Richard-Wagner-Gymnasium<\/span><\/a><\/div><\/div><div class=\"su-image-carousel-item\"><div class=\"su-image-carousel-item-content\"><a href=\"https:\/\/www.rwg-bayreuth.de\/home\/?p=40757\" target=\"_blank\" rel=\"noopener noreferrer\" data-caption=\"Aktionstag 2026\"><img loading=\"lazy\" decoding=\"async\" width=\"450\" height=\"299\" src=\"https:\/\/www.rwg-bayreuth.de\/home\/wp-content\/uploads\/2026\/02\/25-26-Aktionstag2026-6-450x299.jpg\" class=\"\" alt=\"\" srcset=\"https:\/\/www.rwg-bayreuth.de\/home\/wp-content\/uploads\/2026\/02\/25-26-Aktionstag2026-6-450x299.jpg 450w, https:\/\/www.rwg-bayreuth.de\/home\/wp-content\/uploads\/2026\/02\/25-26-Aktionstag2026-6-150x100.jpg 150w, https:\/\/www.rwg-bayreuth.de\/home\/wp-content\/uploads\/2026\/02\/25-26-Aktionstag2026-6-768x511.jpg 768w, https:\/\/www.rwg-bayreuth.de\/home\/wp-content\/uploads\/2026\/02\/25-26-Aktionstag2026-6-250x166.jpg 250w, https:\/\/www.rwg-bayreuth.de\/home\/wp-content\/uploads\/2026\/02\/25-26-Aktionstag2026-6-900x600.jpg 900w, https:\/\/www.rwg-bayreuth.de\/home\/wp-content\/uploads\/2026\/02\/25-26-Aktionstag2026-6.jpg 1024w\" sizes=\"(max-width: 450px) 100vw, 450px\" \/><span>Aktionstag 2026<\/span><\/a><\/div><\/div><div class=\"su-image-carousel-item\"><div class=\"su-image-carousel-item-content\"><a href=\"https:\/\/www.rwg-bayreuth.de\/home\/?p=36043\" target=\"_blank\" rel=\"noopener noreferrer\" data-caption=\"Unser Schulleben am RWG\"><img loading=\"lazy\" decoding=\"async\" width=\"450\" height=\"300\" src=\"https:\/\/www.rwg-bayreuth.de\/home\/wp-content\/uploads\/2024\/02\/23-24-Infotag-B-450x300.jpg\" class=\"\" alt=\"\" srcset=\"https:\/\/www.rwg-bayreuth.de\/home\/wp-content\/uploads\/2024\/02\/23-24-Infotag-B-450x300.jpg 450w, https:\/\/www.rwg-bayreuth.de\/home\/wp-content\/uploads\/2024\/02\/23-24-Infotag-B-150x100.jpg 150w, https:\/\/www.rwg-bayreuth.de\/home\/wp-content\/uploads\/2024\/02\/23-24-Infotag-B-768x512.jpg 768w, https:\/\/www.rwg-bayreuth.de\/home\/wp-content\/uploads\/2024\/02\/23-24-Infotag-B-250x167.jpg 250w, https:\/\/www.rwg-bayreuth.de\/home\/wp-content\/uploads\/2024\/02\/23-24-Infotag-B-900x600.jpg 900w, https:\/\/www.rwg-bayreuth.de\/home\/wp-content\/uploads\/2024\/02\/23-24-Infotag-B.jpg 1024w\" sizes=\"(max-width: 450px) 100vw, 450px\" \/><span>Unser Schulleben am RWG<\/span><\/a><\/div><\/div><\/div><script id=\"su_image_carousel_69f35b157ebfb_script\">if(window.SUImageCarousel){setTimeout(function() {window.SUImageCarousel.initGallery(document.getElementById(\"su_image_carousel_69f35b157ebfb\"))}, 0);}var su_image_carousel_69f35b157ebfb_script=document.getElementById(\"su_image_carousel_69f35b157ebfb_script\");if(su_image_carousel_69f35b157ebfb_script){su_image_carousel_69f35b157ebfb_script.parentNode.removeChild(su_image_carousel_69f35b157ebfb_script);}<\/script>\n<\/div><\/div>\n<\/div>\n<p><!--\nWenn Sie bereits vorab einen ersten Einblick von unserem Schulleben haben m\u00f6chten, klicken Sie auf unsere digitalen Infos f\u00fcr Viertkl\u00e4sserinnen und Viertkl\u00e4ssler! Wir freuen uns auf Sie und Ihre Kinder!\n\n--><\/p>\n<div style=\"position:relative;\">\n<div id=\"Allgemeines\" style=\"position:absolute; top:-105px;\"><\/div>\n<\/div>\n<div style=\"text-align: center; margin: 0px 0px 24px 0px; box-shadow: none \">\r\n<a class=\"RWGbutton-blau\" href=\"https:\/\/www.rwg-bayreuth.de\/home\/?page_id=24848\" target=\"_self\" rel=\u201dnoopener noreferrer\u201d style=\"display:block; width: auto; max-width: 100%; padding:5px 20px; text-align: center; \">\n<h3>Neu ans RWG &#8211; \u00dcbersicht<\/h3>\n<\/a><\/div>\n","protected":false},"excerpt":{"rendered":"<p>Aktionstag Unser j\u00e4hrlicher Aktionstag steht unter dem Motto \u201eEntdecke, was in dir steckt&nbsp;&hellip;!\u201c und bietet Viertkl\u00e4sslern die M\u00f6glichkeit, ihre individuellen F\u00e4higkeiten und Interessen zu erkunden. Hierzu werden zu jedem unserer Profilf\u00e4cher Workshops angeboten, von denen von jedem Viertkl\u00e4ssler zwei ausgew\u00e4hlt werden k\u00f6nnen. Termin: Anmeldung zum Aktionstag Flyer zum Aktionstag &nbsp; Entdeckertag Termin: Wir laden alle&hellip;<\/p>\n","protected":false},"author":11,"featured_media":0,"parent":24848,"menu_order":30,"comment_status":"closed","ping_status":"closed","template":"page-templates\/no-sidebar.php","meta":{"footnotes":""},"tags":[54],"_links":{"self":[{"href":"https:\/\/www.rwg-bayreuth.de\/home\/index.php?rest_route=\/wp\/v2\/pages\/29525"}],"collection":[{"href":"https:\/\/www.rwg-bayreuth.de\/home\/index.php?rest_route=\/wp\/v2\/pages"}],"about":[{"href":"https:\/\/www.rwg-bayreuth.de\/home\/index.php?rest_route=\/wp\/v2\/types\/page"}],"author":[{"embeddable":true,"href":"https:\/\/www.rwg-bayreuth.de\/home\/index.php?rest_route=\/wp\/v2\/users\/11"}],"replies":[{"embeddable":true,"href":"https:\/\/www.rwg-bayreuth.de\/home\/index.php?rest_route=%2Fwp%2Fv2%2Fcomments&post=29525"}],"version-history":[{"count":114,"href":"https:\/\/www.rwg-bayreuth.de\/home\/index.php?rest_route=\/wp\/v2\/pages\/29525\/revisions"}],"predecessor-version":[{"id":40654,"href":"https:\/\/www.rwg-bayreuth.de\/home\/index.php?rest_route=\/wp\/v2\/pages\/29525\/revisions\/40654"}],"up":[{"embeddable":true,"href":"https:\/\/www.rwg-bayreuth.de\/home\/index.php?rest_route=\/wp\/v2\/pages\/24848"}],"wp:attachment":[{"href":"https:\/\/www.rwg-bayreuth.de\/home\/index.php?rest_route=%2Fwp%2Fv2%2Fmedia&parent=29525"}],"wp:term":[{"taxonomy":"post_tag","embeddable":true,"href":"https:\/\/www.rwg-bayreuth.de\/home\/index.php?rest_route=%2Fwp%2Fv2%2Ftags&post=29525"}],"curies":[{"name":"wp","href":"https:\/\/api.w.org\/{rel}","templated":true}]}}