{"id":2773,"date":"2013-10-29T13:07:28","date_gmt":"2013-10-29T12:07:28","guid":{"rendered":"http:\/\/www.rwg-bayreuth.de\/home\/?page_id=2773"},"modified":"2024-01-17T20:56:38","modified_gmt":"2024-01-17T19:56:38","slug":"physik-2","status":"publish","type":"page","link":"https:\/\/www.rwg-bayreuth.de\/home\/?page_id=2773","title":{"rendered":"Physik"},"content":{"rendered":"<p><img decoding=\"async\" src=\"https:\/\/www.rwg-bayreuth.de\/home\/wp-content\/uploads\/2024\/01\/Physik-IsaRembs.jpg\" alt=\"\" width=\"100%\" height=\"auto\" class=\"aligncenter size-full wp-image-35656\" srcset=\"https:\/\/www.rwg-bayreuth.de\/home\/wp-content\/uploads\/2024\/01\/Physik-IsaRembs.jpg 1920w, https:\/\/www.rwg-bayreuth.de\/home\/wp-content\/uploads\/2024\/01\/Physik-IsaRembs-1536x512.jpg 1536w, https:\/\/www.rwg-bayreuth.de\/home\/wp-content\/uploads\/2024\/01\/Physik-IsaRembs-150x50.jpg 150w, https:\/\/www.rwg-bayreuth.de\/home\/wp-content\/uploads\/2024\/01\/Physik-IsaRembs-450x150.jpg 450w, https:\/\/www.rwg-bayreuth.de\/home\/wp-content\/uploads\/2024\/01\/Physik-IsaRembs-768x256.jpg 768w, https:\/\/www.rwg-bayreuth.de\/home\/wp-content\/uploads\/2024\/01\/Physik-IsaRembs-1024x341.jpg 1024w, https:\/\/www.rwg-bayreuth.de\/home\/wp-content\/uploads\/2024\/01\/Physik-IsaRembs-250x83.jpg 250w\" sizes=\"(max-width: 1920px) 100vw, 1920px\" \/><\/p>\n<p><!--<img decoding=\"async\" src=\"https:\/\/www.rwg-bayreuth.de\/home\/wp-content\/uploads\/2017\/01\/Physik.jpg\" alt=\"\" width=\"100%\" class=\"alignnone size-medium wp-image-12892\" srcset=\"https:\/\/www.rwg-bayreuth.de\/home\/wp-content\/uploads\/2017\/01\/Physik.jpg 675w, https:\/\/www.rwg-bayreuth.de\/home\/wp-content\/uploads\/2017\/01\/Physik-150x50.jpg 150w, https:\/\/www.rwg-bayreuth.de\/home\/wp-content\/uploads\/2017\/01\/Physik-450x150.jpg 450w, https:\/\/www.rwg-bayreuth.de\/home\/wp-content\/uploads\/2017\/01\/Physik-250x83.jpg 250w, https:\/\/www.rwg-bayreuth.de\/home\/wp-content\/uploads\/2017\/01\/Physik-600x200.jpg 600w\" sizes=\"(max-width: 675px) 100vw, 675px\" \/>--><\/p>\n<h2>Fachschaft<\/h2>\n<p><a href=\"https:\/\/www.rwg-bayreuth.de\/home\/wp-content\/uploads\/2020\/09\/Fachschaft-Physik.jpg\"><img decoding=\"async\" src=\"https:\/\/www.rwg-bayreuth.de\/home\/wp-content\/uploads\/2020\/09\/Fachschaft-Physik.jpg\" alt=\"\" width=\"900\" height=\"auto\" class=\"alignnone size-full wp-image-26983 fachschaftsbild\" srcset=\"https:\/\/www.rwg-bayreuth.de\/home\/wp-content\/uploads\/2020\/09\/Fachschaft-Physik.jpg 900w, https:\/\/www.rwg-bayreuth.de\/home\/wp-content\/uploads\/2020\/09\/Fachschaft-Physik-450x300.jpg 450w, https:\/\/www.rwg-bayreuth.de\/home\/wp-content\/uploads\/2020\/09\/Fachschaft-Physik-768x512.jpg 768w, https:\/\/www.rwg-bayreuth.de\/home\/wp-content\/uploads\/2020\/09\/Fachschaft-Physik-250x167.jpg 250w\" sizes=\"(max-width: 900px) 100vw, 900px\" \/><\/a><\/p>\n<p><!--\n\n\n<p style=\"float:left; widt:500px; margin-right:30px;\">\nOStR Ren\u00e9 B\u00f6hner (M\/Ph)\nOStR J\u00fcrgen D\u00f6rfler (M\/Ph)\nStD Wolfgang Mehl (M\/Ph)\nStRin Katharina M\u00fcller (M\/Ph)\nOStRin Tanja P\u00fcrckhauer (M\/Ph)\nOStR Carsten Schenk (M\/Ph)\nOStR Finn Wagner (M\/Ph)\nOStR Jochen Wirth (M\/Ph)\n\n<a href=\"https:\/\/www.rwg-bayreuth.de\/home\/wp-content\/uploads\/2017\/05\/Physik-kl.jpg\" style=\"float:left;\"><img loading=\"lazy\" decoding=\"async\" src=\"https:\/\/www.rwg-bayreuth.de\/home\/wp-content\/uploads\/2017\/05\/Physik-kl-450x300.jpg\" alt=\"\" width=\"450\" height=\"298\" class=\" size-medium wp-image-15844\"><\/a>--><\/p>\n<h2 class=\"clear\">Fachprofil<\/h2>\n<p>Das Fach Physik geh\u00f6rt zu den sogenannten MINT-F\u00e4chern (MINT = Mathematik, Informatik, Naturwissenschaften, Technik). Diesen F\u00e4chern wird heute in einer weitgehend technisierten Welt eine hohe Bedeutung zugeschrieben; seit Jahren gibt es zu wenig junge Menschen, die sich nach dem Abitur f\u00fcr ein Studium in diese Richtung entscheiden. Dar\u00fcber hinaus sind technische Entwicklungen und naturwissenschaftliche Erkenntnisse unverzichtbarer Teil der Allgemeinbildung: nur mithilfe physikalischer Kenntnisse k\u00f6nnen positive wie negative Folgen technischer Entwicklungen kompetent und sachlich bewertet werden.<\/p>\n<h4>Physikausbildung am RWG<\/h4>\n<p><a href=\"https:\/\/www.rwg-bayreuth.de\/home\/wp-content\/uploads\/2013\/10\/lichtbogen_web.jpg\"><img loading=\"lazy\" decoding=\"async\" class=\"alignright size-full wp-image-2777\" src=\"https:\/\/www.rwg-bayreuth.de\/home\/wp-content\/uploads\/2013\/10\/lichtbogen_web.jpg\" alt=\"lichtbogen_web\" width=\"280\" height=\"187\" srcset=\"https:\/\/www.rwg-bayreuth.de\/home\/wp-content\/uploads\/2013\/10\/lichtbogen_web.jpg 350w, https:\/\/www.rwg-bayreuth.de\/home\/wp-content\/uploads\/2013\/10\/lichtbogen_web-150x100.jpg 150w, https:\/\/www.rwg-bayreuth.de\/home\/wp-content\/uploads\/2013\/10\/lichtbogen_web-300x200.jpg 300w, https:\/\/www.rwg-bayreuth.de\/home\/wp-content\/uploads\/2013\/10\/lichtbogen_web-250x167.jpg 250w\" sizes=\"(max-width: 280px) 100vw, 280px\" \/><\/a>Am RWG erhalten die Sch\u00fcler eine solide, grundlegende Ausbildung in Physik. Dabei wird in allen Jahrgangsstufen auf einen m\u00f6glichst anschaulichen und durch viele Experimente gepr\u00e4gten Unterricht Wert gelegt. Da die durchschnittliche Klassengr\u00f6\u00dfe in den letzten Jahren deutlich gesunken ist, werden in allen Jahrgangsstufen Sch\u00fclerexperimente (im Klassenverband) durchgef\u00fchrt, die es den Kindern erm\u00f6glichen, in Kleingruppen von 3 \u2013 4 Kindern selbst physikalische Gesetzm\u00e4\u00dfigkeiten zu erforschen und dabei praktische Fertigkeiten zu entwickeln. Dies gelingt auch durch eine sehr umfangreiche und moderne Ausstattung: Die beiden Physiks\u00e4le wurden in den letzten Jahren grundlegend umgebaut, so dass sie modernen didaktischen Anforderungen entsprechen (Netzwerkanschluss sowie Gas\u2010 und Elektroversorgung an allen Sch\u00fclerarbeitspl\u00e4tzen, interaktives Whiteboard, Beamer). Au\u00dferdem wird die Ger\u00e4teausstattung von Jahr zu Jahr erweitert bzw. modernisiert. Dabei konnten in den letzten Jahren u. a. ein neues Sch\u00fcler\u00fcbungssystem wie auch Experimentierger\u00e4te zu aktuellen Themenbereichen angeschafft werden (z. B. Wasserstoffantrieb, Photovoltaik \u2026).<\/p>\n<h4>Inhalte\/Angebote am RWG<\/h4>\n<h5>Pflichtunterricht<\/h5>\n<p>Erste physikalische Grundlagen werden in der siebten Jahrgangsstufe erworben, wo das Fach Natur und Technik die beiden Bereiche Informatik (1 Wochenstunde) und Physik (2 Wochenstunden) umfasst. Dort werden altersgem\u00e4\u00df Inhalte aus den Bereichen Elektrizit\u00e4tslehre, Mechanik und Optik vermittelt. Ab der 8. Jahrgangsstufe ist Physik ein eigenst\u00e4ndiges Kernfach (2 Wochenstunden). Der Lehrplan weist f\u00fcr die Jahrgangstufe 8 &#8211; 10 Rahmenthemen aus, die sich jeweils als roter Faden durch die einzelnen Lehrplanthemen ziehen.<\/p>\n<p>8. Jahrgangsstufe: Energieerhaltung \u2013 ein fundamentales Naturprinzip<\/p>\n<p>9. Jahrgangsstufe: Physik als Grundlage moderner Technik<\/p>\n<p>10. Jahrgangsstufe: Physikalische Weltbilder<\/p>\n<p>Etliche unserer Sch\u00fcler\/-innen w\u00e4hlen Physik auch in der Oberstufe, so dass stets Physikkurse angeboten werden k\u00f6nnen. In der Oberstufe werden die bisher erworbenen Kenntnisse vertieft und verkn\u00fcpft. Auch hier gibt es Rahmenthemen:<\/p>\n<p>11. Jahrgangsstufe: Elektrische und Magnetische Felder<\/p>\n<p>12. Jahrgangsstufe: Struktur der Materie<\/p>\n<p>Nat\u00fcrlich k\u00f6nnen sich die Sch\u00fcler f\u00fcr Physik als Abiturfach (m\u00fcndlich oder schriftlich) entscheiden, was in den letzten Jahren auch etliche machten.<\/p>\n<p>Seit dem Schuljahr 2015\/16 wird die Lehrplanalternative Biophysik in der Q11 angeboten. Die Sch\u00fcler\/-innen k\u00f6nnen nun w\u00e4hlen, ob sie Physik oder Biophysik belegen wollen. Dabei lernen sie einen modernen Zweig der Physik kennen, der in der interdisziplin\u00e4ren Forschung eine wichtige Rolle spielt. Vor diesem Hintergrund sollen mit physikalischen Modellen Aussagen \u00fcber Funktionsweisen biologischer Systeme getroffen werden. Zu den behandelten Themen geh\u00f6ren \u201eAuge und Ohr\u201c, \u201eUntersuchungsmethoden der Biophysik\u201c und \u201eNeuronale Netze\u201c. Zus\u00e4tzlich wird noch ein Themenkomplex aus den Bereich \u201ePhotosynthese\u201c, \u201eStrahlenbiologie und Medizinphysik\u201c oder \u201eGrundlagen der Biophysik\u201c behandelt werden.<\/p>\n<h5>Seminare<\/h5>\n<p>Physik wird in der Oberstufe auch als W\u2010 bzw. P-Seminarfach angeboten. In den letzten Jahren kamen auch \u00f6fter Seminare im Fach Physik zu Stande, z. B.:<\/p>\n<ul margin-top=\"0px\">\n<li>W-Seminar: \u201eEnergie! Wof\u00fcr? Wieviel? Woher?\u201c<\/li>\n<li>W-Seminar: \u201eGesch\u00fcttelt, nicht ger\u00fchrt &#8211; Physik in den James Bond-Filmen\u201c<\/li>\n<li>W-Seminar: \u201ePhysik der Superhelden\u201c<\/li>\n<li>W-Seminar: \u201eLicht und Farbe\u201c<\/li>\n<li>P-Seminar: \u201eEnergiesparkonzept RWG 2020\u201c<\/li>\n<li>P-Seminar: \u201eGeocaching aus geographischer und physikalischer Sicht.\u201c<\/li>\n<\/ul>\n<h5>Wahlkursangebot<\/h5>\n<h6>Wahlfach Robotik:<\/h6>\n<p>Seit \u00fcber 20 Jahren wird am RWG der Wahlkurs Roboterbau f\u00fcr technisch besonders interessierte Sch\u00fcler-\/innen der Unter\u2010 und Mittelstufe (ab 7. Klasse) angeboten. Die Sch\u00fcler beginnen damit, Lego Roboter zu programmieren; dann werden eigene Roboter entworfen, die z. B. Fu\u00dfball spielen. Im Moment ist geplant, wieder eine \u00fcber mehrere Jahre zusammenarbeitende Sch\u00fclergruppe aufzubauen, die an einem Fu\u00dfball-Roboter-Turnier teilnehmen kann.<br \/>\n<!--\n\n<h5>Au\u00dferschulische Partner:<\/h5>\n\n\nDr. Wolfgang Richter Experimentalphysik 4 Uni Bayreuth: Bau eines Spektrometers (9. Klassen)\nHerr Blug (Rolf-Weber-Gruppe, Schauenstein): P-Seminar W\u00e4rmebildkamera\n--><\/p>\n<h5>Aktuelles<\/h5>\n<div style=\"max-width: 1000px\">\n<div class=\"rwg_post_list\"><article id=\"post-39031\"class=\"cf post-39031 post type-post status-publish format-standard has-post-thumbnail hentry category-allgemein tag-biologie tag-chemie tag-geographie tag-mint tag-nawigator tag-physik\">\n \t\t<div class=\"entry-thumbnail fadein\"> \t\t\t<a href=\"https:\/\/www.rwg-bayreuth.de\/home\/?p=39031\"><img loading=\"lazy\" decoding=\"async\" width=\"1024\" height=\"678\" src=\"https:\/\/www.rwg-bayreuth.de\/home\/wp-content\/uploads\/2025\/05\/24-25-Herzlichen-Glueckwunsch-an-die-Klasse-7a-Schulsieger-NaWigator-2024.jpg\" class=\"attachment-post-thumbnail size-post-thumbnail wp-post-image\" alt=\"\" srcset=\"https:\/\/www.rwg-bayreuth.de\/home\/wp-content\/uploads\/2025\/05\/24-25-Herzlichen-Glueckwunsch-an-die-Klasse-7a-Schulsieger-NaWigator-2024.jpg 1024w, https:\/\/www.rwg-bayreuth.de\/home\/wp-content\/uploads\/2025\/05\/24-25-Herzlichen-Glueckwunsch-an-die-Klasse-7a-Schulsieger-NaWigator-2024-150x99.jpg 150w, https:\/\/www.rwg-bayreuth.de\/home\/wp-content\/uploads\/2025\/05\/24-25-Herzlichen-Glueckwunsch-an-die-Klasse-7a-Schulsieger-NaWigator-2024-450x298.jpg 450w, https:\/\/www.rwg-bayreuth.de\/home\/wp-content\/uploads\/2025\/05\/24-25-Herzlichen-Glueckwunsch-an-die-Klasse-7a-Schulsieger-NaWigator-2024-768x509.jpg 768w, https:\/\/www.rwg-bayreuth.de\/home\/wp-content\/uploads\/2025\/05\/24-25-Herzlichen-Glueckwunsch-an-die-Klasse-7a-Schulsieger-NaWigator-2024-250x166.jpg 250w\" sizes=\"(max-width: 1024px) 100vw, 1024px\" \/><\/a> \t\t<\/div><!-- end .entry-thumbnail -->\n<div class=\"meta-main-wrap\">\n  <div class=\"\">\n    <header class=\"entry-header\">\n      <div class=\"entry-cats\">\n        <div class=\"kategorie\"><a href=\"https:\/\/www.rwg-bayreuth.de\/home\/?cat=1\" rel=\"category\">Schulleben<\/a><\/div>\n<div class=\"entry-edit\" >      <div class=\"entry-date\" >\n        <a href=\"https:\/\/www.rwg-bayreuth.de\/home\/?p=39031\">23. Oktober 2024<\/a>\n      <\/div><\/div><!-- end .entry-date -->\n      <\/div><!-- end .entry-cats -->\n<h2 class=\"entry-title\"><a href=\"https:\/\/www.rwg-bayreuth.de\/home\/?p=39031\" rel=\"bookmark\">NaWigator-Wettbewerbstag am RWG<\/a><\/h2>\n    <\/header><!-- end .entry-header -->\n    <div class=\"entry-summary\">\nDie Klasse 7a holt sich im Schuljahr 2024\/25 den Schulsieg An unserem Richard-Wagner-Gymnasium fand auch dieses Schuljahr wieder ein besonderer Wettbewerbstag f\u00fcr alle Sch\u00fclerinnen und Sch\u00fcler des 7. Jahrgangs statt. Ein ganzer Schultag stand am 22. Oktober 2024 den Sch\u00fclerinnen und Sch\u00fclern zur Verf\u00fcgung, um in die Welt der Naturwissenschaften einzutauchen. Der NaWigator-Wettbewerbstag dient dazu,&hellip;\n  <\/div><!-- .entry-summary -->\n  <\/div><!-- .entry-main -->\n<\/div><!-- .meta-main-wrap -->\n<\/article><!-- end post -39031 -->\n<article id=\"post-39042\"class=\"cf post-39042 post type-post status-publish format-standard has-post-thumbnail hentry category-allgemein tag-home tag-mint tag-physik\">\n \t\t<div class=\"entry-thumbnail fadein\"> \t\t\t<a href=\"https:\/\/www.rwg-bayreuth.de\/home\/?p=39042\"><img loading=\"lazy\" decoding=\"async\" width=\"1024\" height=\"683\" src=\"https:\/\/www.rwg-bayreuth.de\/home\/wp-content\/uploads\/2025\/05\/23-24-NuT-Fahrt-Nuernberg.jpg\" class=\"attachment-post-thumbnail size-post-thumbnail wp-post-image\" alt=\"\" srcset=\"https:\/\/www.rwg-bayreuth.de\/home\/wp-content\/uploads\/2025\/05\/23-24-NuT-Fahrt-Nuernberg.jpg 1024w, https:\/\/www.rwg-bayreuth.de\/home\/wp-content\/uploads\/2025\/05\/23-24-NuT-Fahrt-Nuernberg-150x100.jpg 150w, https:\/\/www.rwg-bayreuth.de\/home\/wp-content\/uploads\/2025\/05\/23-24-NuT-Fahrt-Nuernberg-450x300.jpg 450w, https:\/\/www.rwg-bayreuth.de\/home\/wp-content\/uploads\/2025\/05\/23-24-NuT-Fahrt-Nuernberg-768x512.jpg 768w, https:\/\/www.rwg-bayreuth.de\/home\/wp-content\/uploads\/2025\/05\/23-24-NuT-Fahrt-Nuernberg-250x167.jpg 250w, https:\/\/www.rwg-bayreuth.de\/home\/wp-content\/uploads\/2025\/05\/23-24-NuT-Fahrt-Nuernberg-900x600.jpg 900w\" sizes=\"(max-width: 1024px) 100vw, 1024px\" \/><\/a> \t\t<\/div><!-- end .entry-thumbnail -->\n<div class=\"meta-main-wrap\">\n  <div class=\"\">\n    <header class=\"entry-header\">\n      <div class=\"entry-cats\">\n        <div class=\"kategorie\"><a href=\"https:\/\/www.rwg-bayreuth.de\/home\/?cat=1\" rel=\"category\">Schulleben<\/a><\/div>\n<div class=\"entry-edit\" >      <div class=\"entry-date\" >\n        <a href=\"https:\/\/www.rwg-bayreuth.de\/home\/?p=39042\">27. Juli 2024<\/a>\n      <\/div><\/div><!-- end .entry-date -->\n      <\/div><!-- end .entry-cats -->\n<h2 class=\"entry-title\"><a href=\"https:\/\/www.rwg-bayreuth.de\/home\/?p=39042\" rel=\"bookmark\">Faszination Naturwissenschaften \u2013 Natur und Technikfahrt der 7. Klassen<\/a><\/h2>\n    <\/header><!-- end .entry-header -->\n    <div class=\"entry-summary\">\nWie jedes Jahr fand in der vorletzten Unterrichtswoche im Juli 2024 eine naturwissenschaftliche Fahrt der 7. Klassen nach N\u00fcrnberg statt.\u00a0 Diese Fahrt bildet den Abschluss des Natur- und Technik\u00adunter\u00adrichts, den die Kinder seit der 5. Klasse erhalten. Erste Anlaufstation war das Nicolaus-Copernikus-Planetarium, in dem die Sch\u00fcler-\/innen in einer beeindruckenden, kurzweiligen Vorstellung mit dem Titel \u201eExpedition&hellip;\n  <\/div><!-- .entry-summary -->\n  <\/div><!-- .entry-main -->\n<\/div><!-- .meta-main-wrap -->\n<\/article><!-- end post -39042 -->\n<article id=\"post-35023\"class=\"cf post-35023 post type-post status-publish format-standard has-post-thumbnail hentry category-allgemein tag-biologie tag-chemie tag-geographie tag-home tag-mathematik tag-mint tag-nawigator tag-physik\">\n \t\t<div class=\"entry-thumbnail fadein\"> \t\t\t<a href=\"https:\/\/www.rwg-bayreuth.de\/home\/?p=35023\"><img loading=\"lazy\" decoding=\"async\" width=\"1017\" height=\"678\" src=\"https:\/\/www.rwg-bayreuth.de\/home\/wp-content\/uploads\/2023\/11\/23-24-NaWigator-Wettbewerb-B-1.jpg\" class=\"attachment-post-thumbnail size-post-thumbnail wp-post-image\" alt=\"\" srcset=\"https:\/\/www.rwg-bayreuth.de\/home\/wp-content\/uploads\/2023\/11\/23-24-NaWigator-Wettbewerb-B-1.jpg 1017w, https:\/\/www.rwg-bayreuth.de\/home\/wp-content\/uploads\/2023\/11\/23-24-NaWigator-Wettbewerb-B-1-450x300.jpg 450w, https:\/\/www.rwg-bayreuth.de\/home\/wp-content\/uploads\/2023\/11\/23-24-NaWigator-Wettbewerb-B-1-150x100.jpg 150w, https:\/\/www.rwg-bayreuth.de\/home\/wp-content\/uploads\/2023\/11\/23-24-NaWigator-Wettbewerb-B-1-768x512.jpg 768w, https:\/\/www.rwg-bayreuth.de\/home\/wp-content\/uploads\/2023\/11\/23-24-NaWigator-Wettbewerb-B-1-250x167.jpg 250w, https:\/\/www.rwg-bayreuth.de\/home\/wp-content\/uploads\/2023\/11\/23-24-NaWigator-Wettbewerb-B-1-900x600.jpg 900w\" sizes=\"(max-width: 1017px) 100vw, 1017px\" \/><\/a> \t\t<\/div><!-- end .entry-thumbnail -->\n<div class=\"meta-main-wrap\">\n  <div class=\"\">\n    <header class=\"entry-header\">\n      <div class=\"entry-cats\">\n        <div class=\"kategorie\"><a href=\"https:\/\/www.rwg-bayreuth.de\/home\/?cat=1\" rel=\"category\">Schulleben<\/a><\/div>\n<div class=\"entry-edit\" >      <div class=\"entry-date\" >\n        <a href=\"https:\/\/www.rwg-bayreuth.de\/home\/?p=35023\">26. Oktober 2023<\/a>\n      <\/div><\/div><!-- end .entry-date -->\n      <\/div><!-- end .entry-cats -->\n<h2 class=\"entry-title\"><a href=\"https:\/\/www.rwg-bayreuth.de\/home\/?p=35023\" rel=\"bookmark\">Klasse 7b gewinnt den RWG-Nawigator-Wettbewerb 2023<\/a><\/h2>\n    <\/header><!-- end .entry-header -->\n    <div class=\"entry-summary\">\nNervenkitzel bis zur letzten Frage! In einem spannenden Finale des Nawigator-Wettbewerbstages 2023 der siebten Klassen setzte sich das Klassensieger-Team der Klasse 7b gegen seine Konkurent*innen der anderen siebten Klassen durch und sicherte so seiner Klasse den Schulsieg. Die Klasse 7b darf sich nun neben der Auszeichnung \u201eSchulsieger des NaWigator-Wettbewerbstages 2023\u201c \u00fcber den Gewinn eines zus\u00e4tzlichen&hellip;\n  <\/div><!-- .entry-summary -->\n  <\/div><!-- .entry-main -->\n<\/div><!-- .meta-main-wrap -->\n<\/article><!-- end post -35023 -->\n<\/div><!-- end .rwg_post_list -->\n<\/div>\n<h5>Verwendete Lehrwerke:<\/h5>\n<p>Natur und Technik 7 &#8211; Physik (Buchner-Verlag)<br \/>\nGalileo 8 \u2013 9 (Oldenbourg-Verlag)<br \/>\nDuden Paetec Physik 10 &#8211; 12 (Duden Paetec Schulbuchverlag)<\/p>\n<h5>Zus\u00e4tzliche Materialien und weiterf\u00fchrende Links:<\/h5>\n<ul class=\"linkliste\">\n<li class=\"top\"><a href=\"https:\/\/www.lehrplanplus.bayern.de\/schulart\/gymnasium\/fach\/physik\/inhalt\/fachlehrplaene\" target=\"_blank\" rel=\"noopener noreferrer\">LehrplanPLUS<\/a><\/li>\n<li><a href=\"http:\/\/www.isb.bayern.de\/schulartspezifisches\/lehrplan\/gymnasium\/fachprofil-ebene-2\/physik\/326\/\" target=\"_blank\" rel=\"noopener noreferrer\">Lehrpl\u00e4ne (G8)<\/a><\/li>\n<li><a href=\"https:\/\/www.isb.bayern.de\/schularten\/gymnasium\/leistungserhebungen\/abiturpruefung\/physik\/\" target=\"_blank\" rel=\"noopener noreferrer\">Abituraufgaben<\/a><\/li>\n<li><a href=\"http:\/\/www.leifiphysik.de\/\" target=\"_blank\" rel=\"noopener noreferrer\">Leifiphysik<br \/>\n<span style=\"font-size: 14px\">Auf diesem Portal findet man Materialien, Versuche, Aufgaben, Tests und Lesestoff &#8211; aufbereitet nach Jahrgang und Bundesland, die den Physikunterricht erg\u00e4nzen und erweitern.<\/span><\/a><\/li>\n<li><a href=\"https:\/\/alphys.de\/merkhilfe-physik-g8\" target=\"_blank\" rel=\"noopener noreferrer\">Physik-Merkhilfe f\u00fcr die 10. Klasse Gymnasium<br \/><span style=\"font-size: 14px\">Die Merkhilfe mit den wichtigsten Physik-Formeln der Jahrgangsstufen 7 bis 10 am bayerischen Gymnasium (G8).<\/span><\/a><\/li>\n<\/ul>\n","protected":false},"excerpt":{"rendered":"<p>Fachschaft Fachprofil Das Fach Physik geh\u00f6rt zu den sogenannten MINT-F\u00e4chern (MINT = Mathematik, Informatik, Naturwissenschaften, Technik). Diesen F\u00e4chern wird heute in einer weitgehend technisierten Welt eine hohe Bedeutung zugeschrieben; seit Jahren gibt es zu wenig junge Menschen, die sich nach dem Abitur f\u00fcr ein Studium in diese Richtung entscheiden. Dar\u00fcber hinaus sind technische Entwicklungen und&hellip;<\/p>\n","protected":false},"author":2,"featured_media":0,"parent":11139,"menu_order":4,"comment_status":"closed","ping_status":"closed","template":"page-templates\/no-sidebar.php","meta":{"footnotes":""},"tags":[54],"_links":{"self":[{"href":"https:\/\/www.rwg-bayreuth.de\/home\/index.php?rest_route=\/wp\/v2\/pages\/2773"}],"collection":[{"href":"https:\/\/www.rwg-bayreuth.de\/home\/index.php?rest_route=\/wp\/v2\/pages"}],"about":[{"href":"https:\/\/www.rwg-bayreuth.de\/home\/index.php?rest_route=\/wp\/v2\/types\/page"}],"author":[{"embeddable":true,"href":"https:\/\/www.rwg-bayreuth.de\/home\/index.php?rest_route=\/wp\/v2\/users\/2"}],"replies":[{"embeddable":true,"href":"https:\/\/www.rwg-bayreuth.de\/home\/index.php?rest_route=%2Fwp%2Fv2%2Fcomments&post=2773"}],"version-history":[{"count":72,"href":"https:\/\/www.rwg-bayreuth.de\/home\/index.php?rest_route=\/wp\/v2\/pages\/2773\/revisions"}],"predecessor-version":[{"id":35657,"href":"https:\/\/www.rwg-bayreuth.de\/home\/index.php?rest_route=\/wp\/v2\/pages\/2773\/revisions\/35657"}],"up":[{"embeddable":true,"href":"https:\/\/www.rwg-bayreuth.de\/home\/index.php?rest_route=\/wp\/v2\/pages\/11139"}],"wp:attachment":[{"href":"https:\/\/www.rwg-bayreuth.de\/home\/index.php?rest_route=%2Fwp%2Fv2%2Fmedia&parent=2773"}],"wp:term":[{"taxonomy":"post_tag","embeddable":true,"href":"https:\/\/www.rwg-bayreuth.de\/home\/index.php?rest_route=%2Fwp%2Fv2%2Ftags&post=2773"}],"curies":[{"name":"wp","href":"https:\/\/api.w.org\/{rel}","templated":true}]}}