{"id":2670,"date":"2013-10-06T10:10:38","date_gmt":"2013-10-06T09:10:38","guid":{"rendered":"http:\/\/www.rwg-bayreuth.de\/home\/?page_id=2670"},"modified":"2025-05-20T22:51:07","modified_gmt":"2025-05-20T20:51:07","slug":"biologie","status":"publish","type":"page","link":"https:\/\/www.rwg-bayreuth.de\/home\/?page_id=2670","title":{"rendered":"Biologie"},"content":{"rendered":"<p><img decoding=\"async\" src=\"https:\/\/www.rwg-bayreuth.de\/home\/wp-content\/uploads\/2024\/01\/NuT-EmilSkala.jpg\" alt=\"\" width=\"100%\" height=\"auto\" class=\"aligncenter size-full wp-image-35654\" srcset=\"https:\/\/www.rwg-bayreuth.de\/home\/wp-content\/uploads\/2024\/01\/NuT-EmilSkala.jpg 828w, https:\/\/www.rwg-bayreuth.de\/home\/wp-content\/uploads\/2024\/01\/NuT-EmilSkala-150x50.jpg 150w, https:\/\/www.rwg-bayreuth.de\/home\/wp-content\/uploads\/2024\/01\/NuT-EmilSkala-450x150.jpg 450w, https:\/\/www.rwg-bayreuth.de\/home\/wp-content\/uploads\/2024\/01\/NuT-EmilSkala-768x256.jpg 768w, https:\/\/www.rwg-bayreuth.de\/home\/wp-content\/uploads\/2024\/01\/NuT-EmilSkala-250x83.jpg 250w\" sizes=\"(max-width: 828px) 100vw, 828px\" \/><\/p>\n<p><!--<img decoding=\"async\" src=\"https:\/\/www.rwg-bayreuth.de\/home\/wp-content\/uploads\/2017\/01\/Bio3-l.jpg\" alt=\"\" width=\"100%\"  class=\"alignnone size-full wp-image-13064\" srcset=\"https:\/\/www.rwg-bayreuth.de\/home\/wp-content\/uploads\/2017\/01\/Bio3-l.jpg 1278w, https:\/\/www.rwg-bayreuth.de\/home\/wp-content\/uploads\/2017\/01\/Bio3-l-150x50.jpg 150w, https:\/\/www.rwg-bayreuth.de\/home\/wp-content\/uploads\/2017\/01\/Bio3-l-450x150.jpg 450w, https:\/\/www.rwg-bayreuth.de\/home\/wp-content\/uploads\/2017\/01\/Bio3-l-768x256.jpg 768w, https:\/\/www.rwg-bayreuth.de\/home\/wp-content\/uploads\/2017\/01\/Bio3-l-1024x341.jpg 1024w, https:\/\/www.rwg-bayreuth.de\/home\/wp-content\/uploads\/2017\/01\/Bio3-l-250x83.jpg 250w, https:\/\/www.rwg-bayreuth.de\/home\/wp-content\/uploads\/2017\/01\/Bio3-l-600x200.jpg 600w\" sizes=\"(max-width: 1278px) 100vw, 1278px\" \/>--><\/p>\n<h2>Fachschaft<\/h2>\n<p><a href=\"https:\/\/www.rwg-bayreuth.de\/home\/wp-content\/uploads\/2020\/09\/Fachschaft-Biologie.jpg\"><img decoding=\"async\" src=\"https:\/\/www.rwg-bayreuth.de\/home\/wp-content\/uploads\/2020\/09\/Fachschaft-Biologie.jpg\" alt=\"\" width=\"900\" height=\"auto\" class=\"alignnone size-full wp-image-27104 fachschaftsbild\" srcset=\"https:\/\/www.rwg-bayreuth.de\/home\/wp-content\/uploads\/2020\/09\/Fachschaft-Biologie.jpg 900w, https:\/\/www.rwg-bayreuth.de\/home\/wp-content\/uploads\/2020\/09\/Fachschaft-Biologie-450x313.jpg 450w, https:\/\/www.rwg-bayreuth.de\/home\/wp-content\/uploads\/2020\/09\/Fachschaft-Biologie-768x534.jpg 768w, https:\/\/www.rwg-bayreuth.de\/home\/wp-content\/uploads\/2020\/09\/Fachschaft-Biologie-250x174.jpg 250w, https:\/\/www.rwg-bayreuth.de\/home\/wp-content\/uploads\/2020\/09\/Fachschaft-Biologie-600x417.jpg 600w\" sizes=\"(max-width: 900px) 100vw, 900px\" \/><\/a><\/p>\n<h2><em>\u201eDie Naturwissenschaft Biologie ist die Lehre von den Lebewesen\u201c. <\/em><\/h2>\n<p>So lernen die Kinder der 5. Klassen dieses f\u00fcr sie neue Fach kennen. Die Sch\u00fcler erwerben auf vielf\u00e4ltige Weise Kenntnisse \u00fcber das System der Lebewesen, Evolution, Genetik, Zellbiologie, \u00d6kologie und Physiologie des menschlichen K\u00f6rpers. Verschiedene offene Unterrichtsformen, selbstst\u00e4ndiges Experimentieren und Recherchieren pr\u00e4gen den Biologieunterricht, unterst\u00fctzt durch Unterrichtsg\u00e4nge und Exkursionen, verschiedene Projekte, Teilnahmen an Wettbewerben und Einladungen von Experten.<\/p>\n<h2>Besonderheiten des Fachs Biologie am RWG<\/h2>\n<p>In den Klassen 5 und 6 bildet Biologie einen der Schwerpunkte in Natur und Technik, in den Klassen 8 bis 10 wird es als eigenst\u00e4ndiges Fach mit zwei Wochenstunden unterrichtet. In der Oberstufe kann es neben Chemie und Physik als naturwissenschaftliches Fach mit drei Wochenstunden sowie als W&#x2010; und P-Seminar weiterbelegt werden.<\/p>\n<p>Der Unterricht findet in drei technisch sehr gut ausgestatteten Biologie-Fachr\u00e4umen statt und wird durch eine Vielzahl von Medien, Modellen und Pr\u00e4paraten veranschaulicht.<\/p>\n<p><a href=\"https:\/\/www.rwg-bayreuth.de\/home\/wp-content\/uploads\/2013\/10\/Biologie_Leiste_web.jpg\"><img decoding=\"async\" src=\"https:\/\/www.rwg-bayreuth.de\/home\/wp-content\/uploads\/2013\/10\/Biologie_Leiste_web.jpg\" alt=\"Biologie_Leiste_web\" width=\"100%\"  class=\"aligncenter size-full wp-image-2672\" srcset=\"https:\/\/www.rwg-bayreuth.de\/home\/wp-content\/uploads\/2013\/10\/Biologie_Leiste_web.jpg 681w, https:\/\/www.rwg-bayreuth.de\/home\/wp-content\/uploads\/2013\/10\/Biologie_Leiste_web-150x39.jpg 150w, https:\/\/www.rwg-bayreuth.de\/home\/wp-content\/uploads\/2013\/10\/Biologie_Leiste_web-450x118.jpg 450w, https:\/\/www.rwg-bayreuth.de\/home\/wp-content\/uploads\/2013\/10\/Biologie_Leiste_web-250x65.jpg 250w\" sizes=\"(max-width: 681px) 100vw, 681px\" \/><\/a><\/p>\n<h2>Klimaschule<\/h2>\n<p>Als zertifizierte Klimaschule liegt es uns besonders am Herzen, den Sch\u00fclerinnen und Sch\u00fclern ein verantwortungsbewusstes Verhalten gegen\u00fcber der Umwelt nahe zu bringen. Hierzu tragen auch eine Wildblumenwiese, ein Insektenhotel, eine Kr\u00e4uterschnecke und verschiedene Beete auf dem Schulgel\u00e4nde bei. Letztere werden von den Teilnehmern des Wahlunterrichts Schulgarten betreut, in welchem die Sch\u00fclerinnen und Sch\u00fcler selbst Gem\u00fcse und Blumen anbauen, Adventskr\u00e4nze binden oder bei der \u201eRWG-Pflanzenb\u00f6rse\u201c von Eltern und Lehrern gespendete Pflanzen verkaufen.<\/p>\n<h2>Aktuelles<\/h2>\n<div style=\"max-width: 1000px\">\n<div class=\"rwg_post_list\"><article id=\"post-38885\"class=\"cf post-38885 post type-post status-publish format-standard has-post-thumbnail hentry category-allgemein tag-biologie tag-home tag-mint\">\n \t\t<div class=\"entry-thumbnail fadein\"> \t\t\t<a href=\"https:\/\/www.rwg-bayreuth.de\/home\/?p=38885\"><img loading=\"lazy\" decoding=\"async\" width=\"1024\" height=\"683\" src=\"https:\/\/www.rwg-bayreuth.de\/home\/wp-content\/uploads\/2025\/05\/24-25-Wildbienen-B.jpg\" class=\"attachment-post-thumbnail size-post-thumbnail wp-post-image\" alt=\"\" srcset=\"https:\/\/www.rwg-bayreuth.de\/home\/wp-content\/uploads\/2025\/05\/24-25-Wildbienen-B.jpg 1024w, https:\/\/www.rwg-bayreuth.de\/home\/wp-content\/uploads\/2025\/05\/24-25-Wildbienen-B-150x100.jpg 150w, https:\/\/www.rwg-bayreuth.de\/home\/wp-content\/uploads\/2025\/05\/24-25-Wildbienen-B-450x300.jpg 450w, https:\/\/www.rwg-bayreuth.de\/home\/wp-content\/uploads\/2025\/05\/24-25-Wildbienen-B-768x512.jpg 768w, https:\/\/www.rwg-bayreuth.de\/home\/wp-content\/uploads\/2025\/05\/24-25-Wildbienen-B-250x167.jpg 250w, https:\/\/www.rwg-bayreuth.de\/home\/wp-content\/uploads\/2025\/05\/24-25-Wildbienen-B-900x600.jpg 900w\" sizes=\"(max-width: 1024px) 100vw, 1024px\" \/><\/a> \t\t<\/div><!-- end .entry-thumbnail -->\n<div class=\"meta-main-wrap\">\n  <div class=\"\">\n    <header class=\"entry-header\">\n      <div class=\"entry-cats\">\n        <div class=\"kategorie\"><a href=\"https:\/\/www.rwg-bayreuth.de\/home\/?cat=1\" rel=\"category\">Schulleben<\/a><\/div>\n<div class=\"entry-edit\" >      <div class=\"entry-date\" >\n        <a href=\"https:\/\/www.rwg-bayreuth.de\/home\/?p=38885\">20. Mai 2025<\/a>\n      <\/div><\/div><!-- end .entry-date -->\n      <\/div><!-- end .entry-cats -->\n<h2 class=\"entry-title\"><a href=\"https:\/\/www.rwg-bayreuth.de\/home\/?p=38885\" rel=\"bookmark\">Wildbienenmonitoring am RWG-Gel\u00e4nde<\/a><\/h2>\n    <\/header><!-- end .entry-header -->\n    <div class=\"entry-summary\">\nAuch am RWG wollen wir dem Insektensterben entgegenwirken und den Lebensraum f\u00fcr Wildbienen verbessern. Seit dem Schuljahr 2023\/24 nehmen wir am Nisthilfeprojekt \u201eDigitale Bestimmung und Biomonitoring mithilfe von Insekten-Nisthilfen als Citizen-Science-Projekt\u201c der Universit\u00e4t Bamberg teil. Anfang M\u00e4rz 2024 wurde die von der Universit\u00e4t Bamberg bereitgestellte kleine Nisthilfe am Fenster der Turnhallen-Umkleide positioniert. Es befinden sich&hellip;\n  <\/div><!-- .entry-summary -->\n  <\/div><!-- .entry-main -->\n<\/div><!-- .meta-main-wrap -->\n<\/article><!-- end post -38885 -->\n<article id=\"post-39031\"class=\"cf post-39031 post type-post status-publish format-standard has-post-thumbnail hentry category-allgemein tag-biologie tag-chemie tag-geographie tag-mint tag-nawigator tag-physik\">\n \t\t<div class=\"entry-thumbnail fadein\"> \t\t\t<a href=\"https:\/\/www.rwg-bayreuth.de\/home\/?p=39031\"><img loading=\"lazy\" decoding=\"async\" width=\"1024\" height=\"678\" src=\"https:\/\/www.rwg-bayreuth.de\/home\/wp-content\/uploads\/2025\/05\/24-25-Herzlichen-Glueckwunsch-an-die-Klasse-7a-Schulsieger-NaWigator-2024.jpg\" class=\"attachment-post-thumbnail size-post-thumbnail wp-post-image\" alt=\"\" srcset=\"https:\/\/www.rwg-bayreuth.de\/home\/wp-content\/uploads\/2025\/05\/24-25-Herzlichen-Glueckwunsch-an-die-Klasse-7a-Schulsieger-NaWigator-2024.jpg 1024w, https:\/\/www.rwg-bayreuth.de\/home\/wp-content\/uploads\/2025\/05\/24-25-Herzlichen-Glueckwunsch-an-die-Klasse-7a-Schulsieger-NaWigator-2024-150x99.jpg 150w, https:\/\/www.rwg-bayreuth.de\/home\/wp-content\/uploads\/2025\/05\/24-25-Herzlichen-Glueckwunsch-an-die-Klasse-7a-Schulsieger-NaWigator-2024-450x298.jpg 450w, https:\/\/www.rwg-bayreuth.de\/home\/wp-content\/uploads\/2025\/05\/24-25-Herzlichen-Glueckwunsch-an-die-Klasse-7a-Schulsieger-NaWigator-2024-768x509.jpg 768w, https:\/\/www.rwg-bayreuth.de\/home\/wp-content\/uploads\/2025\/05\/24-25-Herzlichen-Glueckwunsch-an-die-Klasse-7a-Schulsieger-NaWigator-2024-250x166.jpg 250w\" sizes=\"(max-width: 1024px) 100vw, 1024px\" \/><\/a> \t\t<\/div><!-- end .entry-thumbnail -->\n<div class=\"meta-main-wrap\">\n  <div class=\"\">\n    <header class=\"entry-header\">\n      <div class=\"entry-cats\">\n        <div class=\"kategorie\"><a href=\"https:\/\/www.rwg-bayreuth.de\/home\/?cat=1\" rel=\"category\">Schulleben<\/a><\/div>\n<div class=\"entry-edit\" >      <div class=\"entry-date\" >\n        <a href=\"https:\/\/www.rwg-bayreuth.de\/home\/?p=39031\">23. Oktober 2024<\/a>\n      <\/div><\/div><!-- end .entry-date -->\n      <\/div><!-- end .entry-cats -->\n<h2 class=\"entry-title\"><a href=\"https:\/\/www.rwg-bayreuth.de\/home\/?p=39031\" rel=\"bookmark\">NaWigator-Wettbewerbstag am RWG<\/a><\/h2>\n    <\/header><!-- end .entry-header -->\n    <div class=\"entry-summary\">\nDie Klasse 7a holt sich im Schuljahr 2024\/25 den Schulsieg An unserem Richard-Wagner-Gymnasium fand auch dieses Schuljahr wieder ein besonderer Wettbewerbstag f\u00fcr alle Sch\u00fclerinnen und Sch\u00fcler des 7. Jahrgangs statt. Ein ganzer Schultag stand am 22. Oktober 2024 den Sch\u00fclerinnen und Sch\u00fclern zur Verf\u00fcgung, um in die Welt der Naturwissenschaften einzutauchen. Der NaWigator-Wettbewerbstag dient dazu,&hellip;\n  <\/div><!-- .entry-summary -->\n  <\/div><!-- .entry-main -->\n<\/div><!-- .meta-main-wrap -->\n<\/article><!-- end post -39031 -->\n<article id=\"post-37152\"class=\"cf post-37152 post type-post status-publish format-standard has-post-thumbnail hentry category-allgemein tag-5te-klassen tag-biologie tag-home tag-kompass tag-mint\">\n \t\t<div class=\"entry-thumbnail fadein\"> \t\t\t<a href=\"https:\/\/www.rwg-bayreuth.de\/home\/?p=37152\"><img loading=\"lazy\" decoding=\"async\" width=\"1024\" height=\"683\" src=\"https:\/\/www.rwg-bayreuth.de\/home\/wp-content\/uploads\/2024\/11\/23-24-KrautUndRueben-Abschluss-B.jpg\" class=\"attachment-post-thumbnail size-post-thumbnail wp-post-image\" alt=\"\" srcset=\"https:\/\/www.rwg-bayreuth.de\/home\/wp-content\/uploads\/2024\/11\/23-24-KrautUndRueben-Abschluss-B.jpg 1024w, https:\/\/www.rwg-bayreuth.de\/home\/wp-content\/uploads\/2024\/11\/23-24-KrautUndRueben-Abschluss-B-150x100.jpg 150w, https:\/\/www.rwg-bayreuth.de\/home\/wp-content\/uploads\/2024\/11\/23-24-KrautUndRueben-Abschluss-B-450x300.jpg 450w, https:\/\/www.rwg-bayreuth.de\/home\/wp-content\/uploads\/2024\/11\/23-24-KrautUndRueben-Abschluss-B-768x512.jpg 768w, https:\/\/www.rwg-bayreuth.de\/home\/wp-content\/uploads\/2024\/11\/23-24-KrautUndRueben-Abschluss-B-250x167.jpg 250w, https:\/\/www.rwg-bayreuth.de\/home\/wp-content\/uploads\/2024\/11\/23-24-KrautUndRueben-Abschluss-B-900x600.jpg 900w\" sizes=\"(max-width: 1024px) 100vw, 1024px\" \/><\/a> \t\t<\/div><!-- end .entry-thumbnail -->\n<div class=\"meta-main-wrap\">\n  <div class=\"\">\n    <header class=\"entry-header\">\n      <div class=\"entry-cats\">\n        <div class=\"kategorie\"><a href=\"https:\/\/www.rwg-bayreuth.de\/home\/?cat=1\" rel=\"category\">Schulleben<\/a><\/div>\n<div class=\"entry-edit\" >      <div class=\"entry-date\" >\n        <a href=\"https:\/\/www.rwg-bayreuth.de\/home\/?p=37152\">21. August 2024<\/a>\n      <\/div><\/div><!-- end .entry-date -->\n      <\/div><!-- end .entry-cats -->\n<h2 class=\"entry-title\"><a href=\"https:\/\/www.rwg-bayreuth.de\/home\/?p=37152\" rel=\"bookmark\">Kraut und R\u00fcben-Projekt bei TVO<\/a><\/h2>\n    <\/header><!-- end .entry-header -->\n    <div class=\"entry-summary\">\nMit dem Ende des Schuljahres 2023\/24 konnten unsere Sch\u00fclerinnen und Sch\u00fcler aus den f\u00fcnften Klassen im wahrsten Sinne des Wortes sehen, dass ihre Arbeit Fr\u00fcchte tr\u00e4gt: Im Projekt \u201eKraut und R\u00fcben\u201c begann die Erntezeit. Im verlinkten Beitrag von TVO k\u00f6nnen Sie ab 8min 30sec sehen, wie es den Kindern der Klasse 5a dabei ergangen ist.&hellip;\n  <\/div><!-- .entry-summary -->\n  <\/div><!-- .entry-main -->\n<\/div><!-- .meta-main-wrap -->\n<\/article><!-- end post -37152 -->\n<article id=\"post-36801\"class=\"cf post-36801 post type-post status-publish format-standard has-post-thumbnail hentry category-allgemein tag-biologie tag-home tag-wettbewerb\">\n \t\t<div class=\"entry-thumbnail fadein\"> \t\t\t<a href=\"https:\/\/www.rwg-bayreuth.de\/home\/?p=36801\"><img loading=\"lazy\" decoding=\"async\" width=\"1024\" height=\"683\" src=\"https:\/\/www.rwg-bayreuth.de\/home\/wp-content\/uploads\/2024\/07\/Urkundenuebergabe_Aktionswoche_Alkohol-B.jpg\" class=\"attachment-post-thumbnail size-post-thumbnail wp-post-image\" alt=\"\" srcset=\"https:\/\/www.rwg-bayreuth.de\/home\/wp-content\/uploads\/2024\/07\/Urkundenuebergabe_Aktionswoche_Alkohol-B.jpg 1024w, https:\/\/www.rwg-bayreuth.de\/home\/wp-content\/uploads\/2024\/07\/Urkundenuebergabe_Aktionswoche_Alkohol-B-150x100.jpg 150w, https:\/\/www.rwg-bayreuth.de\/home\/wp-content\/uploads\/2024\/07\/Urkundenuebergabe_Aktionswoche_Alkohol-B-450x300.jpg 450w, https:\/\/www.rwg-bayreuth.de\/home\/wp-content\/uploads\/2024\/07\/Urkundenuebergabe_Aktionswoche_Alkohol-B-768x512.jpg 768w, https:\/\/www.rwg-bayreuth.de\/home\/wp-content\/uploads\/2024\/07\/Urkundenuebergabe_Aktionswoche_Alkohol-B-250x167.jpg 250w, https:\/\/www.rwg-bayreuth.de\/home\/wp-content\/uploads\/2024\/07\/Urkundenuebergabe_Aktionswoche_Alkohol-B-900x600.jpg 900w\" sizes=\"(max-width: 1024px) 100vw, 1024px\" \/><\/a> \t\t<\/div><!-- end .entry-thumbnail -->\n<div class=\"meta-main-wrap\">\n  <div class=\"\">\n    <header class=\"entry-header\">\n      <div class=\"entry-cats\">\n        <div class=\"kategorie\"><a href=\"https:\/\/www.rwg-bayreuth.de\/home\/?cat=1\" rel=\"category\">Schulleben<\/a><\/div>\n<div class=\"entry-edit\" >      <div class=\"entry-date\" >\n        <a href=\"https:\/\/www.rwg-bayreuth.de\/home\/?p=36801\">10. Juli 2024<\/a>\n      <\/div><\/div><!-- end .entry-date -->\n      <\/div><!-- end .entry-cats -->\n<h2 class=\"entry-title\"><a href=\"https:\/\/www.rwg-bayreuth.de\/home\/?p=36801\" rel=\"bookmark\">RWG r\u00e4umt beim Kreativwettbewerb \u201eAlkohol? Weniger ist besser!\u201c ab<\/a><\/h2>\n    <\/header><!-- end .entry-header -->\n    <div class=\"entry-summary\">\nAlkohol? Weniger ist besser! &#8211; Unter diesem Motto steht die Aktionswoche Alkohol, die sich vom 08. Juni bis 16. Juni 2024 mit zahlreichen Aktionen und Veranstaltungen bundesweit an die \u00d6ffentlichkeit richtet. Unter der zentralen Fragestellung: \u201eWem schadet dein Drink?\u201c sollten die Sch\u00fclerinnen und Sch\u00fcler der 8. Jahrgangsstufe die Auswirkungen des Alkoholkonsums auf Dritte n\u00e4her beleuchten.&hellip;\n  <\/div><!-- .entry-summary -->\n  <\/div><!-- .entry-main -->\n<\/div><!-- .meta-main-wrap -->\n<\/article><!-- end post -36801 -->\n<\/div><!-- end .rwg_post_list -->\n<\/div>\n<h2>Weiterf\u00fchrende Links<\/h2>\n<ul class=\"linkliste\">\n<li class=\"top\"><a href=\"https:\/\/www.lehrplanplus.bayern.de\/schulart\/gymnasium\/fach\/biologie\/inhalt\/fachlehrplaene\" target=\"_blank\" rel=\"noopener noreferrer\">LehrplanPLUS<\/a><\/li>\n<li><a href=\"http:\/\/www.isb.bayern.de\/gymnasium\/lehrplan\/gymnasium\/fachprofil-ebene-2\/biologie\/305\/\" target=\"_blank\" rel=\"noopener noreferrer\">Lehrplan (G8)<\/a><\/li>\n<\/ul>\n","protected":false},"excerpt":{"rendered":"<p>Fachschaft \u201eDie Naturwissenschaft Biologie ist die Lehre von den Lebewesen\u201c. So lernen die Kinder der 5. Klassen dieses f\u00fcr sie neue Fach kennen. Die Sch\u00fcler erwerben auf vielf\u00e4ltige Weise Kenntnisse \u00fcber das System der Lebewesen, Evolution, Genetik, Zellbiologie, \u00d6kologie und Physiologie des menschlichen K\u00f6rpers. Verschiedene offene Unterrichtsformen, selbstst\u00e4ndiges Experimentieren und Recherchieren pr\u00e4gen den Biologieunterricht, unterst\u00fctzt&hellip;<\/p>\n","protected":false},"author":2,"featured_media":0,"parent":11139,"menu_order":7,"comment_status":"closed","ping_status":"closed","template":"page-templates\/no-sidebar.php","meta":{"footnotes":""},"tags":[54],"_links":{"self":[{"href":"https:\/\/www.rwg-bayreuth.de\/home\/index.php?rest_route=\/wp\/v2\/pages\/2670"}],"collection":[{"href":"https:\/\/www.rwg-bayreuth.de\/home\/index.php?rest_route=\/wp\/v2\/pages"}],"about":[{"href":"https:\/\/www.rwg-bayreuth.de\/home\/index.php?rest_route=\/wp\/v2\/types\/page"}],"author":[{"embeddable":true,"href":"https:\/\/www.rwg-bayreuth.de\/home\/index.php?rest_route=\/wp\/v2\/users\/2"}],"replies":[{"embeddable":true,"href":"https:\/\/www.rwg-bayreuth.de\/home\/index.php?rest_route=%2Fwp%2Fv2%2Fcomments&post=2670"}],"version-history":[{"count":21,"href":"https:\/\/www.rwg-bayreuth.de\/home\/index.php?rest_route=\/wp\/v2\/pages\/2670\/revisions"}],"predecessor-version":[{"id":38902,"href":"https:\/\/www.rwg-bayreuth.de\/home\/index.php?rest_route=\/wp\/v2\/pages\/2670\/revisions\/38902"}],"up":[{"embeddable":true,"href":"https:\/\/www.rwg-bayreuth.de\/home\/index.php?rest_route=\/wp\/v2\/pages\/11139"}],"wp:attachment":[{"href":"https:\/\/www.rwg-bayreuth.de\/home\/index.php?rest_route=%2Fwp%2Fv2%2Fmedia&parent=2670"}],"wp:term":[{"taxonomy":"post_tag","embeddable":true,"href":"https:\/\/www.rwg-bayreuth.de\/home\/index.php?rest_route=%2Fwp%2Fv2%2Ftags&post=2670"}],"curies":[{"name":"wp","href":"https:\/\/api.w.org\/{rel}","templated":true}]}}