{"id":2656,"date":"2013-10-06T09:53:18","date_gmt":"2013-10-06T08:53:18","guid":{"rendered":"http:\/\/www.rwg-bayreuth.de\/home\/?page_id=2656"},"modified":"2024-01-17T20:45:25","modified_gmt":"2024-01-17T19:45:25","slug":"chemie","status":"publish","type":"page","link":"https:\/\/www.rwg-bayreuth.de\/home\/?page_id=2656","title":{"rendered":"Chemie"},"content":{"rendered":"<p><img decoding=\"async\" src=\"https:\/\/www.rwg-bayreuth.de\/home\/wp-content\/uploads\/2024\/01\/Chemie-JosefinLazzaris.jpg\" alt=\"\" width=\"100%\" height=\"auto\" class=\"aligncenter size-full wp-image-35641\" srcset=\"https:\/\/www.rwg-bayreuth.de\/home\/wp-content\/uploads\/2024\/01\/Chemie-JosefinLazzaris.jpg 1170w, https:\/\/www.rwg-bayreuth.de\/home\/wp-content\/uploads\/2024\/01\/Chemie-JosefinLazzaris-150x50.jpg 150w, https:\/\/www.rwg-bayreuth.de\/home\/wp-content\/uploads\/2024\/01\/Chemie-JosefinLazzaris-450x150.jpg 450w, https:\/\/www.rwg-bayreuth.de\/home\/wp-content\/uploads\/2024\/01\/Chemie-JosefinLazzaris-768x256.jpg 768w, https:\/\/www.rwg-bayreuth.de\/home\/wp-content\/uploads\/2024\/01\/Chemie-JosefinLazzaris-1024x341.jpg 1024w, https:\/\/www.rwg-bayreuth.de\/home\/wp-content\/uploads\/2024\/01\/Chemie-JosefinLazzaris-250x83.jpg 250w\" sizes=\"(max-width: 1170px) 100vw, 1170px\" \/><\/p>\n<p><!--<img decoding=\"async\" src=\"https:\/\/www.rwg-bayreuth.de\/home\/wp-content\/uploads\/2017\/01\/Chemie2-l.jpg\" alt=\"\" width=\"100%\"  class=\"alignnone size-full wp-image-13162\" srcset=\"https:\/\/www.rwg-bayreuth.de\/home\/wp-content\/uploads\/2017\/01\/Chemie2-l.jpg 1278w, https:\/\/www.rwg-bayreuth.de\/home\/wp-content\/uploads\/2017\/01\/Chemie2-l-150x50.jpg 150w, https:\/\/www.rwg-bayreuth.de\/home\/wp-content\/uploads\/2017\/01\/Chemie2-l-450x150.jpg 450w, https:\/\/www.rwg-bayreuth.de\/home\/wp-content\/uploads\/2017\/01\/Chemie2-l-768x256.jpg 768w, https:\/\/www.rwg-bayreuth.de\/home\/wp-content\/uploads\/2017\/01\/Chemie2-l-1024x341.jpg 1024w, https:\/\/www.rwg-bayreuth.de\/home\/wp-content\/uploads\/2017\/01\/Chemie2-l-250x83.jpg 250w, https:\/\/www.rwg-bayreuth.de\/home\/wp-content\/uploads\/2017\/01\/Chemie2-l-600x200.jpg 600w\" sizes=\"(max-width: 1278px) 100vw, 1278px\" \/>\n--><\/p>\n<h2>Fachschaft<\/h2>\n<p><a href=\"https:\/\/www.rwg-bayreuth.de\/home\/wp-content\/uploads\/2020\/10\/Fachschaft-Chemie.jpg\"><img decoding=\"async\" src=\"https:\/\/www.rwg-bayreuth.de\/home\/wp-content\/uploads\/2020\/10\/Fachschaft-Chemie.jpg\" alt=\"\" width=\"900\" height=\"auto\" class=\"alignnone size-full wp-image-27280 fachschaftsbild\" srcset=\"https:\/\/www.rwg-bayreuth.de\/home\/wp-content\/uploads\/2020\/10\/Fachschaft-Chemie.jpg 900w, https:\/\/www.rwg-bayreuth.de\/home\/wp-content\/uploads\/2020\/10\/Fachschaft-Chemie-450x300.jpg 450w, https:\/\/www.rwg-bayreuth.de\/home\/wp-content\/uploads\/2020\/10\/Fachschaft-Chemie-768x512.jpg 768w, https:\/\/www.rwg-bayreuth.de\/home\/wp-content\/uploads\/2020\/10\/Fachschaft-Chemie-250x167.jpg 250w\" sizes=\"(max-width: 900px) 100vw, 900px\" \/><\/a><\/p>\n<p>Chemie ist eine naturwissenschaftliche Basisdisziplin, die sich mit Stoffen und Stoffumwandlungen besch\u00e4ftigt. Zentrale Aufgabe des Schulfaches ist es, Sch\u00fclerinnen und Sch\u00fcler mit den spezifischen Fragestellungen, L\u00f6sungswegen und Denkstrategien der Chemie vertraut zu machen und den Lernenden fachbezogene Kenntnisse und Methoden zu vermitteln. Dazu geh\u00f6rt auch die Erarbeitung eines \u00dcberblicks \u00fcber wichtige chemische Stoffe und Stoffgruppen. <\/p>\n<p>Das Fach Chemie wird in allen Zweigen des Richard-Wagner-Gymnasiums in den Klassen 9 und 10 zweist\u00fcndig unterrichtet, in der Oberstufe kann es neben Physik und Biologie als naturwissenschaftliches Fach  mit 3 Wochenstunden sowie als W&#x2010; und P-Seminar weiterbelegt werden. <\/p>\n<h2>Besonderheiten des Fachs am RWG<\/h2>\n<p>An unserer Schule ist der Chemieunterricht in gro\u00dfem Umfang von Experimenten begleitet. Wir verf\u00fcgen \u00fcber zwei moderne Chemie-Fachr\u00e4ume und einen zus\u00e4tzlichen Raum f\u00fcr kleine Sch\u00fclergruppen. Die chemische Sammlung ist sehr gut mit Ger\u00e4ten und Chemikalien ausgestattet. <\/p>\n<p><a href=\"https:\/\/www.rwg-bayreuth.de\/home\/wp-content\/uploads\/2013\/10\/Chemie2_web.jpg\"><img loading=\"lazy\" decoding=\"async\" src=\"https:\/\/www.rwg-bayreuth.de\/home\/wp-content\/uploads\/2013\/10\/Chemie2_web.jpg\" alt=\"Chemie2_web\" width=\"200\" height=\"277\" class=\"alignleft size-full wp-image-2665\" srcset=\"https:\/\/www.rwg-bayreuth.de\/home\/wp-content\/uploads\/2013\/10\/Chemie2_web.jpg 200w, https:\/\/www.rwg-bayreuth.de\/home\/wp-content\/uploads\/2013\/10\/Chemie2_web-108x150.jpg 108w\" sizes=\"(max-width: 200px) 100vw, 200px\" \/><\/a>Obwohl in nicht-naturwissenschaftliche Gymnasien keine Profilstunde f\u00fcr chemische Sch\u00fcler\u00fcbungen im Lehrplan vorgesehen ist, ist es uns dennoch ein Anliegen, dass die Sch\u00fclerinnen und Sch\u00fcler auch selbstst\u00e4ndig experimentieren d\u00fcrfen. <\/p>\n<p>Einen besonderen Schwerpunkt bilden hierbei die W&#x2010; und P-Seminare mit Leitfach Chemie in der Oberstufe. Weiterhin werden im Unterricht auch das Arbeiten mit Modellen und verschiedene offene Lehrmethoden verst\u00e4rkt eingesetzt. Es ist uns wichtig aufzuzeigen, dass unser Leben und unser Alltag von chemischen Vorg\u00e4ngen begleitet werden und dass \u201eChemie\u201c nichts Negatives ist.<\/p>\n<p><a href=\"https:\/\/www.rwg-bayreuth.de\/home\/wp-content\/uploads\/2013\/10\/Chemie1_web.jpg\"><img loading=\"lazy\" decoding=\"async\" src=\"https:\/\/www.rwg-bayreuth.de\/home\/wp-content\/uploads\/2013\/10\/Chemie1_web.jpg\" alt=\"\" width=\"300\" height=\"225\" class=\"alignright size-full wp-image-2658\" srcset=\"https:\/\/www.rwg-bayreuth.de\/home\/wp-content\/uploads\/2013\/10\/Chemie1_web.jpg 350w, https:\/\/www.rwg-bayreuth.de\/home\/wp-content\/uploads\/2013\/10\/Chemie1_web-150x113.jpg 150w, https:\/\/www.rwg-bayreuth.de\/home\/wp-content\/uploads\/2013\/10\/Chemie1_web-300x225.jpg 300w, https:\/\/www.rwg-bayreuth.de\/home\/wp-content\/uploads\/2013\/10\/Chemie1_web-250x188.jpg 250w\" sizes=\"(max-width: 300px) 100vw, 300px\" \/><\/a>Im Wahlkurs \u201eChemkids\u201c und im regionalen Begabtenkurs \u201eChemieexperten werden besonders naturwissenschaftlich interessierte Sch\u00fcler individuell gef\u00f6rdert. Mehrere pr\u00e4mierte Arbeiten bei \u201eJugend  forscht\u201c und anderen Wettbewerben zeigen den Erfolg dieser Wahlf\u00e4cher. [mehr zu \u201eJugend forscht&#8220; \u2026]\n<h2 class=\"clear\">Weiterf\u00fchrende Links<\/h2>\n<ul class=\"linkliste\">\n<li class=\"top\"><a href=\"https:\/\/www.lehrplanplus.bayern.de\/schulart\/gymnasium\/fach\/chemie\/inhalt\/fachlehrplaene\" target=\"_blank\" rel=\"noopener noreferrer\">LehrplanPLUS<\/a><\/li>\n<li><a href=\"http:\/\/www.isb.bayern.de\/gymnasium\/lehrplan\/gymnasium\/fachprofil-ebene-2\/chemie-sg-mug-wsg\/306\/\" target=\"_blank\" rel=\"noopener noreferrer\">Lehrplan (G8)<\/a><\/li>\n<\/ul>\n","protected":false},"excerpt":{"rendered":"<p>Fachschaft Chemie ist eine naturwissenschaftliche Basisdisziplin, die sich mit Stoffen und Stoffumwandlungen besch\u00e4ftigt. Zentrale Aufgabe des Schulfaches ist es, Sch\u00fclerinnen und Sch\u00fcler mit den spezifischen Fragestellungen, L\u00f6sungswegen und Denkstrategien der Chemie vertraut zu machen und den Lernenden fachbezogene Kenntnisse und Methoden zu vermitteln. Dazu geh\u00f6rt auch die Erarbeitung eines \u00dcberblicks \u00fcber wichtige chemische Stoffe und&hellip;<\/p>\n","protected":false},"author":2,"featured_media":0,"parent":11139,"menu_order":8,"comment_status":"closed","ping_status":"closed","template":"page-templates\/no-sidebar.php","meta":{"footnotes":""},"tags":[],"_links":{"self":[{"href":"https:\/\/www.rwg-bayreuth.de\/home\/index.php?rest_route=\/wp\/v2\/pages\/2656"}],"collection":[{"href":"https:\/\/www.rwg-bayreuth.de\/home\/index.php?rest_route=\/wp\/v2\/pages"}],"about":[{"href":"https:\/\/www.rwg-bayreuth.de\/home\/index.php?rest_route=\/wp\/v2\/types\/page"}],"author":[{"embeddable":true,"href":"https:\/\/www.rwg-bayreuth.de\/home\/index.php?rest_route=\/wp\/v2\/users\/2"}],"replies":[{"embeddable":true,"href":"https:\/\/www.rwg-bayreuth.de\/home\/index.php?rest_route=%2Fwp%2Fv2%2Fcomments&post=2656"}],"version-history":[{"count":31,"href":"https:\/\/www.rwg-bayreuth.de\/home\/index.php?rest_route=\/wp\/v2\/pages\/2656\/revisions"}],"predecessor-version":[{"id":35643,"href":"https:\/\/www.rwg-bayreuth.de\/home\/index.php?rest_route=\/wp\/v2\/pages\/2656\/revisions\/35643"}],"up":[{"embeddable":true,"href":"https:\/\/www.rwg-bayreuth.de\/home\/index.php?rest_route=\/wp\/v2\/pages\/11139"}],"wp:attachment":[{"href":"https:\/\/www.rwg-bayreuth.de\/home\/index.php?rest_route=%2Fwp%2Fv2%2Fmedia&parent=2656"}],"wp:term":[{"taxonomy":"post_tag","embeddable":true,"href":"https:\/\/www.rwg-bayreuth.de\/home\/index.php?rest_route=%2Fwp%2Fv2%2Ftags&post=2656"}],"curies":[{"name":"wp","href":"https:\/\/api.w.org\/{rel}","templated":true}]}}