{"id":2573,"date":"2013-09-30T11:06:57","date_gmt":"2013-09-30T09:06:57","guid":{"rendered":"http:\/\/www.rwg-bayreuth.de\/home\/?page_id=2573"},"modified":"2026-03-13T16:10:29","modified_gmt":"2026-03-13T15:10:29","slug":"geschichte","status":"publish","type":"page","link":"https:\/\/www.rwg-bayreuth.de\/home\/?page_id=2573","title":{"rendered":"Geschichte"},"content":{"rendered":"<p><img decoding=\"async\" class=\"alignnone size-full wp-image-13163\" src=\"https:\/\/www.rwg-bayreuth.de\/home\/wp-content\/uploads\/2017\/03\/Geschichte.png\" alt=\"\" width=\"100%\"><br \/>\n<em>Nur wer die Vergangenheit kennt, kann die Gegenwart verstehen und die Zukunft gestalten.<br \/>\n(August Bebel, 1840-1913, dt. Politiker und Publizist)<\/em><\/p>\n<h2>Fachschaft<\/h2>\n<p><a href=\"https:\/\/www.rwg-bayreuth.de\/home\/wp-content\/uploads\/2020\/09\/Fachschaft-Geschichte.jpg\"><img decoding=\"async\" src=\"https:\/\/www.rwg-bayreuth.de\/home\/wp-content\/uploads\/2020\/09\/Fachschaft-Geschichte.jpg\" alt=\"\" width=\"900\" height=\"auto\" class=\"alignnone size-full wp-image-27103 fachschaftsbild\" srcset=\"https:\/\/www.rwg-bayreuth.de\/home\/wp-content\/uploads\/2020\/09\/Fachschaft-Geschichte.jpg 1024w, https:\/\/www.rwg-bayreuth.de\/home\/wp-content\/uploads\/2020\/09\/Fachschaft-Geschichte-150x100.jpg 150w, https:\/\/www.rwg-bayreuth.de\/home\/wp-content\/uploads\/2020\/09\/Fachschaft-Geschichte-450x300.jpg 450w, https:\/\/www.rwg-bayreuth.de\/home\/wp-content\/uploads\/2020\/09\/Fachschaft-Geschichte-768x512.jpg 768w, https:\/\/www.rwg-bayreuth.de\/home\/wp-content\/uploads\/2020\/09\/Fachschaft-Geschichte-250x167.jpg 250w, https:\/\/www.rwg-bayreuth.de\/home\/wp-content\/uploads\/2020\/09\/Fachschaft-Geschichte-900x600.jpg 900w, https:\/\/www.rwg-bayreuth.de\/home\/wp-content\/uploads\/2020\/09\/Fachschaft-Geschichte-600x400.jpg 600w\" sizes=\"(max-width: 1024px) 100vw, 1024px\" \/><\/a><\/p>\n<h2>Warum lohnt es sich, sich in der Schule mit Geschichte zu besch\u00e4ftigen?<\/h2>\n<ol style=\"padding-left: 25px;\">\n<li>Geschichte sch\u00e4rft den eigenen Blick f\u00fcr Vorg\u00e4nge auf der Grundlage des Vergangenen.<br \/>\nGeschichtliche Zusammenh\u00e4nge zu erkennen, zu verstehen, wie sich Ereignissen bedingen, was Voraussetzung und was Folge ist, erm\u00f6glicht die Welt besser zu verstehen.<\/li>\n<li>Die Auseinandersetzung mit Vergangenem bietet die Gelegenheit, sich der eigenen Wurzeln bewusst zu werden. Dies gilt nicht nur in kultureller, sondern auch in geistiger Hinsicht. Denn man kann erkennen, auf welchen Traditionen das eigene Leben fu\u00dft, welche Chancen, aber auch welche B\u00fcrden damit verbunden sind.<\/li>\n<li>Erfahrungen aus vergangenen Zeiten k\u00f6nnen eine Orientierung f\u00fcr die Zukunft darstellen. Weil Prozesse erkannt und analysiert werden, ist es m\u00f6glich, \u00e4hnliche Fehler zu vermeiden und nach Handlungsalternativen zu suchen.<\/li>\n<li>Geschichte stellt die f\u00e4cher\u00fcbergreifende Klammer zwischen den verschiedenen F\u00e4chern dar.<br \/>\nDenn Geschichte liefert die Grundlagen f\u00fcr das Verstehen von Literatur, Kunst, Religion, Politik, Naturwissenschaft und Technik sowie alten und modernen Fremdsprachen.<\/li>\n<\/ol>\n<h2>Aktuelles<\/h2>\n<div style=\"max-width: 1000px\">\n<div class=\"rwg_post_list\"><article id=\"post-40934\"class=\"cf post-40934 post type-post status-publish format-standard has-post-thumbnail hentry category-allgemein tag-geschichte tag-home\">\n \t\t<div class=\"entry-thumbnail fadein\"> \t\t\t<a href=\"https:\/\/www.rwg-bayreuth.de\/home\/?p=40934\"><img loading=\"lazy\" decoding=\"async\" width=\"1601\" height=\"1067\" src=\"https:\/\/www.rwg-bayreuth.de\/home\/wp-content\/uploads\/2026\/02\/25-26-Flossenbuerg.jpg\" class=\"attachment-post-thumbnail size-post-thumbnail wp-post-image\" alt=\"\" srcset=\"https:\/\/www.rwg-bayreuth.de\/home\/wp-content\/uploads\/2026\/02\/25-26-Flossenbuerg.jpg 1601w, https:\/\/www.rwg-bayreuth.de\/home\/wp-content\/uploads\/2026\/02\/25-26-Flossenbuerg-1536x1024.jpg 1536w, https:\/\/www.rwg-bayreuth.de\/home\/wp-content\/uploads\/2026\/02\/25-26-Flossenbuerg-150x100.jpg 150w, https:\/\/www.rwg-bayreuth.de\/home\/wp-content\/uploads\/2026\/02\/25-26-Flossenbuerg-450x300.jpg 450w, https:\/\/www.rwg-bayreuth.de\/home\/wp-content\/uploads\/2026\/02\/25-26-Flossenbuerg-768x512.jpg 768w, https:\/\/www.rwg-bayreuth.de\/home\/wp-content\/uploads\/2026\/02\/25-26-Flossenbuerg-1024x682.jpg 1024w, https:\/\/www.rwg-bayreuth.de\/home\/wp-content\/uploads\/2026\/02\/25-26-Flossenbuerg-250x167.jpg 250w, https:\/\/www.rwg-bayreuth.de\/home\/wp-content\/uploads\/2026\/02\/25-26-Flossenbuerg-900x600.jpg 900w\" sizes=\"(max-width: 1601px) 100vw, 1601px\" \/><\/a> \t\t<\/div><!-- end .entry-thumbnail -->\n<div class=\"meta-main-wrap\">\n  <div class=\"\">\n    <header class=\"entry-header\">\n      <div class=\"entry-cats\">\n        <div class=\"kategorie\"><a href=\"https:\/\/www.rwg-bayreuth.de\/home\/?cat=1\" rel=\"category\">Schulleben<\/a><\/div>\n<div class=\"entry-edit\" >      <div class=\"entry-date\" >\n        <a href=\"https:\/\/www.rwg-bayreuth.de\/home\/?p=40934\">27. Februar 2026<\/a>\n      <\/div><\/div><!-- end .entry-date -->\n      <\/div><!-- end .entry-cats -->\n<h2 class=\"entry-title\"><a href=\"https:\/\/www.rwg-bayreuth.de\/home\/?p=40934\" rel=\"bookmark\">Geschichte vor Ort: Besuch der KZ-Gedenkst\u00e4tte Flossenb\u00fcrg<\/a><\/h2>\n    <\/header><!-- end .entry-header -->\n    <div class=\"entry-summary\">\nAm 25. Februar 2026 besuchten die Klassen 9a, 9c und 9d, am 26. Februar 2026 die Klassen 9b und 9e im Rahmen des Geschichtsunterrichts die KZ-Gedenkst\u00e4tte Flossenb\u00fcrg. Der Besuch ist in der 9. Jahrgangsstufe fester Bestandteil des Lehrplans zur Auseinandersetzung mit dem Nationalsozialismus. W\u00e4hrend einer F\u00fchrung \u00fcber das Gel\u00e4nde erhielten die Sch\u00fclerinnen und Sch\u00fcler Einblicke&hellip;\n  <\/div><!-- .entry-summary -->\n  <\/div><!-- .entry-main -->\n<\/div><!-- .meta-main-wrap -->\n<\/article><!-- end post -40934 -->\n<article id=\"post-40809\"class=\"cf post-40809 post type-post status-publish format-standard has-post-thumbnail hentry category-allgemein tag-geschichte tag-home\">\n \t\t<div class=\"entry-thumbnail fadein\"> \t\t\t<a href=\"https:\/\/www.rwg-bayreuth.de\/home\/?p=40809\"><img loading=\"lazy\" decoding=\"async\" width=\"1620\" height=\"1080\" src=\"https:\/\/www.rwg-bayreuth.de\/home\/wp-content\/uploads\/2026\/02\/25-26-Internationaler-Holocaust-Gedenktag-B.jpg\" class=\"attachment-post-thumbnail size-post-thumbnail wp-post-image\" alt=\"\" srcset=\"https:\/\/www.rwg-bayreuth.de\/home\/wp-content\/uploads\/2026\/02\/25-26-Internationaler-Holocaust-Gedenktag-B.jpg 1620w, https:\/\/www.rwg-bayreuth.de\/home\/wp-content\/uploads\/2026\/02\/25-26-Internationaler-Holocaust-Gedenktag-B-1536x1024.jpg 1536w, https:\/\/www.rwg-bayreuth.de\/home\/wp-content\/uploads\/2026\/02\/25-26-Internationaler-Holocaust-Gedenktag-B-150x100.jpg 150w, https:\/\/www.rwg-bayreuth.de\/home\/wp-content\/uploads\/2026\/02\/25-26-Internationaler-Holocaust-Gedenktag-B-450x300.jpg 450w, https:\/\/www.rwg-bayreuth.de\/home\/wp-content\/uploads\/2026\/02\/25-26-Internationaler-Holocaust-Gedenktag-B-768x512.jpg 768w, https:\/\/www.rwg-bayreuth.de\/home\/wp-content\/uploads\/2026\/02\/25-26-Internationaler-Holocaust-Gedenktag-B-1024x683.jpg 1024w, https:\/\/www.rwg-bayreuth.de\/home\/wp-content\/uploads\/2026\/02\/25-26-Internationaler-Holocaust-Gedenktag-B-250x167.jpg 250w, https:\/\/www.rwg-bayreuth.de\/home\/wp-content\/uploads\/2026\/02\/25-26-Internationaler-Holocaust-Gedenktag-B-900x600.jpg 900w\" sizes=\"(max-width: 1620px) 100vw, 1620px\" \/><\/a> \t\t<\/div><!-- end .entry-thumbnail -->\n<div class=\"meta-main-wrap\">\n  <div class=\"\">\n    <header class=\"entry-header\">\n      <div class=\"entry-cats\">\n        <div class=\"kategorie\"><a href=\"https:\/\/www.rwg-bayreuth.de\/home\/?cat=1\" rel=\"category\">Schulleben<\/a><\/div>\n<div class=\"entry-edit\" >      <div class=\"entry-date\" >\n        <a href=\"https:\/\/www.rwg-bayreuth.de\/home\/?p=40809\">28. Januar 2026<\/a>\n      <\/div><\/div><!-- end .entry-date -->\n      <\/div><!-- end .entry-cats -->\n<h2 class=\"entry-title\"><a href=\"https:\/\/www.rwg-bayreuth.de\/home\/?p=40809\" rel=\"bookmark\">Internationaler Holocaust-Gedenktag: #everynamecounts<\/a><\/h2>\n    <\/header><!-- end .entry-header -->\n    <div class=\"entry-summary\">\nAnl\u00e4sslich des Internationalen Holocaust-Gedenktages am 27. Januar beteiligten sich die Klassen 9e und 10a unserer Schule an der Challenge 2026 #everynamecounts der Arolsen Archives. Die Arolsen Archives sind das internationale Zentrum zur Dokumentation der nationalsozialistischen Verfolgung. Im Rahmen des Projekts halfen die Sch\u00fclerinnen und Sch\u00fcler, historische Dokumente digital zu erfassen. Dabei steht jede eingetragene Information&hellip;\n  <\/div><!-- .entry-summary -->\n  <\/div><!-- .entry-main -->\n<\/div><!-- .meta-main-wrap -->\n<\/article><!-- end post -40809 -->\n<article id=\"post-39064\"class=\"cf post-39064 post type-post status-publish format-standard has-post-thumbnail hentry category-allgemein tag-geschichte tag-home\">\n \t\t<div class=\"entry-thumbnail fadein\"> \t\t\t<a href=\"https:\/\/www.rwg-bayreuth.de\/home\/?p=39064\"><img loading=\"lazy\" decoding=\"async\" width=\"1024\" height=\"683\" src=\"https:\/\/www.rwg-bayreuth.de\/home\/wp-content\/uploads\/2025\/02\/24-25-Flossenbuerg-B.jpg\" class=\"attachment-post-thumbnail size-post-thumbnail wp-post-image\" alt=\"\" srcset=\"https:\/\/www.rwg-bayreuth.de\/home\/wp-content\/uploads\/2025\/02\/24-25-Flossenbuerg-B.jpg 1024w, https:\/\/www.rwg-bayreuth.de\/home\/wp-content\/uploads\/2025\/02\/24-25-Flossenbuerg-B-150x100.jpg 150w, https:\/\/www.rwg-bayreuth.de\/home\/wp-content\/uploads\/2025\/02\/24-25-Flossenbuerg-B-450x300.jpg 450w, https:\/\/www.rwg-bayreuth.de\/home\/wp-content\/uploads\/2025\/02\/24-25-Flossenbuerg-B-768x512.jpg 768w, https:\/\/www.rwg-bayreuth.de\/home\/wp-content\/uploads\/2025\/02\/24-25-Flossenbuerg-B-250x167.jpg 250w, https:\/\/www.rwg-bayreuth.de\/home\/wp-content\/uploads\/2025\/02\/24-25-Flossenbuerg-B-900x600.jpg 900w\" sizes=\"(max-width: 1024px) 100vw, 1024px\" \/><\/a> \t\t<\/div><!-- end .entry-thumbnail -->\n<div class=\"meta-main-wrap\">\n  <div class=\"\">\n    <header class=\"entry-header\">\n      <div class=\"entry-cats\">\n        <div class=\"kategorie\"><a href=\"https:\/\/www.rwg-bayreuth.de\/home\/?cat=1\" rel=\"category\">Schulleben<\/a><\/div>\n<div class=\"entry-edit\" >      <div class=\"entry-date\" >\n        <a href=\"https:\/\/www.rwg-bayreuth.de\/home\/?p=39064\">25. Februar 2025<\/a>\n      <\/div><\/div><!-- end .entry-date -->\n      <\/div><!-- end .entry-cats -->\n<h2 class=\"entry-title\"><a href=\"https:\/\/www.rwg-bayreuth.de\/home\/?p=39064\" rel=\"bookmark\">Erinnern f\u00fcr die Zukunft \u2013 Exkursion in die KZ-Gedenkst\u00e4tte Flossenb\u00fcrg<\/a><\/h2>\n    <\/header><!-- end .entry-header -->\n    <div class=\"entry-summary\">\nAm 20. und 24. Februar 2025 unternahmen die f\u00fcnf 9. Klassen des Richard-Wagner-Gymnasiums Bayreuth eine Exkursion zur KZ-Gedenkst\u00e4tte Flossenb\u00fcrg. Ziel war die KZ-Gedenkst\u00e4tte Flossenb\u00fcrg, ein Ort, an dem zwischen 1938 und 1945 zehntausende Menschen unter unmenschlichen Bedingungen litten und starben. Die Exkursion sollte nicht nur Wissen \u00fcber diesen Teil des dunkelsten Kapitels der deutschen Geschichte&hellip;\n  <\/div><!-- .entry-summary -->\n  <\/div><!-- .entry-main -->\n<\/div><!-- .meta-main-wrap -->\n<\/article><!-- end post -39064 -->\n<article id=\"post-37423\"class=\"cf post-37423 post type-post status-publish format-standard has-post-thumbnail hentry category-allgemein tag-geschichte tag-home\">\n \t\t<div class=\"entry-thumbnail fadein\"> \t\t\t<a href=\"https:\/\/www.rwg-bayreuth.de\/home\/?p=37423\"><img loading=\"lazy\" decoding=\"async\" width=\"1024\" height=\"683\" src=\"https:\/\/www.rwg-bayreuth.de\/home\/wp-content\/uploads\/2024\/12\/24-25-Geschichte-7b_iPad-B.jpg\" class=\"attachment-post-thumbnail size-post-thumbnail wp-post-image\" alt=\"\" srcset=\"https:\/\/www.rwg-bayreuth.de\/home\/wp-content\/uploads\/2024\/12\/24-25-Geschichte-7b_iPad-B.jpg 1024w, https:\/\/www.rwg-bayreuth.de\/home\/wp-content\/uploads\/2024\/12\/24-25-Geschichte-7b_iPad-B-150x100.jpg 150w, https:\/\/www.rwg-bayreuth.de\/home\/wp-content\/uploads\/2024\/12\/24-25-Geschichte-7b_iPad-B-450x300.jpg 450w, https:\/\/www.rwg-bayreuth.de\/home\/wp-content\/uploads\/2024\/12\/24-25-Geschichte-7b_iPad-B-768x512.jpg 768w, https:\/\/www.rwg-bayreuth.de\/home\/wp-content\/uploads\/2024\/12\/24-25-Geschichte-7b_iPad-B-250x167.jpg 250w, https:\/\/www.rwg-bayreuth.de\/home\/wp-content\/uploads\/2024\/12\/24-25-Geschichte-7b_iPad-B-900x600.jpg 900w\" sizes=\"(max-width: 1024px) 100vw, 1024px\" \/><\/a> \t\t<\/div><!-- end .entry-thumbnail -->\n<div class=\"meta-main-wrap\">\n  <div class=\"\">\n    <header class=\"entry-header\">\n      <div class=\"entry-cats\">\n        <div class=\"kategorie\"><a href=\"https:\/\/www.rwg-bayreuth.de\/home\/?cat=1\" rel=\"category\">Schulleben<\/a><\/div>\n<div class=\"entry-edit\" >      <div class=\"entry-date\" >\n        <a href=\"https:\/\/www.rwg-bayreuth.de\/home\/?p=37423\">7. Dezember 2024<\/a>\n      <\/div><\/div><!-- end .entry-date -->\n      <\/div><!-- end .entry-cats -->\n<h2 class=\"entry-title\"><a href=\"https:\/\/www.rwg-bayreuth.de\/home\/?p=37423\" rel=\"bookmark\">Online-Exkursion zur Burg Prunn<\/a><\/h2>\n    <\/header><!-- end .entry-header -->\n    <div class=\"entry-summary\">\nSeit rund einer Woche besitzt das RWG zwei Medienkoffer mit jeweils 16 iPads. In einer Doppelstunde erhielt die Klasse 7b im Geschichtsunterricht einen Einblick in das neue Lernen und probierte die Koffer aus. Passend zu den Unterrichtsthemen in Geschichte und Deutsch erkundeten die Sch\u00fclerinnen und Sch\u00fcler online mehrere Burgen in sogenannten VR-Touren. Die Sch\u00fclerinnen und&hellip;\n  <\/div><!-- .entry-summary -->\n  <\/div><!-- .entry-main -->\n<\/div><!-- .meta-main-wrap -->\n<\/article><!-- end post -37423 -->\n<article id=\"post-36834\"class=\"cf post-36834 post type-post status-publish format-standard has-post-thumbnail hentry category-allgemein tag-geschichte tag-home\">\n \t\t<div class=\"entry-thumbnail fadein\"> \t\t\t<a href=\"https:\/\/www.rwg-bayreuth.de\/home\/?p=36834\"><img loading=\"lazy\" decoding=\"async\" width=\"1024\" height=\"683\" src=\"https:\/\/www.rwg-bayreuth.de\/home\/wp-content\/uploads\/2024\/07\/Hexenexkursion-Bamberg-15.7.24-B.jpg\" class=\"attachment-post-thumbnail size-post-thumbnail wp-post-image\" alt=\"\" srcset=\"https:\/\/www.rwg-bayreuth.de\/home\/wp-content\/uploads\/2024\/07\/Hexenexkursion-Bamberg-15.7.24-B.jpg 1024w, https:\/\/www.rwg-bayreuth.de\/home\/wp-content\/uploads\/2024\/07\/Hexenexkursion-Bamberg-15.7.24-B-150x100.jpg 150w, https:\/\/www.rwg-bayreuth.de\/home\/wp-content\/uploads\/2024\/07\/Hexenexkursion-Bamberg-15.7.24-B-450x300.jpg 450w, https:\/\/www.rwg-bayreuth.de\/home\/wp-content\/uploads\/2024\/07\/Hexenexkursion-Bamberg-15.7.24-B-768x512.jpg 768w, https:\/\/www.rwg-bayreuth.de\/home\/wp-content\/uploads\/2024\/07\/Hexenexkursion-Bamberg-15.7.24-B-250x167.jpg 250w, https:\/\/www.rwg-bayreuth.de\/home\/wp-content\/uploads\/2024\/07\/Hexenexkursion-Bamberg-15.7.24-B-900x600.jpg 900w\" sizes=\"(max-width: 1024px) 100vw, 1024px\" \/><\/a> \t\t<\/div><!-- end .entry-thumbnail -->\n<div class=\"meta-main-wrap\">\n  <div class=\"\">\n    <header class=\"entry-header\">\n      <div class=\"entry-cats\">\n        <div class=\"kategorie\"><a href=\"https:\/\/www.rwg-bayreuth.de\/home\/?cat=1\" rel=\"category\">Schulleben<\/a><\/div>\n<div class=\"entry-edit\" >      <div class=\"entry-date\" >\n        <a href=\"https:\/\/www.rwg-bayreuth.de\/home\/?p=36834\">17. Juli 2024<\/a>\n      <\/div><\/div><!-- end .entry-date -->\n      <\/div><!-- end .entry-cats -->\n<h2 class=\"entry-title\"><a href=\"https:\/\/www.rwg-bayreuth.de\/home\/?p=36834\" rel=\"bookmark\">Von Truden und dem Hexenbrenner &#8211; eine Geschichtsexkursion nach Bamberg<\/a><\/h2>\n    <\/header><!-- end .entry-header -->\n    <div class=\"entry-summary\">\nAm 15. Juli unternahmen die Sch\u00fclerinnen und Sch\u00fcler der Klassen 7a, 7b und 7f eine Geschichtsexkursion nach Bamberg, um dort mehr \u00fcber die d\u00fcstere Zeit der Hexenverfolgung im 17. Jahrhundert zu erfahren. Bei strahlendem Sonnenschein in Bamberg angekommen, wurden die Klassen von zwei sachkundigen Stadtf\u00fchrern begr\u00fc\u00dft, die die Gruppen auf eine Zeitreise in die Epoche&hellip;\n  <\/div><!-- .entry-summary -->\n  <\/div><!-- .entry-main -->\n<\/div><!-- .meta-main-wrap -->\n<\/article><!-- end post -36834 -->\n<\/div><!-- end .rwg_post_list -->\n<\/div>\n<h2>Wie versteht sich das Fach Geschichte am Gymnasium?<\/h2>\n<div id=\"attachment_2770\" style=\"width: 360px\" class=\"wp-caption alignright\"><a href=\"https:\/\/www.rwg-bayreuth.de\/home\/wp-content\/uploads\/2013\/09\/Schule_web.jpg\"><img loading=\"lazy\" decoding=\"async\" aria-describedby=\"caption-attachment-2770\" class=\"size-full wp-image-2770\" src=\"https:\/\/www.rwg-bayreuth.de\/home\/wp-content\/uploads\/2013\/09\/Schule_web.jpg\" alt=\"So spannend kann Geschichte sein: An der Geschichte des RWG kann man die Geschichte der M\u00e4dchenbildung im 19. Jahrhundert studieren.\" width=\"350\" height=\"216\" srcset=\"https:\/\/www.rwg-bayreuth.de\/home\/wp-content\/uploads\/2013\/09\/Schule_web.jpg 350w, https:\/\/www.rwg-bayreuth.de\/home\/wp-content\/uploads\/2013\/09\/Schule_web-150x93.jpg 150w, https:\/\/www.rwg-bayreuth.de\/home\/wp-content\/uploads\/2013\/09\/Schule_web-300x185.jpg 300w, https:\/\/www.rwg-bayreuth.de\/home\/wp-content\/uploads\/2013\/09\/Schule_web-250x154.jpg 250w\" sizes=\"(max-width: 350px) 100vw, 350px\" \/><\/a><p id=\"caption-attachment-2770\" class=\"wp-caption-text\">So spannend kann Geschichte sein: An der Geschichte des RWG kann man die Geschichte der M\u00e4dchenbildung im 19. Jahrhundert studieren.<\/p><\/div>\n<p>Der Geschichtsunterricht f\u00f6rdert die Bereitschaft zur toleranten Auseinandersetzung mit anderen Kulturen, Sicht- und Lebensweisen und beg\u00fcnstigt die Entwicklung eigener Werthaltungen und Standpunkte. Das Wissen um die Entstehung sowie um Chancen, Gef\u00e4hrdungen und Grenzen demokratischer Strukturen f\u00fchrt zur Wertsch\u00e4tzung der freiheitlichen demokratischen Grundordnung der Bundesrepublik Deutschland und verdeutlicht die Notwendigkeit gesellschaftlichen und politischen Engagements jedes Einzelnen. Bei der Auseinandersetzung mit Geschichte soll das Streben nach V\u00f6lkerverst\u00e4ndigung sowie die Herausbildung eines europ\u00e4ischen Bewusstseins bei gleichzeitiger Anerkennung des Eigenwerts von Regionen und Nationen ausgebildet und gest\u00e4rkt werden. (Fachprofil Geschichte Gymnasium, LehrplanPlus Bayern)<\/p>\n<h2>Besonderheiten des Fachs Geschichte:<\/h2>\n<ul class=\"linkliste\">\n<li class=\"top\"><a href=\"https:\/\/www.rwg-bayreuth.de\/home\/?page_id=23772\">R\u00f6merfahrt nach Kipfenberg und Pf\u00fcnz (6. Klassen, f\u00e4cher\u00fcbergreifendes Projekt Geschichte, Latein)<\/a><\/li>\n<li><a href=\"https:\/\/www.rwg-bayreuth.de\/home\/?p=2584\">Exkursion zur Gedenkst\u00e4tte Flossenb\u00fcrg (9. Klassen)<\/a>\n<\/li>\n<li><a title=\"Berlinfahrt \u2014 ein Bericht\" href=\"https:\/\/www.rwg-bayreuth.de\/home\/?page_id=20436\">Studienfahrt nach Berlin (10. Klassen)<br \/>\n<\/a><\/li>\n<\/ul>\n<h2>Weiterf\u00fchrende Links:<\/h2>\n<ul class=\"linkliste\">\n<li class=\"top\"><a href=\"https:\/\/www.lehrplanplus.bayern.de\/schulart\/gymnasium\/fach\/geschichte\/inhalt\/fachlehrplaene\" target=\"_blank\" rel=\"noopener noreferrer\">LehrplanPLUS<\/a><\/li>\n<li><a href=\"https:\/\/www.isb.bayern.de\/schularten\/gymnasium\/faecher\/geschichte\/illustrierende-pruefungsaufgaben\/\" target=\"_blank\" rel=\"noopener noreferrer\">Informationen zum Abitur<\/a><\/li>\n<\/ul>\n<h2>Lehrwerke<\/h2>\n<p>Jahrgangsstufe 6-11: Das waren Zeiten (C.C. Buchner)<br \/>\nQ12\/Q13 Kolleg Geschichte (C.C. Buchner)<\/p>\n","protected":false},"excerpt":{"rendered":"<p>Nur wer die Vergangenheit kennt, kann die Gegenwart verstehen und die Zukunft gestalten. (August Bebel, 1840-1913, dt. Politiker und Publizist) Fachschaft Warum lohnt es sich, sich in der Schule mit Geschichte zu besch\u00e4ftigen? Geschichte sch\u00e4rft den eigenen Blick f\u00fcr Vorg\u00e4nge auf der Grundlage des Vergangenen. Geschichtliche Zusammenh\u00e4nge zu erkennen, zu verstehen, wie sich Ereignissen bedingen,&hellip;<\/p>\n","protected":false},"author":2,"featured_media":0,"parent":11135,"menu_order":30,"comment_status":"closed","ping_status":"closed","template":"page-templates\/no-sidebar.php","meta":{"footnotes":""},"tags":[54],"_links":{"self":[{"href":"https:\/\/www.rwg-bayreuth.de\/home\/index.php?rest_route=\/wp\/v2\/pages\/2573"}],"collection":[{"href":"https:\/\/www.rwg-bayreuth.de\/home\/index.php?rest_route=\/wp\/v2\/pages"}],"about":[{"href":"https:\/\/www.rwg-bayreuth.de\/home\/index.php?rest_route=\/wp\/v2\/types\/page"}],"author":[{"embeddable":true,"href":"https:\/\/www.rwg-bayreuth.de\/home\/index.php?rest_route=\/wp\/v2\/users\/2"}],"replies":[{"embeddable":true,"href":"https:\/\/www.rwg-bayreuth.de\/home\/index.php?rest_route=%2Fwp%2Fv2%2Fcomments&post=2573"}],"version-history":[{"count":61,"href":"https:\/\/www.rwg-bayreuth.de\/home\/index.php?rest_route=\/wp\/v2\/pages\/2573\/revisions"}],"predecessor-version":[{"id":41074,"href":"https:\/\/www.rwg-bayreuth.de\/home\/index.php?rest_route=\/wp\/v2\/pages\/2573\/revisions\/41074"}],"up":[{"embeddable":true,"href":"https:\/\/www.rwg-bayreuth.de\/home\/index.php?rest_route=\/wp\/v2\/pages\/11135"}],"wp:attachment":[{"href":"https:\/\/www.rwg-bayreuth.de\/home\/index.php?rest_route=%2Fwp%2Fv2%2Fmedia&parent=2573"}],"wp:term":[{"taxonomy":"post_tag","embeddable":true,"href":"https:\/\/www.rwg-bayreuth.de\/home\/index.php?rest_route=%2Fwp%2Fv2%2Ftags&post=2573"}],"curies":[{"name":"wp","href":"https:\/\/api.w.org\/{rel}","templated":true}]}}