{"id":2507,"date":"2013-09-21T16:46:21","date_gmt":"2013-09-21T14:46:21","guid":{"rendered":"http:\/\/www.rwg-bayreuth.de\/home\/?page_id=2507"},"modified":"2025-07-07T19:16:19","modified_gmt":"2025-07-07T17:16:19","slug":"forderschule-nawigator","status":"publish","type":"page","link":"https:\/\/www.rwg-bayreuth.de\/home\/?page_id=2507","title":{"rendered":"NaWigator-Schule"},"content":{"rendered":"<p><img decoding=\"async\" class=\"alignleft size-full wp-image-2508\" src=\"https:\/\/www.rwg-bayreuth.de\/home\/wp-content\/uploads\/2013\/09\/Nawilogo_web.jpg\" alt=\"Microsoft Word - Nawilogo.docx\" width=\"200\" srcset=\"https:\/\/www.rwg-bayreuth.de\/home\/wp-content\/uploads\/2013\/09\/Nawilogo_web.jpg 200w, https:\/\/www.rwg-bayreuth.de\/home\/wp-content\/uploads\/2013\/09\/Nawilogo_web-150x62.jpg 150w\" sizes=\"(max-width: 200px) 100vw, 200px\" \/>Das Richard-Wagner-Gymnasium wurde 2013 aus zahlreichen Bewerbungen von Schulen aus ganz Deutschland als Starterschule in das F\u00f6rderprogramm \u201eNaWigator im IJSO-Schulnetz\u201c aufgenommen, das helfen soll, insbesondere j\u00fcngere Sch\u00fcler im MINT-Bereich zu motivieren und diese nachhaltig und individuell zu f\u00f6rdern. <a href=\"https:\/\/www.scienceolympiaden.de\/ijso\/ijso-nawigator-schulnetz-junior-programm\" target=\"_blank\" rel=\"noopener noreferrer\">[mehr zum F\u00f6rderprogramm und zum Wettbewerb &#8222;International Junior Science Olympiade&#8220;&#8230;]<\/a><\/p>\n<p>Zu diesem Zwecke findet am RWG jedes Jahr im Oktober der NaWigator-Wettbewerbstag f\u00fcr die 7.&nbsp;Klassen statt. Dort k\u00f6nnen die Sch\u00fcler in kleineren Teams beim Experimentieren und einem Quiz mit ihren naturwissenschaftlichen Kenntnissen gl\u00e4nzen. Unter anderem besch\u00e4ftigen sie sich mit den Themen &#8222;Kugellager&#8220;, &#8222;Lotuseffekt&#8220; und &#8222;Katapultbau&#8220;. Das beste Team jeder Klasse tritt in einem Vergleichswettkampf um den Schulsieg an und gewinnt damit einen zus\u00e4tzlichen Exkursionstag mit naturwissenschaftlichen Hintergrund. Die Ziele der vergangenen Jahre waren z.&nbsp;B. das BMW-Werk in Leipzig, das Bionikum in N\u00fcrnberg und das MINT-Festival in Jena.<\/p>\n<p>Die Begeisterung, die sich bei den Sch\u00fclern durch diesen Tag ergibt, nutzen wir, um Sch\u00fcler zur Teilnahme an den verschiedenen Wettbewerben, wie &#8222;Experimente antworten&#8220;, &#8222;Sch\u00fcler experimentieren&#8220; und &#8222;IJSO&#8220; zu motivieren.<\/p>\n<p>Mit der Einf\u00fchrung des Profils &#8222;Forschen und Entdecken&#8220; f\u00fcr die f\u00fcnften Klassen erweiterte sich das NaWigatorprojekt in die Unterstufe.<\/p>\n<h1>Das NaWigator-Team<\/h1>\n<p><a href=\"https:\/\/www.rwg-bayreuth.de\/home\/wp-content\/uploads\/2019\/05\/NaWigator-Team.jpg\"><img loading=\"lazy\" decoding=\"async\" src=\"https:\/\/www.rwg-bayreuth.de\/home\/wp-content\/uploads\/2019\/05\/NaWigator-Team-450x358.jpg\" alt=\"\" width=\"450\" height=\"358\" class=\"alignright size-medium wp-image-21881\" srcset=\"https:\/\/www.rwg-bayreuth.de\/home\/wp-content\/uploads\/2019\/05\/NaWigator-Team-450x358.jpg 450w, https:\/\/www.rwg-bayreuth.de\/home\/wp-content\/uploads\/2019\/05\/NaWigator-Team-768x611.jpg 768w, https:\/\/www.rwg-bayreuth.de\/home\/wp-content\/uploads\/2019\/05\/NaWigator-Team.jpg 1024w, https:\/\/www.rwg-bayreuth.de\/home\/wp-content\/uploads\/2019\/05\/NaWigator-Team-250x199.jpg 250w\" sizes=\"(max-width: 450px) 100vw, 450px\" \/><\/a>Stefanie Schwind, Sabine Fr\u00f6ber, Helen David, Dr. Anna-Lena Bolinger, Constanze Hofmann, Dr. Christian Lauterbach, Carsten Schenk, Jochen Wirth, Ren\u00e9 B\u00f6hner<\/p>\n<h1 class=\"clear\">Aktuelles<\/h1>\n<div class=\"rwg_post_list\"><article id=\"post-40065\"class=\"cf post-40065 post type-post status-publish format-standard has-post-thumbnail hentry category-allgemein tag-home tag-mint tag-nawigator\">\n \t\t<div class=\"entry-thumbnail fadein\"> \t\t\t<a href=\"https:\/\/www.rwg-bayreuth.de\/home\/?p=40065\"><img loading=\"lazy\" decoding=\"async\" width=\"1024\" height=\"683\" src=\"https:\/\/www.rwg-bayreuth.de\/home\/wp-content\/uploads\/2025\/10\/25-26-NaWigator-Jena-B.jpg\" class=\"attachment-post-thumbnail size-post-thumbnail wp-post-image\" alt=\"\" srcset=\"https:\/\/www.rwg-bayreuth.de\/home\/wp-content\/uploads\/2025\/10\/25-26-NaWigator-Jena-B.jpg 1024w, https:\/\/www.rwg-bayreuth.de\/home\/wp-content\/uploads\/2025\/10\/25-26-NaWigator-Jena-B-150x100.jpg 150w, https:\/\/www.rwg-bayreuth.de\/home\/wp-content\/uploads\/2025\/10\/25-26-NaWigator-Jena-B-450x300.jpg 450w, https:\/\/www.rwg-bayreuth.de\/home\/wp-content\/uploads\/2025\/10\/25-26-NaWigator-Jena-B-768x512.jpg 768w, https:\/\/www.rwg-bayreuth.de\/home\/wp-content\/uploads\/2025\/10\/25-26-NaWigator-Jena-B-250x167.jpg 250w, https:\/\/www.rwg-bayreuth.de\/home\/wp-content\/uploads\/2025\/10\/25-26-NaWigator-Jena-B-900x600.jpg 900w\" sizes=\"(max-width: 1024px) 100vw, 1024px\" \/><\/a> \t\t<\/div><!-- end .entry-thumbnail -->\n<div class=\"meta-main-wrap\">\n  <div class=\"\">\n    <header class=\"entry-header\">\n      <div class=\"entry-cats\">\n        <div class=\"kategorie\"><a href=\"https:\/\/www.rwg-bayreuth.de\/home\/?cat=1\" rel=\"category\">Schulleben<\/a><\/div>\n<div class=\"entry-edit\" >      <div class=\"entry-date\" >\n        <a href=\"https:\/\/www.rwg-bayreuth.de\/home\/?p=40065\">19. September 2025<\/a>\n      <\/div><\/div><!-- end .entry-date -->\n      <\/div><!-- end .entry-cats -->\n<h2 class=\"entry-title\"><a href=\"https:\/\/www.rwg-bayreuth.de\/home\/?p=40065\" rel=\"bookmark\">Besuch des MINT- Festivals in Jena<\/a><\/h2>\n    <\/header><!-- end .entry-header -->\n    <div class=\"entry-summary\">\nAm 18. September fuhr unsere letztj\u00e4hrige Gewinnerklasse 8a des NaWigator-Tags zu einem besonderen MINT-Highlight nach Jena. Voll motiviert wurde um 8 Uhr in Bayreuth gestartet und knapp 1,5 Stunden sp\u00e4ter erreichten wir die gro\u00dfe Mitmachausstellung mit 30 St\u00e4nden im Foyer der Uni Jena. Hier konnten sich die Sch\u00fcler und Sch\u00fclerinnen mit Themen wie zum Beispiel&hellip;\n  <\/div><!-- .entry-summary -->\n  <\/div><!-- .entry-main -->\n<\/div><!-- .meta-main-wrap -->\n<\/article><!-- end post -40065 -->\n<article id=\"post-39031\"class=\"cf post-39031 post type-post status-publish format-standard has-post-thumbnail hentry category-allgemein tag-biologie tag-chemie tag-geographie tag-mint tag-nawigator tag-physik\">\n \t\t<div class=\"entry-thumbnail fadein\"> \t\t\t<a href=\"https:\/\/www.rwg-bayreuth.de\/home\/?p=39031\"><img loading=\"lazy\" decoding=\"async\" width=\"1024\" height=\"678\" src=\"https:\/\/www.rwg-bayreuth.de\/home\/wp-content\/uploads\/2025\/05\/24-25-Herzlichen-Glueckwunsch-an-die-Klasse-7a-Schulsieger-NaWigator-2024.jpg\" class=\"attachment-post-thumbnail size-post-thumbnail wp-post-image\" alt=\"\" srcset=\"https:\/\/www.rwg-bayreuth.de\/home\/wp-content\/uploads\/2025\/05\/24-25-Herzlichen-Glueckwunsch-an-die-Klasse-7a-Schulsieger-NaWigator-2024.jpg 1024w, https:\/\/www.rwg-bayreuth.de\/home\/wp-content\/uploads\/2025\/05\/24-25-Herzlichen-Glueckwunsch-an-die-Klasse-7a-Schulsieger-NaWigator-2024-150x99.jpg 150w, https:\/\/www.rwg-bayreuth.de\/home\/wp-content\/uploads\/2025\/05\/24-25-Herzlichen-Glueckwunsch-an-die-Klasse-7a-Schulsieger-NaWigator-2024-450x298.jpg 450w, https:\/\/www.rwg-bayreuth.de\/home\/wp-content\/uploads\/2025\/05\/24-25-Herzlichen-Glueckwunsch-an-die-Klasse-7a-Schulsieger-NaWigator-2024-768x509.jpg 768w, https:\/\/www.rwg-bayreuth.de\/home\/wp-content\/uploads\/2025\/05\/24-25-Herzlichen-Glueckwunsch-an-die-Klasse-7a-Schulsieger-NaWigator-2024-250x166.jpg 250w\" sizes=\"(max-width: 1024px) 100vw, 1024px\" \/><\/a> \t\t<\/div><!-- end .entry-thumbnail -->\n<div class=\"meta-main-wrap\">\n  <div class=\"\">\n    <header class=\"entry-header\">\n      <div class=\"entry-cats\">\n        <div class=\"kategorie\"><a href=\"https:\/\/www.rwg-bayreuth.de\/home\/?cat=1\" rel=\"category\">Schulleben<\/a><\/div>\n<div class=\"entry-edit\" >      <div class=\"entry-date\" >\n        <a href=\"https:\/\/www.rwg-bayreuth.de\/home\/?p=39031\">23. Oktober 2024<\/a>\n      <\/div><\/div><!-- end .entry-date -->\n      <\/div><!-- end .entry-cats -->\n<h2 class=\"entry-title\"><a href=\"https:\/\/www.rwg-bayreuth.de\/home\/?p=39031\" rel=\"bookmark\">NaWigator-Wettbewerbstag am RWG<\/a><\/h2>\n    <\/header><!-- end .entry-header -->\n    <div class=\"entry-summary\">\nDie Klasse 7a holt sich im Schuljahr 2024\/25 den Schulsieg An unserem Richard-Wagner-Gymnasium fand auch dieses Schuljahr wieder ein besonderer Wettbewerbstag f\u00fcr alle Sch\u00fclerinnen und Sch\u00fcler des 7. Jahrgangs statt. Ein ganzer Schultag stand am 22. Oktober 2024 den Sch\u00fclerinnen und Sch\u00fclern zur Verf\u00fcgung, um in die Welt der Naturwissenschaften einzutauchen. Der NaWigator-Wettbewerbstag dient dazu,&hellip;\n  <\/div><!-- .entry-summary -->\n  <\/div><!-- .entry-main -->\n<\/div><!-- .meta-main-wrap -->\n<\/article><!-- end post -39031 -->\n<article id=\"post-37170\"class=\"cf post-37170 post type-post status-publish format-standard has-post-thumbnail hentry category-allgemein tag-home tag-mint tag-nawigator\">\n \t\t<div class=\"entry-thumbnail fadein\"> \t\t\t<a href=\"https:\/\/www.rwg-bayreuth.de\/home\/?p=37170\"><img loading=\"lazy\" decoding=\"async\" width=\"1024\" height=\"683\" src=\"https:\/\/www.rwg-bayreuth.de\/home\/wp-content\/uploads\/2024\/11\/23-24-Fablabausflug-B-1.jpg\" class=\"attachment-post-thumbnail size-post-thumbnail wp-post-image\" alt=\"\" srcset=\"https:\/\/www.rwg-bayreuth.de\/home\/wp-content\/uploads\/2024\/11\/23-24-Fablabausflug-B-1.jpg 1024w, https:\/\/www.rwg-bayreuth.de\/home\/wp-content\/uploads\/2024\/11\/23-24-Fablabausflug-B-1-150x100.jpg 150w, https:\/\/www.rwg-bayreuth.de\/home\/wp-content\/uploads\/2024\/11\/23-24-Fablabausflug-B-1-450x300.jpg 450w, https:\/\/www.rwg-bayreuth.de\/home\/wp-content\/uploads\/2024\/11\/23-24-Fablabausflug-B-1-768x512.jpg 768w, https:\/\/www.rwg-bayreuth.de\/home\/wp-content\/uploads\/2024\/11\/23-24-Fablabausflug-B-1-250x167.jpg 250w, https:\/\/www.rwg-bayreuth.de\/home\/wp-content\/uploads\/2024\/11\/23-24-Fablabausflug-B-1-900x600.jpg 900w\" sizes=\"(max-width: 1024px) 100vw, 1024px\" \/><\/a> \t\t<\/div><!-- end .entry-thumbnail -->\n<div class=\"meta-main-wrap\">\n  <div class=\"\">\n    <header class=\"entry-header\">\n      <div class=\"entry-cats\">\n        <div class=\"kategorie\"><a href=\"https:\/\/www.rwg-bayreuth.de\/home\/?cat=1\" rel=\"category\">Schulleben<\/a><\/div>\n<div class=\"entry-edit\" >      <div class=\"entry-date\" >\n        <a href=\"https:\/\/www.rwg-bayreuth.de\/home\/?p=37170\">24. Juli 2024<\/a>\n      <\/div><\/div><!-- end .entry-date -->\n      <\/div><!-- end .entry-cats -->\n<h2 class=\"entry-title\"><a href=\"https:\/\/www.rwg-bayreuth.de\/home\/?p=37170\" rel=\"bookmark\">Endlose Kreativit\u00e4t \u2013 FabLabausflug der Klasse 7b<\/a><\/h2>\n    <\/header><!-- end .entry-header -->\n    <div class=\"entry-summary\">\nIn unserer Fahrtenwoche durften wir, da wir im Schuljahr 2023-24 den schulinternen Na-Wigatorwettbewerb gewonnen haben, das FabLab in Bayreuth besuchen. Das FabLab ist eine offene HighTech-Werkstatt. Dort nahmen wir an zwei Workshops zu den Themen 3D-Druck und Textildruck teil. Wir teilten uns in zwei Gruppen auf, die mit unterschiedlichen Themen begannen. Ein Student f\u00fchrte uns&hellip;\n  <\/div><!-- .entry-summary -->\n  <\/div><!-- .entry-main -->\n<\/div><!-- .meta-main-wrap -->\n<\/article><!-- end post -37170 -->\n<article id=\"post-35023\"class=\"cf post-35023 post type-post status-publish format-standard has-post-thumbnail hentry category-allgemein tag-biologie tag-chemie tag-geographie tag-home tag-mathematik tag-mint tag-nawigator tag-physik\">\n \t\t<div class=\"entry-thumbnail fadein\"> \t\t\t<a href=\"https:\/\/www.rwg-bayreuth.de\/home\/?p=35023\"><img loading=\"lazy\" decoding=\"async\" width=\"1017\" height=\"678\" src=\"https:\/\/www.rwg-bayreuth.de\/home\/wp-content\/uploads\/2023\/11\/23-24-NaWigator-Wettbewerb-B-1.jpg\" class=\"attachment-post-thumbnail size-post-thumbnail wp-post-image\" alt=\"\" srcset=\"https:\/\/www.rwg-bayreuth.de\/home\/wp-content\/uploads\/2023\/11\/23-24-NaWigator-Wettbewerb-B-1.jpg 1017w, https:\/\/www.rwg-bayreuth.de\/home\/wp-content\/uploads\/2023\/11\/23-24-NaWigator-Wettbewerb-B-1-450x300.jpg 450w, https:\/\/www.rwg-bayreuth.de\/home\/wp-content\/uploads\/2023\/11\/23-24-NaWigator-Wettbewerb-B-1-150x100.jpg 150w, https:\/\/www.rwg-bayreuth.de\/home\/wp-content\/uploads\/2023\/11\/23-24-NaWigator-Wettbewerb-B-1-768x512.jpg 768w, https:\/\/www.rwg-bayreuth.de\/home\/wp-content\/uploads\/2023\/11\/23-24-NaWigator-Wettbewerb-B-1-250x167.jpg 250w, https:\/\/www.rwg-bayreuth.de\/home\/wp-content\/uploads\/2023\/11\/23-24-NaWigator-Wettbewerb-B-1-900x600.jpg 900w\" sizes=\"(max-width: 1017px) 100vw, 1017px\" \/><\/a> \t\t<\/div><!-- end .entry-thumbnail -->\n<div class=\"meta-main-wrap\">\n  <div class=\"\">\n    <header class=\"entry-header\">\n      <div class=\"entry-cats\">\n        <div class=\"kategorie\"><a href=\"https:\/\/www.rwg-bayreuth.de\/home\/?cat=1\" rel=\"category\">Schulleben<\/a><\/div>\n<div class=\"entry-edit\" >      <div class=\"entry-date\" >\n        <a href=\"https:\/\/www.rwg-bayreuth.de\/home\/?p=35023\">26. Oktober 2023<\/a>\n      <\/div><\/div><!-- end .entry-date -->\n      <\/div><!-- end .entry-cats -->\n<h2 class=\"entry-title\"><a href=\"https:\/\/www.rwg-bayreuth.de\/home\/?p=35023\" rel=\"bookmark\">Klasse 7b gewinnt den RWG-Nawigator-Wettbewerb 2023<\/a><\/h2>\n    <\/header><!-- end .entry-header -->\n    <div class=\"entry-summary\">\nNervenkitzel bis zur letzten Frage! In einem spannenden Finale des Nawigator-Wettbewerbstages 2023 der siebten Klassen setzte sich das Klassensieger-Team der Klasse 7b gegen seine Konkurent*innen der anderen siebten Klassen durch und sicherte so seiner Klasse den Schulsieg. Die Klasse 7b darf sich nun neben der Auszeichnung \u201eSchulsieger des NaWigator-Wettbewerbstages 2023\u201c \u00fcber den Gewinn eines zus\u00e4tzlichen&hellip;\n  <\/div><!-- .entry-summary -->\n  <\/div><!-- .entry-main -->\n<\/div><!-- .meta-main-wrap -->\n<\/article><!-- end post -35023 -->\n<article id=\"post-32394\"class=\"cf post-32394 post type-post status-publish format-standard has-post-thumbnail hentry category-allgemein tag-biologie tag-chemie tag-home tag-mathematik tag-mint tag-nawigator tag-physik\">\n \t\t<div class=\"entry-thumbnail fadein\"> \t\t\t<a href=\"https:\/\/www.rwg-bayreuth.de\/home\/?p=32394\"><img loading=\"lazy\" decoding=\"async\" width=\"1024\" height=\"683\" src=\"https:\/\/www.rwg-bayreuth.de\/home\/wp-content\/uploads\/2022\/11\/22-23-NawigatorWettbewerbstag-7a-und-7d-sind-Schulsieger-2022.jpg\" class=\"attachment-post-thumbnail size-post-thumbnail wp-post-image\" alt=\"\" srcset=\"https:\/\/www.rwg-bayreuth.de\/home\/wp-content\/uploads\/2022\/11\/22-23-NawigatorWettbewerbstag-7a-und-7d-sind-Schulsieger-2022.jpg 1024w, https:\/\/www.rwg-bayreuth.de\/home\/wp-content\/uploads\/2022\/11\/22-23-NawigatorWettbewerbstag-7a-und-7d-sind-Schulsieger-2022-450x300.jpg 450w, https:\/\/www.rwg-bayreuth.de\/home\/wp-content\/uploads\/2022\/11\/22-23-NawigatorWettbewerbstag-7a-und-7d-sind-Schulsieger-2022-150x100.jpg 150w, https:\/\/www.rwg-bayreuth.de\/home\/wp-content\/uploads\/2022\/11\/22-23-NawigatorWettbewerbstag-7a-und-7d-sind-Schulsieger-2022-768x512.jpg 768w, https:\/\/www.rwg-bayreuth.de\/home\/wp-content\/uploads\/2022\/11\/22-23-NawigatorWettbewerbstag-7a-und-7d-sind-Schulsieger-2022-250x167.jpg 250w, https:\/\/www.rwg-bayreuth.de\/home\/wp-content\/uploads\/2022\/11\/22-23-NawigatorWettbewerbstag-7a-und-7d-sind-Schulsieger-2022-900x600.jpg 900w\" sizes=\"(max-width: 1024px) 100vw, 1024px\" \/><\/a> \t\t<\/div><!-- end .entry-thumbnail -->\n<div class=\"meta-main-wrap\">\n  <div class=\"\">\n    <header class=\"entry-header\">\n      <div class=\"entry-cats\">\n        <div class=\"kategorie\"><a href=\"https:\/\/www.rwg-bayreuth.de\/home\/?cat=1\" rel=\"category\">Schulleben<\/a><\/div>\n<div class=\"entry-edit\" >      <div class=\"entry-date\" >\n        <a href=\"https:\/\/www.rwg-bayreuth.de\/home\/?p=32394\">27. Oktober 2022<\/a>\n      <\/div><\/div><!-- end .entry-date -->\n      <\/div><!-- end .entry-cats -->\n<h2 class=\"entry-title\"><a href=\"https:\/\/www.rwg-bayreuth.de\/home\/?p=32394\" rel=\"bookmark\">Zwei Schulsieger am Nawigatortag<\/a><\/h2>\n    <\/header><!-- end .entry-header -->\n    <div class=\"entry-summary\">\nIn einem spannenden Finale des NaWigator-Wettbewerbstages haben in diesem Jahr zwei Klassen den Schulsieg errungen und d\u00fcrfen sich \u00fcber einen zus\u00e4tzlichen Wandertag mit naturwissenschaftlichem Schwerpunkt freuen. Gewonnen haben die Klassen 7a und 7d. Herzlichen Gl\u00fcckwunsch!!! Bilder vom Wettbewerbstag\n  <\/div><!-- .entry-summary -->\n  <\/div><!-- .entry-main -->\n<\/div><!-- .meta-main-wrap -->\n<\/article><!-- end post -32394 -->\n<article id=\"post-31111\"class=\"cf post-31111 post type-post status-publish format-standard has-post-thumbnail hentry category-allgemein tag-biologie tag-chemie tag-home tag-mathematik tag-mint tag-nawigator tag-physik\">\n \t\t<div class=\"entry-thumbnail fadein\"> \t\t\t<a href=\"https:\/\/www.rwg-bayreuth.de\/home\/?p=31111\"><img loading=\"lazy\" decoding=\"async\" width=\"1024\" height=\"683\" src=\"https:\/\/www.rwg-bayreuth.de\/home\/wp-content\/uploads\/2022\/04\/21-22-NaWigatortag-Pumpitup.jpg\" class=\"attachment-post-thumbnail size-post-thumbnail wp-post-image\" alt=\"\" srcset=\"https:\/\/www.rwg-bayreuth.de\/home\/wp-content\/uploads\/2022\/04\/21-22-NaWigatortag-Pumpitup.jpg 1024w, https:\/\/www.rwg-bayreuth.de\/home\/wp-content\/uploads\/2022\/04\/21-22-NaWigatortag-Pumpitup-450x300.jpg 450w, https:\/\/www.rwg-bayreuth.de\/home\/wp-content\/uploads\/2022\/04\/21-22-NaWigatortag-Pumpitup-768x512.jpg 768w, https:\/\/www.rwg-bayreuth.de\/home\/wp-content\/uploads\/2022\/04\/21-22-NaWigatortag-Pumpitup-250x167.jpg 250w, https:\/\/www.rwg-bayreuth.de\/home\/wp-content\/uploads\/2022\/04\/21-22-NaWigatortag-Pumpitup-900x600.jpg 900w, https:\/\/www.rwg-bayreuth.de\/home\/wp-content\/uploads\/2022\/04\/21-22-NaWigatortag-Pumpitup-600x400.jpg 600w\" sizes=\"(max-width: 1024px) 100vw, 1024px\" \/><\/a> \t\t<\/div><!-- end .entry-thumbnail -->\n<div class=\"meta-main-wrap\">\n  <div class=\"\">\n    <header class=\"entry-header\">\n      <div class=\"entry-cats\">\n        <div class=\"kategorie\"><a href=\"https:\/\/www.rwg-bayreuth.de\/home\/?cat=1\" rel=\"category\">Schulleben<\/a><\/div>\n<div class=\"entry-edit\" >      <div class=\"entry-date\" >\n        <a href=\"https:\/\/www.rwg-bayreuth.de\/home\/?p=31111\">29. April 2022<\/a>\n      <\/div><\/div><!-- end .entry-date -->\n      <\/div><!-- end .entry-cats -->\n<h2 class=\"entry-title\"><a href=\"https:\/\/www.rwg-bayreuth.de\/home\/?p=31111\" rel=\"bookmark\">Die Klasse 7c gewinnt den NaWigator-Wettbewerbstag am RWG<\/a><\/h2>\n    <\/header><!-- end .entry-header -->\n    <div class=\"entry-summary\">\nEndlich war es wieder soweit! Einen ganzen Tag lang Forschen und Experimentieren! Am 7.&nbsp;April nahmen alle Siebtkl\u00e4ssler am NaWigator-Wettbewerbstag am RWG teil. Los ging es in der Fr\u00fch mit Wissensfragen aus den Bereichen Biologie, Chemie und Physik. Im Klassenquiz konnten die Sch\u00fclerteams bereits wertvolle Punkte sammeln. Schlie\u00dflich galt es das beste Team pro Klasse zu&hellip;\n  <\/div><!-- .entry-summary -->\n  <\/div><!-- .entry-main -->\n<\/div><!-- .meta-main-wrap -->\n<\/article><!-- end post -31111 -->\n<\/div><!-- end .rwg_post_list -->\n","protected":false},"excerpt":{"rendered":"<p>Das Richard-Wagner-Gymnasium wurde 2013 aus zahlreichen Bewerbungen von Schulen aus ganz Deutschland als Starterschule in das F\u00f6rderprogramm \u201eNaWigator im IJSO-Schulnetz\u201c aufgenommen, das helfen soll, insbesondere j\u00fcngere Sch\u00fcler im MINT-Bereich zu motivieren und diese nachhaltig und individuell zu f\u00f6rdern. [mehr zum F\u00f6rderprogramm und zum Wettbewerb &#8222;International Junior Science Olympiade&#8220;&#8230;] Zu diesem Zwecke findet am RWG jedes&hellip;<\/p>\n","protected":false},"author":2,"featured_media":0,"parent":11132,"menu_order":90,"comment_status":"closed","ping_status":"closed","template":"page-templates\/no-sidebar.php","meta":{"footnotes":""},"tags":[54],"_links":{"self":[{"href":"https:\/\/www.rwg-bayreuth.de\/home\/index.php?rest_route=\/wp\/v2\/pages\/2507"}],"collection":[{"href":"https:\/\/www.rwg-bayreuth.de\/home\/index.php?rest_route=\/wp\/v2\/pages"}],"about":[{"href":"https:\/\/www.rwg-bayreuth.de\/home\/index.php?rest_route=\/wp\/v2\/types\/page"}],"author":[{"embeddable":true,"href":"https:\/\/www.rwg-bayreuth.de\/home\/index.php?rest_route=\/wp\/v2\/users\/2"}],"replies":[{"embeddable":true,"href":"https:\/\/www.rwg-bayreuth.de\/home\/index.php?rest_route=%2Fwp%2Fv2%2Fcomments&post=2507"}],"version-history":[{"count":41,"href":"https:\/\/www.rwg-bayreuth.de\/home\/index.php?rest_route=\/wp\/v2\/pages\/2507\/revisions"}],"predecessor-version":[{"id":39127,"href":"https:\/\/www.rwg-bayreuth.de\/home\/index.php?rest_route=\/wp\/v2\/pages\/2507\/revisions\/39127"}],"up":[{"embeddable":true,"href":"https:\/\/www.rwg-bayreuth.de\/home\/index.php?rest_route=\/wp\/v2\/pages\/11132"}],"wp:attachment":[{"href":"https:\/\/www.rwg-bayreuth.de\/home\/index.php?rest_route=%2Fwp%2Fv2%2Fmedia&parent=2507"}],"wp:term":[{"taxonomy":"post_tag","embeddable":true,"href":"https:\/\/www.rwg-bayreuth.de\/home\/index.php?rest_route=%2Fwp%2Fv2%2Ftags&post=2507"}],"curies":[{"name":"wp","href":"https:\/\/api.w.org\/{rel}","templated":true}]}}