{"id":24721,"date":"2020-03-20T09:39:21","date_gmt":"2020-03-20T08:39:21","guid":{"rendered":"http:\/\/www.rwg-bayreuth.de\/home\/?page_id=24721"},"modified":"2023-04-02T17:53:11","modified_gmt":"2023-04-02T15:53:11","slug":"informationen-zur-wahl-der-2-fremdsprache-und-zur-zweigwahl","status":"publish","type":"page","link":"https:\/\/www.rwg-bayreuth.de\/home\/?page_id=24721","title":{"rendered":"Informationen zur Wahl der 2.&nbsp;Fremdsprache"},"content":{"rendered":"<p><!--[su_row]\n[su_column size=\"1\/2\" center=\"no\" class=\"\"]\n<a href=\"https:\/\/www.rwg-bayreuth.de\/home\/wp-content\/uploads\/2020\/03\/Info-L-F-2.FS-Latein.pdf\"><img loading=\"lazy\" decoding=\"async\" src=\"https:\/\/www.rwg-bayreuth.de\/home\/wp-content\/uploads\/2020\/03\/Puzzle-Latein.png\" alt=\"Informationen zu Latein\" width=\"650\" height=\"650\" class=\"alignnone size-full wp-image-24723\" srcset=\"https:\/\/www.rwg-bayreuth.de\/home\/wp-content\/uploads\/2020\/03\/Puzzle-Latein.png 650w, https:\/\/www.rwg-bayreuth.de\/home\/wp-content\/uploads\/2020\/03\/Puzzle-Latein-450x450.png 450w, https:\/\/www.rwg-bayreuth.de\/home\/wp-content\/uploads\/2020\/03\/Puzzle-Latein-150x150.png 150w, https:\/\/www.rwg-bayreuth.de\/home\/wp-content\/uploads\/2020\/03\/Puzzle-Latein-250x250.png 250w\" sizes=\"(max-width: 650px) 100vw, 650px\" \/><\/a>\n[\/su_column]\n[su_column size=\"1\/2\" center=\"no\" class=\"\"]\n<a href=\"https:\/\/www.rwg-bayreuth.de\/home\/wp-content\/uploads\/2020\/03\/Info-L-F-2.FS-Franz%C3%B6sisch.pdf\"><img loading=\"lazy\" decoding=\"async\" src=\"https:\/\/www.rwg-bayreuth.de\/home\/wp-content\/uploads\/2020\/03\/Puzzle-Franz\u00f6sisch.png\" alt=\"Informationen zu Franz\u00f6sisch\" width=\"651\" height=\"650\" class=\"alignnone size-full wp-image-24722\" srcset=\"https:\/\/www.rwg-bayreuth.de\/home\/wp-content\/uploads\/2020\/03\/Puzzle-Franz\u00f6sisch.png 651w, https:\/\/www.rwg-bayreuth.de\/home\/wp-content\/uploads\/2020\/03\/Puzzle-Franz\u00f6sisch-450x450.png 450w, https:\/\/www.rwg-bayreuth.de\/home\/wp-content\/uploads\/2020\/03\/Puzzle-Franz\u00f6sisch-150x150.png 150w, https:\/\/www.rwg-bayreuth.de\/home\/wp-content\/uploads\/2020\/03\/Puzzle-Franz\u00f6sisch-250x250.png 250w\" sizes=\"(max-width: 651px) 100vw, 651px\" \/><\/a>\n[\/su_column]\n[\/su_row]\n--><\/p>\n<div class=\"su-row\">\n<div class=\"su-column su-column-size-1-3\"><div class=\"su-column-inner su-u-clearfix su-u-trim\">\n<a href=\"https:\/\/www.rwg-bayreuth.de\/home\/wp-content\/uploads\/2020\/03\/Info-L-F-2.FS-allgemeines.pdf\"><img loading=\"lazy\" decoding=\"async\" src=\"https:\/\/www.rwg-bayreuth.de\/home\/wp-content\/uploads\/2020\/03\/Puzzle-FSallg.png\" alt=\"\" width=\"660\" height=\"651\" class=\"alignnone size-full wp-image-24733\" srcset=\"https:\/\/www.rwg-bayreuth.de\/home\/wp-content\/uploads\/2020\/03\/Puzzle-FSallg.png 660w, https:\/\/www.rwg-bayreuth.de\/home\/wp-content\/uploads\/2020\/03\/Puzzle-FSallg-450x444.png 450w, https:\/\/www.rwg-bayreuth.de\/home\/wp-content\/uploads\/2020\/03\/Puzzle-FSallg-250x247.png 250w, https:\/\/www.rwg-bayreuth.de\/home\/wp-content\/uploads\/2020\/03\/Puzzle-FSallg-600x592.png 600w\" sizes=\"(max-width: 660px) 100vw, 660px\" \/><\/a><br \/>\n<\/div><\/div>\n<div class=\"su-column su-column-size-2-3\"><div class=\"su-column-inner su-u-clearfix su-u-trim\">\n<div style=\"width: 49%; margin: 0px; padding: 0px; display: inline-block\">\n<a href=\"https:\/\/www.rwg-bayreuth.de\/home\/wp-content\/uploads\/2020\/03\/Info-L-F-2.FS-Latein.pdf\"><img loading=\"lazy\" decoding=\"async\" src=\"https:\/\/www.rwg-bayreuth.de\/home\/wp-content\/uploads\/2020\/03\/Puzzle-Latein.png\" alt=\"Informationen zu Latein\" width=\"650\" height=\"650\" class=\"alignnone size-full wp-image-24723\" srcset=\"https:\/\/www.rwg-bayreuth.de\/home\/wp-content\/uploads\/2020\/03\/Puzzle-Latein.png 650w, https:\/\/www.rwg-bayreuth.de\/home\/wp-content\/uploads\/2020\/03\/Puzzle-Latein-450x450.png 450w, https:\/\/www.rwg-bayreuth.de\/home\/wp-content\/uploads\/2020\/03\/Puzzle-Latein-150x150.png 150w, https:\/\/www.rwg-bayreuth.de\/home\/wp-content\/uploads\/2020\/03\/Puzzle-Latein-250x250.png 250w\" sizes=\"(max-width: 650px) 100vw, 650px\" \/><\/a>\n<\/div>\n<div style=\"width: 49%; margin: 0px; padding: 0px; display: inline-block\">\n<a href=\"https:\/\/www.rwg-bayreuth.de\/home\/wp-content\/uploads\/2020\/03\/Info-L-F-2.FS-Franz%C3%B6sisch.pdf\"><img loading=\"lazy\" decoding=\"async\" src=\"https:\/\/www.rwg-bayreuth.de\/home\/wp-content\/uploads\/2020\/03\/Puzzle-Franz\u00f6sisch.png\" alt=\"Informationen zu Franz\u00f6sisch\" width=\"651\" height=\"650\" class=\"alignnone size-full wp-image-24722\" srcset=\"https:\/\/www.rwg-bayreuth.de\/home\/wp-content\/uploads\/2020\/03\/Puzzle-Franz\u00f6sisch.png 651w, https:\/\/www.rwg-bayreuth.de\/home\/wp-content\/uploads\/2020\/03\/Puzzle-Franz\u00f6sisch-450x450.png 450w, https:\/\/www.rwg-bayreuth.de\/home\/wp-content\/uploads\/2020\/03\/Puzzle-Franz\u00f6sisch-150x150.png 150w, https:\/\/www.rwg-bayreuth.de\/home\/wp-content\/uploads\/2020\/03\/Puzzle-Franz\u00f6sisch-250x250.png 250w\" sizes=\"(max-width: 651px) 100vw, 651px\" \/><\/a>\n<\/div>\n<\/div><\/div>\n<\/div>\n<p><!--Bei individuellen Fragen kontaktieren Sie bitte die Fachleiterinnen Frau Westfeld (Franz\u00f6sisch; <a href=\"mailto:westfeld@rwg-bayreuth.de\">westfeld@rwg-bayreuth.de<\/a>) und Frau Track (Latein; <a href=\"mailto:track@rwg-bayreuth.de\">track@rwg-bayreuth.de<\/a>).\n\n\n--><!--\n\n\n\n<h1>Allgemein<\/h1>\n\n\n\n\n\n<ul class=\"linkliste\">\n\t\n\n<li><a href=\"https:\/\/www.rwg-bayreuth.de\/home\/wp-content\/uploads\/2021\/03\/Hinweise-fuer-die-Wahl-der-geeigneten-Ausbildungsrichtung_Homepage_2021.pdf\">[su_tooltip style=\"light\" position=\"east\" shadow=\"yes\" size=\"3\" title=\"\" content=\"Hinweise f\u00fcr die Wahl der geeigneten Ausbildungsrichtung\"]Hinweise f\u00fcr die Wahl der geeigneten Ausbildungsrichtung[\/su_tooltip]\n<\/a><\/li>\n\n\n<\/ul>\n\n\n\n\n--><\/p>\n<h1>Weitere Informationen auf unserer RWG-Website<\/h1>\n<ul class=\"linkliste\">\n<li><a href=\"https:\/\/www.rwg-bayreuth.de\/home\/?page_id=79\">Schulprofil und \u00dcbersicht der Wahlm\u00f6glichkeiten<\/a><\/li>\n<li><a href=\"https:\/\/www.rwg-bayreuth.de\/home\/?page_id=1931\">Latein<\/a><\/li>\n<li><a href=\"https:\/\/www.rwg-bayreuth.de\/home\/?page_id=1598\">Franz\u00f6sisch<\/a><\/li>\n<\/ul>\n","protected":false},"excerpt":{"rendered":"<p>Weitere Informationen auf unserer RWG-Website Schulprofil und \u00dcbersicht der Wahlm\u00f6glichkeiten Latein Franz\u00f6sisch<\/p>\n","protected":false},"author":11,"featured_media":0,"parent":0,"menu_order":0,"comment_status":"closed","ping_status":"closed","template":"page-templates\/no-sidebar.php","meta":{"footnotes":""},"tags":[],"_links":{"self":[{"href":"https:\/\/www.rwg-bayreuth.de\/home\/index.php?rest_route=\/wp\/v2\/pages\/24721"}],"collection":[{"href":"https:\/\/www.rwg-bayreuth.de\/home\/index.php?rest_route=\/wp\/v2\/pages"}],"about":[{"href":"https:\/\/www.rwg-bayreuth.de\/home\/index.php?rest_route=\/wp\/v2\/types\/page"}],"author":[{"embeddable":true,"href":"https:\/\/www.rwg-bayreuth.de\/home\/index.php?rest_route=\/wp\/v2\/users\/11"}],"replies":[{"embeddable":true,"href":"https:\/\/www.rwg-bayreuth.de\/home\/index.php?rest_route=%2Fwp%2Fv2%2Fcomments&post=24721"}],"version-history":[{"count":51,"href":"https:\/\/www.rwg-bayreuth.de\/home\/index.php?rest_route=\/wp\/v2\/pages\/24721\/revisions"}],"predecessor-version":[{"id":33735,"href":"https:\/\/www.rwg-bayreuth.de\/home\/index.php?rest_route=\/wp\/v2\/pages\/24721\/revisions\/33735"}],"wp:attachment":[{"href":"https:\/\/www.rwg-bayreuth.de\/home\/index.php?rest_route=%2Fwp%2Fv2%2Fmedia&parent=24721"}],"wp:term":[{"taxonomy":"post_tag","embeddable":true,"href":"https:\/\/www.rwg-bayreuth.de\/home\/index.php?rest_route=%2Fwp%2Fv2%2Ftags&post=24721"}],"curies":[{"name":"wp","href":"https:\/\/api.w.org\/{rel}","templated":true}]}}