{"id":23791,"date":"2020-02-02T20:33:11","date_gmt":"2020-02-02T19:33:11","guid":{"rendered":"http:\/\/www.rwg-bayreuth.de\/home\/?page_id=23791"},"modified":"2023-09-28T14:55:00","modified_gmt":"2023-09-28T12:55:00","slug":"latein-broschuere","status":"publish","type":"page","link":"https:\/\/www.rwg-bayreuth.de\/home\/?page_id=23791","title":{"rendered":"Latein-Brosch\u00fcre"},"content":{"rendered":"<h4>L\u00e4stiges Lateinlernen war gestern! P-Seminar Latein \u00fcberzeugt beim Wettbewerb &#8218;Lebendige Antike&#8216; mit eingereichter Brosch\u00fcre  &#8222;Latein aus dem Effeff&#8220; .<\/h4>\n<p><a href=\"https:\/\/www.rwg-bayreuth.de\/home\/wp-content\/uploads\/2020\/02\/Teilnehmer-P-Seminar.jpg\"><img loading=\"lazy\" decoding=\"async\" src=\"https:\/\/www.rwg-bayreuth.de\/home\/wp-content\/uploads\/2020\/02\/Teilnehmer-P-Seminar-450x338.jpg\" alt=\"\" width=\"450\" height=\"338\" class=\"aligncenter size-medium wp-image-23792\" srcset=\"https:\/\/www.rwg-bayreuth.de\/home\/wp-content\/uploads\/2020\/02\/Teilnehmer-P-Seminar-450x338.jpg 450w, https:\/\/www.rwg-bayreuth.de\/home\/wp-content\/uploads\/2020\/02\/Teilnehmer-P-Seminar-768x576.jpg 768w, https:\/\/www.rwg-bayreuth.de\/home\/wp-content\/uploads\/2020\/02\/Teilnehmer-P-Seminar-250x188.jpg 250w, https:\/\/www.rwg-bayreuth.de\/home\/wp-content\/uploads\/2020\/02\/Teilnehmer-P-Seminar.jpg 1024w\" sizes=\"(max-width: 450px) 100vw, 450px\" \/><\/a><\/p>\n<p>Das P-Seminar Latein (2015\/17) unter der Leitung von Frau Track hat eine umfangreiche Sammlung von Merkspr\u00fcchen, -versen, Eselsbr\u00fccken und Co. aus dem Latein- und Geschichtsunterricht (Antike) gestaltet, die als Beitrag zur &#8218;Lebendigen Antike&#8216; \u00fcberzeugen konnte!<\/p>\n<p>Die &#8218;Arbeitsgemeinschaft zur F\u00f6rderung humanistischer Bildung in Bayern e.V.&#8216; hat als Preis das Projekt gro\u00dfz\u00fcgig finanziell bezuschusst und so neben dem Verein der Freunde des RWG sowie dem Elternbeirat daf\u00fcr gesorgt, dass wir unsere Sammlung der Schulfamilie nun kosteng\u00fcnstiger zur Verf\u00fcgung stellen k\u00f6nnen!<br \/>\nDie anschaulich und am\u00fcsant aufbereiteten Seiten sollen den Lateinlernern unserer Schule das Einpr\u00e4gen lateinischer Grammatik, Vokabeln, geschichtlicher Daten, Jahreszahlen, Ereignisse, mythologischer Themen etc. wesentlich erleichtern.<br \/>\n6 Sch\u00fclerinnen haben am Ende der Projektphase ihres P-Seminars nun das geschafft, wof\u00fcr sonst ganze Autorenteams am Werk sind, n\u00e4mlich eine Brosch\u00fcre als Lernhilfe zu planen, zu entwerfen und zu erstellen! Es ist ein &#8218;Trainingsbuch&#8216; f\u00fcr das Fach Latein aus der Praxis f\u00fcr die Praxis entstanden \u2013 von Sch\u00fcler(inne)n f\u00fcr Sch\u00fcler\/innen!<br \/>\n<a href=\"https:\/\/www.rwg-bayreuth.de\/home\/wp-content\/uploads\/2017\/07\/16-17-Latein-Brosch\u00fcre-200.jpg\"><img loading=\"lazy\" decoding=\"async\" src=\"https:\/\/www.rwg-bayreuth.de\/home\/wp-content\/uploads\/2017\/07\/16-17-Latein-Brosch\u00fcre-200.jpg\" alt=\"\" width=\"200\" height=\"286\" class=\"alignright size-full wp-image-16450\" \/><\/a><\/p>\n<p style=\"margin-bottom:0px\">In diesem Buch geben Sch\u00fclerinnen Lateinlernern allgemeine Hilfestellungen und Tipps, wie sie sich wesentliche Inhalte des Faches Latein \u2013 von der 6. Klasse bis zur Oberstufe! \u2013 besser und dauerhaft einpr\u00e4gen k\u00f6nnen<\/p>\n<ul>\n<li>zur Schulaufgabenvorbereitung, f\u00fcr Abfragen,<\/li>\n<li>zur Erweiterung der Allgemeinbildung<\/li>\n<li>oder einfach so zum Schmunzeln und Vergn\u00fcgen!<\/li>\n<\/ul>\n<p>Das Spektrum reicht dabei von einfachen Wortschatzproblemen \u00fcber kulturelle Themen bis hin zu komplexeren Wort- und Satzarten sowie  Elementen, die in der Q-Phase der Oberstufe im Fach Latein behandelt werden. Mit dem Prinzip je einer Doppelseite pro Merkhilfe (Spruch inkl. Erl\u00e4uterung) sind so exakt 150 (!) Seiten entstanden \u2013 mit bewusstem Bezug zum 150-j\u00e4hrigen Schuljubil\u00e4um des Richard-Wagner-Gymnasiums!<br \/>\nUnd nicht zuletzt zeigt unsere Brosch\u00fcre auch, dass Latein weitaus mehr ist als blo\u00dfe Grammatik und Vokabeln: Man darf nur neben der Spracharbeit des sehr systematisch aufgebauten Faches die weitaus reicheren Sch\u00e4tze der antiken Kultur nicht vergessen!<br \/>\nDas hei\u00dft man muss gar nicht unbedingt Latein (schon) k\u00f6nnen, um in dieser Lernhilfe zu schm\u00f6kern!<\/p>\n<p><em>S. Track<\/em><\/p>\n","protected":false},"excerpt":{"rendered":"<p>L\u00e4stiges Lateinlernen war gestern! P-Seminar Latein \u00fcberzeugt beim Wettbewerb &#8218;Lebendige Antike&#8216; mit eingereichter Brosch\u00fcre &#8222;Latein aus dem Effeff&#8220; . Das P-Seminar Latein (2015\/17) unter der Leitung von Frau Track hat eine umfangreiche Sammlung von Merkspr\u00fcchen, -versen, Eselsbr\u00fccken und Co. aus dem Latein- und Geschichtsunterricht (Antike) gestaltet, die als Beitrag zur &#8218;Lebendigen Antike&#8216; \u00fcberzeugen konnte! Die&hellip;<\/p>\n","protected":false},"author":11,"featured_media":0,"parent":1931,"menu_order":20,"comment_status":"closed","ping_status":"closed","template":"page-templates\/no-sidebar.php","meta":{"footnotes":""},"tags":[54],"_links":{"self":[{"href":"https:\/\/www.rwg-bayreuth.de\/home\/index.php?rest_route=\/wp\/v2\/pages\/23791"}],"collection":[{"href":"https:\/\/www.rwg-bayreuth.de\/home\/index.php?rest_route=\/wp\/v2\/pages"}],"about":[{"href":"https:\/\/www.rwg-bayreuth.de\/home\/index.php?rest_route=\/wp\/v2\/types\/page"}],"author":[{"embeddable":true,"href":"https:\/\/www.rwg-bayreuth.de\/home\/index.php?rest_route=\/wp\/v2\/users\/11"}],"replies":[{"embeddable":true,"href":"https:\/\/www.rwg-bayreuth.de\/home\/index.php?rest_route=%2Fwp%2Fv2%2Fcomments&post=23791"}],"version-history":[{"count":8,"href":"https:\/\/www.rwg-bayreuth.de\/home\/index.php?rest_route=\/wp\/v2\/pages\/23791\/revisions"}],"predecessor-version":[{"id":23914,"href":"https:\/\/www.rwg-bayreuth.de\/home\/index.php?rest_route=\/wp\/v2\/pages\/23791\/revisions\/23914"}],"up":[{"embeddable":true,"href":"https:\/\/www.rwg-bayreuth.de\/home\/index.php?rest_route=\/wp\/v2\/pages\/1931"}],"wp:attachment":[{"href":"https:\/\/www.rwg-bayreuth.de\/home\/index.php?rest_route=%2Fwp%2Fv2%2Fmedia&parent=23791"}],"wp:term":[{"taxonomy":"post_tag","embeddable":true,"href":"https:\/\/www.rwg-bayreuth.de\/home\/index.php?rest_route=%2Fwp%2Fv2%2Ftags&post=23791"}],"curies":[{"name":"wp","href":"https:\/\/api.w.org\/{rel}","templated":true}]}}

Latein-Broschüre

<h4>Lästiges Lateinlernen war gestern! P-Seminar Latein überzeugt beim Wettbewerb &#8218;Lebendige Antike&#8216; mit eingereichter Broschüre  &#8222;Latein aus dem Effeff&#8220; .</h4>
<p><a href="https://www.rwg-bayreuth.de/home/wp-content/uploads/2020/02/Teilnehmer-P-Seminar.jpg"><img loading="lazy" decoding="async" src="https://www.rwg-bayreuth.de/home/wp-content/uploads/2020/02/Teilnehmer-P-Seminar-450x338.jpg" alt="" width="450" height="338" class="aligncenter size-medium wp-image-23792" srcset="https://www.rwg-bayreuth.de/home/wp-content/uploads/2020/02/Teilnehmer-P-Seminar-450x338.jpg 450w, https://www.rwg-bayreuth.de/home/wp-content/uploads/2020/02/Teilnehmer-P-Seminar-768x576.jpg 768w, https://www.rwg-bayreuth.de/home/wp-content/uploads/2020/02/Teilnehmer-P-Seminar-250x188.jpg 250w, https://www.rwg-bayreuth.de/home/wp-content/uploads/2020/02/Teilnehmer-P-Seminar.jpg 1024w" sizes="(max-width: 450px) 100vw, 450px" /></a></p>
<p>Das P-Seminar Latein (2015/17) unter der Leitung von Frau Track hat eine umfangreiche Sammlung von Merksprüchen, -versen, Eselsbrücken und Co. aus dem Latein- und Geschichtsunterricht (Antike) gestaltet, die als Beitrag zur &#8218;Lebendigen Antike&#8216; überzeugen konnte!</p>
<p>Die &#8218;Arbeitsgemeinschaft zur Förderung humanistischer Bildung in Bayern e.V.&#8216; hat als Preis das Projekt großzügig finanziell bezuschusst und so neben dem Verein der Freunde des RWG sowie dem Elternbeirat dafür gesorgt, dass wir unsere Sammlung der Schulfamilie nun kostengünstiger zur Verfügung stellen können!<br />
Die anschaulich und amüsant aufbereiteten Seiten sollen den Lateinlernern unserer Schule das Einprägen lateinischer Grammatik, Vokabeln, geschichtlicher Daten, Jahreszahlen, Ereignisse, mythologischer Themen etc. wesentlich erleichtern.<br />
6 Schülerinnen haben am Ende der Projektphase ihres P-Seminars nun das geschafft, wofür sonst ganze Autorenteams am Werk sind, nämlich eine Broschüre als Lernhilfe zu planen, zu entwerfen und zu erstellen! Es ist ein &#8218;Trainingsbuch&#8216; für das Fach Latein aus der Praxis für die Praxis entstanden – von Schüler(inne)n für Schüler/innen!<br />
<a href="https://www.rwg-bayreuth.de/home/wp-content/uploads/2017/07/16-17-Latein-Broschüre-200.jpg"><img loading="lazy" decoding="async" src="https://www.rwg-bayreuth.de/home/wp-content/uploads/2017/07/16-17-Latein-Broschüre-200.jpg" alt="" width="200" height="286" class="alignright size-full wp-image-16450" /></a></p>
<p style="margin-bottom:0px">In diesem Buch geben Schülerinnen Lateinlernern allgemeine Hilfestellungen und Tipps, wie sie sich wesentliche Inhalte des Faches Latein – von der 6. Klasse bis zur Oberstufe! – besser und dauerhaft einprägen können</p>
<ul>
<li>zur Schulaufgabenvorbereitung, für Abfragen,</li>
<li>zur Erweiterung der Allgemeinbildung</li>
<li>oder einfach so zum Schmunzeln und Vergnügen!</li>
</ul>
<p>Das Spektrum reicht dabei von einfachen Wortschatzproblemen über kulturelle Themen bis hin zu komplexeren Wort- und Satzarten sowie  Elementen, die in der Q-Phase der Oberstufe im Fach Latein behandelt werden. Mit dem Prinzip je einer Doppelseite pro Merkhilfe (Spruch inkl. Erläuterung) sind so exakt 150 (!) Seiten entstanden – mit bewusstem Bezug zum 150-jährigen Schuljubiläum des Richard-Wagner-Gymnasiums!<br />
Und nicht zuletzt zeigt unsere Broschüre auch, dass Latein weitaus mehr ist als bloße Grammatik und Vokabeln: Man darf nur neben der Spracharbeit des sehr systematisch aufgebauten Faches die weitaus reicheren Schätze der antiken Kultur nicht vergessen!<br />
Das heißt man muss gar nicht unbedingt Latein (schon) können, um in dieser Lernhilfe zu schmökern!</p>
<p><em>S. Track</em></p>

<p>Lästiges Lateinlernen war gestern! P-Seminar Latein überzeugt beim Wettbewerb &#8218;Lebendige Antike&#8216; mit eingereichter Broschüre &#8222;Latein aus dem Effeff&#8220; . Das P-Seminar Latein (2015/17) unter der Leitung von Frau Track hat eine umfangreiche Sammlung von Merksprüchen, -versen, Eselsbrücken und Co. aus dem Latein- und Geschichtsunterricht (Antike) gestaltet, die als Beitrag zur &#8218;Lebendigen Antike&#8216; überzeugen konnte! Die&hellip;</p>
