{"id":23758,"date":"2020-02-02T18:25:45","date_gmt":"2020-02-02T17:25:45","guid":{"rendered":"http:\/\/www.rwg-bayreuth.de\/home\/?page_id=23758"},"modified":"2023-09-28T14:55:20","modified_gmt":"2023-09-28T12:55:20","slug":"ein-lateinisches-chronogramm-zum-150-jaehrigen-schuljubilaeum","status":"publish","type":"page","link":"https:\/\/www.rwg-bayreuth.de\/home\/?page_id=23758","title":{"rendered":"Ein lateinisches Chronogramm zum 150-j\u00e4hrigen Schuljubil\u00e4um"},"content":{"rendered":"<p><img loading=\"lazy\" decoding=\"async\" src=\"https:\/\/www.rwg-bayreuth.de\/home\/wp-content\/uploads\/2020\/02\/Chronogramm-\u00dcberschrift.jpg\" alt=\"\" width=\"1549\" height=\"516\" class=\"alignnone size-full wp-image-23763\" srcset=\"https:\/\/www.rwg-bayreuth.de\/home\/wp-content\/uploads\/2020\/02\/Chronogramm-\u00dcberschrift.jpg 1549w, https:\/\/www.rwg-bayreuth.de\/home\/wp-content\/uploads\/2020\/02\/Chronogramm-\u00dcberschrift-450x150.jpg 450w, https:\/\/www.rwg-bayreuth.de\/home\/wp-content\/uploads\/2020\/02\/Chronogramm-\u00dcberschrift-1024x341.jpg 1024w, https:\/\/www.rwg-bayreuth.de\/home\/wp-content\/uploads\/2020\/02\/Chronogramm-\u00dcberschrift-768x256.jpg 768w, https:\/\/www.rwg-bayreuth.de\/home\/wp-content\/uploads\/2020\/02\/Chronogramm-\u00dcberschrift-1536x512.jpg 1536w, https:\/\/www.rwg-bayreuth.de\/home\/wp-content\/uploads\/2020\/02\/Chronogramm-\u00dcberschrift-250x83.jpg 250w\" sizes=\"(max-width: 1549px) 100vw, 1549px\" \/><\/p>\n<p>Dass wichtige Ereignisse traditionell verewigt werden, versteht sich von selbst. In diesem Sinne nahm sich die Fachschaft Latein das 150-j\u00e4hrige Jubil\u00e4um zum Anlass, um standesgem\u00e4\u00df dieser bedeutenden Jahreszahl in der Schulgeschichte des RWG ein Denkmal zu setzen.<\/p>\n<p>Entstanden ist dabei ein sechszeiliges Chronogramm, ein Sinnspruch oder eine Inschrift in lateinischer Sprache; zu sehen ist diese Tradition, die im Mittelalter aufkam und besonders in der Renaissance- und Barockzeit sehr beliebt war, des \u00d6fteren auch auf Bau- oder Kunstdenkm\u00e4lern, auf M\u00fcnzen oder Medaillen. Als Bayreuther Beispiel k\u00f6nnte man an dieser Stelle etwa auf das Spruchband am oberen Sockelrand des Markgrafenbrunnens vor dem Neuen Schloss verweisen, das als Chronogramm das Jahr der Errichtung des Brunnens (1705) in sich tr\u00e4gt.<\/p>\n<p>Chronogramme werden \u00fcberwiegend zum Zeitpunkt des Ereignisses angefertigt, sie k\u00f6nnen aber auch retrospektiv als Merkspruch oder Memorialzahl entstehen; somit schien das Jubil\u00e4umsjahr der Schule nahezu perfekt f\u00fcr diesen Anlass! <\/p>\n<p>Doch wie funktioniert nun ein Chronogramm?<br \/>\nEin Chronogramm besteht aus zwei Textebenen, indem im Basistext ein Intext mit zeitlicher Aussage verborgen ist. Die Summe  aller im Basistext vorkommenden Buchstaben, die zugleich r\u00f6mische Zahlensymbole sind (I, V, X, L, C, D, M), ergibt die Jahreszahl des Ereignisses, auf das sich der Text bezieht. Die Zahlbuchstaben sind dabei stets hervorgehoben, etwa durch Gro\u00dfschreibung und Verdickung der Buchstaben oder aber durch farbliche Abhebung.<\/p>\n<h6>Hier unser konkretes Beispiel: <\/h6>\n<p><a href=\"https:\/\/www.rwg-bayreuth.de\/home\/wp-content\/uploads\/2020\/02\/Chronogramm-Vorderseite-k.jpg\"><img loading=\"lazy\" decoding=\"async\" src=\"https:\/\/www.rwg-bayreuth.de\/home\/wp-content\/uploads\/2020\/02\/Chronogramm-Vorderseite-k-450x324.jpg\" alt=\"\" width=\"450\" height=\"324\" class=\"aligncenter size-medium wp-image-23759\" srcset=\"https:\/\/www.rwg-bayreuth.de\/home\/wp-content\/uploads\/2020\/02\/Chronogramm-Vorderseite-k-450x324.jpg 450w, https:\/\/www.rwg-bayreuth.de\/home\/wp-content\/uploads\/2020\/02\/Chronogramm-Vorderseite-k-768x553.jpg 768w, https:\/\/www.rwg-bayreuth.de\/home\/wp-content\/uploads\/2020\/02\/Chronogramm-Vorderseite-k-250x180.jpg 250w, https:\/\/www.rwg-bayreuth.de\/home\/wp-content\/uploads\/2020\/02\/Chronogramm-Vorderseite-k.jpg 1024w\" sizes=\"(max-width: 450px) 100vw, 450px\" \/><\/a><\/p>\n<p>Es m\u00fcssen lediglich die r\u00f6mischen Zahlensymbole herausgelesen und der Reihe nach zusammengez\u00e4hlt werden ->  z.&nbsp;B.:  X + I + V = 10 + 1+ 5  etc.<br \/>\n(Entscheidend ist allein die Summe der einzelnen Zahlen, die sonst bei r\u00f6mischen Zahlen \u00fcbliche Subtraktion kleinerer Zahlenwerte von folgenden gr\u00f6\u00dferen erfolgt nicht.)<\/p>\n<p><a href=\"https:\/\/www.rwg-bayreuth.de\/home\/wp-content\/uploads\/2020\/02\/Chronogramm-R\u00fcckseite-k.jpg\"><img loading=\"lazy\" decoding=\"async\" src=\"https:\/\/www.rwg-bayreuth.de\/home\/wp-content\/uploads\/2020\/02\/Chronogramm-R\u00fcckseite-k-450x344.jpg\" alt=\"\" width=\"450\" height=\"344\" class=\"aligncenter size-medium wp-image-23760\" srcset=\"https:\/\/www.rwg-bayreuth.de\/home\/wp-content\/uploads\/2020\/02\/Chronogramm-R\u00fcckseite-k-450x344.jpg 450w, https:\/\/www.rwg-bayreuth.de\/home\/wp-content\/uploads\/2020\/02\/Chronogramm-R\u00fcckseite-k-768x587.jpg 768w, https:\/\/www.rwg-bayreuth.de\/home\/wp-content\/uploads\/2020\/02\/Chronogramm-R\u00fcckseite-k-250x191.jpg 250w, https:\/\/www.rwg-bayreuth.de\/home\/wp-content\/uploads\/2020\/02\/Chronogramm-R\u00fcckseite-k.jpg 1024w\" sizes=\"(max-width: 450px) 100vw, 450px\" \/><\/a><\/p>\n<p>Die Jahreszahl, die sich als Summe der Addition aller Zahlzeichen ergibt, steht in engem Zusammenhang mit dem lateinischen Inschriftentext und  erg\u00e4nzt diesen um eine weitere Information, n\u00e4mlich die Gr\u00fcndung unserer Schule im Jahre 1867.<br \/>\nGanz im Sinne der Erinnerungskultur hat das Chronogramm nun einen festen Platz im Lehrerzimmergang unserer Schule erhalten.<\/p>\n<p>S. Track<\/p>\n","protected":false},"excerpt":{"rendered":"<p>Dass wichtige Ereignisse traditionell verewigt werden, versteht sich von selbst. In diesem Sinne nahm sich die Fachschaft Latein das 150-j\u00e4hrige Jubil\u00e4um zum Anlass, um standesgem\u00e4\u00df dieser bedeutenden Jahreszahl in der Schulgeschichte des RWG ein Denkmal zu setzen. Entstanden ist dabei ein sechszeiliges Chronogramm, ein Sinnspruch oder eine Inschrift in lateinischer Sprache; zu sehen ist diese&hellip;<\/p>\n","protected":false},"author":11,"featured_media":0,"parent":1931,"menu_order":30,"comment_status":"closed","ping_status":"closed","template":"page-templates\/no-sidebar.php","meta":{"footnotes":""},"tags":[],"_links":{"self":[{"href":"https:\/\/www.rwg-bayreuth.de\/home\/index.php?rest_route=\/wp\/v2\/pages\/23758"}],"collection":[{"href":"https:\/\/www.rwg-bayreuth.de\/home\/index.php?rest_route=\/wp\/v2\/pages"}],"about":[{"href":"https:\/\/www.rwg-bayreuth.de\/home\/index.php?rest_route=\/wp\/v2\/types\/page"}],"author":[{"embeddable":true,"href":"https:\/\/www.rwg-bayreuth.de\/home\/index.php?rest_route=\/wp\/v2\/users\/11"}],"replies":[{"embeddable":true,"href":"https:\/\/www.rwg-bayreuth.de\/home\/index.php?rest_route=%2Fwp%2Fv2%2Fcomments&post=23758"}],"version-history":[{"count":4,"href":"https:\/\/www.rwg-bayreuth.de\/home\/index.php?rest_route=\/wp\/v2\/pages\/23758\/revisions"}],"predecessor-version":[{"id":25632,"href":"https:\/\/www.rwg-bayreuth.de\/home\/index.php?rest_route=\/wp\/v2\/pages\/23758\/revisions\/25632"}],"up":[{"embeddable":true,"href":"https:\/\/www.rwg-bayreuth.de\/home\/index.php?rest_route=\/wp\/v2\/pages\/1931"}],"wp:attachment":[{"href":"https:\/\/www.rwg-bayreuth.de\/home\/index.php?rest_route=%2Fwp%2Fv2%2Fmedia&parent=23758"}],"wp:term":[{"taxonomy":"post_tag","embeddable":true,"href":"https:\/\/www.rwg-bayreuth.de\/home\/index.php?rest_route=%2Fwp%2Fv2%2Ftags&post=23758"}],"curies":[{"name":"wp","href":"https:\/\/api.w.org\/{rel}","templated":true}]}}

Ein lateinisches Chronogramm zum 150-jährigen Schuljubiläum

<p><img loading="lazy" decoding="async" src="https://www.rwg-bayreuth.de/home/wp-content/uploads/2020/02/Chronogramm-Überschrift.jpg" alt="" width="1549" height="516" class="alignnone size-full wp-image-23763" srcset="https://www.rwg-bayreuth.de/home/wp-content/uploads/2020/02/Chronogramm-Überschrift.jpg 1549w, https://www.rwg-bayreuth.de/home/wp-content/uploads/2020/02/Chronogramm-Überschrift-450x150.jpg 450w, https://www.rwg-bayreuth.de/home/wp-content/uploads/2020/02/Chronogramm-Überschrift-1024x341.jpg 1024w, https://www.rwg-bayreuth.de/home/wp-content/uploads/2020/02/Chronogramm-Überschrift-768x256.jpg 768w, https://www.rwg-bayreuth.de/home/wp-content/uploads/2020/02/Chronogramm-Überschrift-1536x512.jpg 1536w, https://www.rwg-bayreuth.de/home/wp-content/uploads/2020/02/Chronogramm-Überschrift-250x83.jpg 250w" sizes="(max-width: 1549px) 100vw, 1549px" /></p>
<p>Dass wichtige Ereignisse traditionell verewigt werden, versteht sich von selbst. In diesem Sinne nahm sich die Fachschaft Latein das 150-jährige Jubiläum zum Anlass, um standesgemäß dieser bedeutenden Jahreszahl in der Schulgeschichte des RWG ein Denkmal zu setzen.</p>
<p>Entstanden ist dabei ein sechszeiliges Chronogramm, ein Sinnspruch oder eine Inschrift in lateinischer Sprache; zu sehen ist diese Tradition, die im Mittelalter aufkam und besonders in der Renaissance- und Barockzeit sehr beliebt war, des Öfteren auch auf Bau- oder Kunstdenkmälern, auf Münzen oder Medaillen. Als Bayreuther Beispiel könnte man an dieser Stelle etwa auf das Spruchband am oberen Sockelrand des Markgrafenbrunnens vor dem Neuen Schloss verweisen, das als Chronogramm das Jahr der Errichtung des Brunnens (1705) in sich trägt.</p>
<p>Chronogramme werden überwiegend zum Zeitpunkt des Ereignisses angefertigt, sie können aber auch retrospektiv als Merkspruch oder Memorialzahl entstehen; somit schien das Jubiläumsjahr der Schule nahezu perfekt für diesen Anlass! </p>
<p>Doch wie funktioniert nun ein Chronogramm?<br />
Ein Chronogramm besteht aus zwei Textebenen, indem im Basistext ein Intext mit zeitlicher Aussage verborgen ist. Die Summe  aller im Basistext vorkommenden Buchstaben, die zugleich römische Zahlensymbole sind (I, V, X, L, C, D, M), ergibt die Jahreszahl des Ereignisses, auf das sich der Text bezieht. Die Zahlbuchstaben sind dabei stets hervorgehoben, etwa durch Großschreibung und Verdickung der Buchstaben oder aber durch farbliche Abhebung.</p>
<h6>Hier unser konkretes Beispiel: </h6>
<p><a href="https://www.rwg-bayreuth.de/home/wp-content/uploads/2020/02/Chronogramm-Vorderseite-k.jpg"><img loading="lazy" decoding="async" src="https://www.rwg-bayreuth.de/home/wp-content/uploads/2020/02/Chronogramm-Vorderseite-k-450x324.jpg" alt="" width="450" height="324" class="aligncenter size-medium wp-image-23759" srcset="https://www.rwg-bayreuth.de/home/wp-content/uploads/2020/02/Chronogramm-Vorderseite-k-450x324.jpg 450w, https://www.rwg-bayreuth.de/home/wp-content/uploads/2020/02/Chronogramm-Vorderseite-k-768x553.jpg 768w, https://www.rwg-bayreuth.de/home/wp-content/uploads/2020/02/Chronogramm-Vorderseite-k-250x180.jpg 250w, https://www.rwg-bayreuth.de/home/wp-content/uploads/2020/02/Chronogramm-Vorderseite-k.jpg 1024w" sizes="(max-width: 450px) 100vw, 450px" /></a></p>
<p>Es müssen lediglich die römischen Zahlensymbole herausgelesen und der Reihe nach zusammengezählt werden ->  z.&nbsp;B.:  X + I + V = 10 + 1+ 5  etc.<br />
(Entscheidend ist allein die Summe der einzelnen Zahlen, die sonst bei römischen Zahlen übliche Subtraktion kleinerer Zahlenwerte von folgenden größeren erfolgt nicht.)</p>
<p><a href="https://www.rwg-bayreuth.de/home/wp-content/uploads/2020/02/Chronogramm-Rückseite-k.jpg"><img loading="lazy" decoding="async" src="https://www.rwg-bayreuth.de/home/wp-content/uploads/2020/02/Chronogramm-Rückseite-k-450x344.jpg" alt="" width="450" height="344" class="aligncenter size-medium wp-image-23760" srcset="https://www.rwg-bayreuth.de/home/wp-content/uploads/2020/02/Chronogramm-Rückseite-k-450x344.jpg 450w, https://www.rwg-bayreuth.de/home/wp-content/uploads/2020/02/Chronogramm-Rückseite-k-768x587.jpg 768w, https://www.rwg-bayreuth.de/home/wp-content/uploads/2020/02/Chronogramm-Rückseite-k-250x191.jpg 250w, https://www.rwg-bayreuth.de/home/wp-content/uploads/2020/02/Chronogramm-Rückseite-k.jpg 1024w" sizes="(max-width: 450px) 100vw, 450px" /></a></p>
<p>Die Jahreszahl, die sich als Summe der Addition aller Zahlzeichen ergibt, steht in engem Zusammenhang mit dem lateinischen Inschriftentext und  ergänzt diesen um eine weitere Information, nämlich die Gründung unserer Schule im Jahre 1867.<br />
Ganz im Sinne der Erinnerungskultur hat das Chronogramm nun einen festen Platz im Lehrerzimmergang unserer Schule erhalten.</p>
<p>S. Track</p>

<p>Dass wichtige Ereignisse traditionell verewigt werden, versteht sich von selbst. In diesem Sinne nahm sich die Fachschaft Latein das 150-jährige Jubiläum zum Anlass, um standesgemäß dieser bedeutenden Jahreszahl in der Schulgeschichte des RWG ein Denkmal zu setzen. Entstanden ist dabei ein sechszeiliges Chronogramm, ein Sinnspruch oder eine Inschrift in lateinischer Sprache; zu sehen ist diese&hellip;</p>
