{"id":20436,"date":"2019-01-25T11:50:34","date_gmt":"2019-01-25T10:50:34","guid":{"rendered":"http:\/\/www.rwg-bayreuth.de\/home\/?page_id=20436"},"modified":"2020-07-10T15:44:47","modified_gmt":"2020-07-10T13:44:47","slug":"studienfahrt-nach-berlin","status":"publish","type":"page","link":"https:\/\/www.rwg-bayreuth.de\/home\/?page_id=20436","title":{"rendered":"Studienfahrt nach Berlin"},"content":{"rendered":"<div class=\"rwg_post_list\"><article id=\"post-39385\"class=\"cf post-39385 post type-post status-publish format-standard has-post-thumbnail hentry category-allgemein tag-berlin-fahrt tag-home\">\n \t\t<div class=\"entry-thumbnail fadein\"> \t\t\t<a href=\"https:\/\/www.rwg-bayreuth.de\/home\/?p=39385\"><img loading=\"lazy\" decoding=\"async\" width=\"2048\" height=\"1365\" src=\"https:\/\/www.rwg-bayreuth.de\/home\/wp-content\/uploads\/2025\/08\/24-25-Berlinfahrt-Titelfoto.jpg\" class=\"attachment-post-thumbnail size-post-thumbnail wp-post-image\" alt=\"\" srcset=\"https:\/\/www.rwg-bayreuth.de\/home\/wp-content\/uploads\/2025\/08\/24-25-Berlinfahrt-Titelfoto.jpg 2048w, https:\/\/www.rwg-bayreuth.de\/home\/wp-content\/uploads\/2025\/08\/24-25-Berlinfahrt-Titelfoto-1536x1024.jpg 1536w, https:\/\/www.rwg-bayreuth.de\/home\/wp-content\/uploads\/2025\/08\/24-25-Berlinfahrt-Titelfoto-150x100.jpg 150w, https:\/\/www.rwg-bayreuth.de\/home\/wp-content\/uploads\/2025\/08\/24-25-Berlinfahrt-Titelfoto-450x300.jpg 450w, https:\/\/www.rwg-bayreuth.de\/home\/wp-content\/uploads\/2025\/08\/24-25-Berlinfahrt-Titelfoto-768x512.jpg 768w, https:\/\/www.rwg-bayreuth.de\/home\/wp-content\/uploads\/2025\/08\/24-25-Berlinfahrt-Titelfoto-1024x683.jpg 1024w, https:\/\/www.rwg-bayreuth.de\/home\/wp-content\/uploads\/2025\/08\/24-25-Berlinfahrt-Titelfoto-250x167.jpg 250w, https:\/\/www.rwg-bayreuth.de\/home\/wp-content\/uploads\/2025\/08\/24-25-Berlinfahrt-Titelfoto-900x600.jpg 900w\" sizes=\"(max-width: 2048px) 100vw, 2048px\" \/><\/a> \t\t<\/div><!-- end .entry-thumbnail -->\n<div class=\"meta-main-wrap\">\n  <div class=\"\">\n    <header class=\"entry-header\">\n      <div class=\"entry-cats\">\n        <div class=\"kategorie\"><a href=\"https:\/\/www.rwg-bayreuth.de\/home\/?cat=1\" rel=\"category\">Schulleben<\/a><\/div>\n<div class=\"entry-edit\" >      <div class=\"entry-date\" >\n        <a href=\"https:\/\/www.rwg-bayreuth.de\/home\/?p=39385\">19. Juli 2025<\/a>\n      <\/div><\/div><!-- end .entry-date -->\n      <\/div><!-- end .entry-cats -->\n<h2 class=\"entry-title\"><a href=\"https:\/\/www.rwg-bayreuth.de\/home\/?p=39385\" rel=\"bookmark\">Kultur, Geschichte und mehr: Berlinfahrt 2025<\/a><\/h2>\n    <\/header><!-- end .entry-header -->\n    <div class=\"entry-summary\">\nIn der Woche vom 14. bis zum 18. Juli haben die 10. Klassen des Richard-Wagner-Gymnasiums eine Klassenfahrt in die Hauptstadt Deutschlands, Berlin, unternommen und sich historisch, kulturell und sozial weitergebildet. Die Berlinfahrt gilt f\u00fcr viele RWGler als eines der schulischen Highlights, weshalb die Erwartungen der sehr hoch waren. Die Hin- und R\u00fcckfahrt wurden f\u00fcr einen&hellip;\n  <\/div><!-- .entry-summary -->\n  <\/div><!-- .entry-main -->\n<\/div><!-- .meta-main-wrap -->\n<\/article><!-- end post -39385 -->\n<article id=\"post-19631\"class=\"cf post-19631 post type-post status-publish format-standard has-post-thumbnail hentry category-allgemein tag-berlin-fahrt tag-geschichte tag-home tag-sozialkunde\">\n \t\t<div class=\"entry-thumbnail fadein\"> \t\t\t<a href=\"https:\/\/www.rwg-bayreuth.de\/home\/?p=19631\"><img loading=\"lazy\" decoding=\"async\" width=\"450\" height=\"253\" src=\"https:\/\/www.rwg-bayreuth.de\/home\/wp-content\/uploads\/2018\/09\/17-18-Brelin-Brandenbuger-450.jpg\" class=\"attachment-post-thumbnail size-post-thumbnail wp-post-image\" alt=\"\" srcset=\"https:\/\/www.rwg-bayreuth.de\/home\/wp-content\/uploads\/2018\/09\/17-18-Brelin-Brandenbuger-450.jpg 450w, https:\/\/www.rwg-bayreuth.de\/home\/wp-content\/uploads\/2018\/09\/17-18-Brelin-Brandenbuger-450-250x141.jpg 250w\" sizes=\"(max-width: 450px) 100vw, 450px\" \/><\/a> \t\t<\/div><!-- end .entry-thumbnail -->\n<div class=\"meta-main-wrap\">\n  <div class=\"\">\n    <header class=\"entry-header\">\n      <div class=\"entry-cats\">\n        <div class=\"kategorie\"><a href=\"https:\/\/www.rwg-bayreuth.de\/home\/?cat=1\" rel=\"category\">Schulleben<\/a><\/div>\n<div class=\"entry-edit\" >      <div class=\"entry-date\" >\n        <a href=\"https:\/\/www.rwg-bayreuth.de\/home\/?p=19631\">24. September 2018<\/a>\n      <\/div><\/div><!-- end .entry-date -->\n      <\/div><!-- end .entry-cats -->\n<h2 class=\"entry-title\"><a href=\"https:\/\/www.rwg-bayreuth.de\/home\/?p=19631\" rel=\"bookmark\">Das RWG zwischen Reichstag und KaDeWe<\/a><\/h2>\n    <\/header><!-- end .entry-header -->\n    <div class=\"entry-summary\">\nViel Spa\u00df und tolle neue Erfahrungen erlebten die 10. Klassen w\u00e4hrend ihrer 5-t\u00e4gigen Studienfahrt nach Berlin. Mit noch m\u00fcder aber trotzdem guter Stimmung ging es am Montagmorgen f\u00fcr die Klassen 10a und 10c mit den begleitenden Lehrern Frau Hermann-Maier, Frau Track, Frau Steininger und Herrn Schill, per Bus in Richtung Hauptstadt. Nach einer 2-st\u00fcndigen Stadterkundung&hellip;\n  <\/div><!-- .entry-summary -->\n  <\/div><!-- .entry-main -->\n<\/div><!-- .meta-main-wrap -->\n<\/article><!-- end post -19631 -->\n<article id=\"post-16873\"class=\"cf post-16873 post type-post status-publish format-standard has-post-thumbnail hentry category-allgemein tag-berlin-fahrt tag-home\">\n \t\t<div class=\"entry-thumbnail fadein\"> \t\t\t<a href=\"https:\/\/www.rwg-bayreuth.de\/home\/?p=16873\"><img loading=\"lazy\" decoding=\"async\" width=\"450\" height=\"300\" src=\"https:\/\/www.rwg-bayreuth.de\/home\/wp-content\/uploads\/2017\/07\/16-17-Berlin-Gruppe-450.jpg\" class=\"attachment-post-thumbnail size-post-thumbnail wp-post-image\" alt=\"\" srcset=\"https:\/\/www.rwg-bayreuth.de\/home\/wp-content\/uploads\/2017\/07\/16-17-Berlin-Gruppe-450.jpg 450w, https:\/\/www.rwg-bayreuth.de\/home\/wp-content\/uploads\/2017\/07\/16-17-Berlin-Gruppe-450-250x167.jpg 250w\" sizes=\"(max-width: 450px) 100vw, 450px\" \/><\/a> \t\t<\/div><!-- end .entry-thumbnail -->\n<div class=\"meta-main-wrap\">\n  <div class=\"\">\n    <header class=\"entry-header\">\n      <div class=\"entry-cats\">\n        <div class=\"kategorie\"><a href=\"https:\/\/www.rwg-bayreuth.de\/home\/?cat=1\" rel=\"category\">Schulleben<\/a><\/div>\n<div class=\"entry-edit\" >      <div class=\"entry-date\" >\n        <a href=\"https:\/\/www.rwg-bayreuth.de\/home\/?p=16873\">25. Juli 2017<\/a>\n      <\/div><\/div><!-- end .entry-date -->\n      <\/div><!-- end .entry-cats -->\n<h2 class=\"entry-title\"><a href=\"https:\/\/www.rwg-bayreuth.de\/home\/?p=16873\" rel=\"bookmark\">Vom Kudamm in den Bundestag<\/a><\/h2>\n    <\/header><!-- end .entry-header -->\n    <div class=\"entry-summary\">\n\u201eWir woll\u2019n Wasserskifahrn` auf dem Kurf\u00fcrstendamm\u2026 \u201c- das war das Begleit- und Erheiterungslied f\u00fcr den f\u00fcnft\u00e4gigen Berlinaufenthalt, den die 10.Klassen des RWG genossen. Hier ist ein Reisebericht: Mit verschlafenem, aber ebenso aufgeregtem Gem\u00fctszustand brachen wir am Montagmorgen in zwei Gruppen in die Bundeshauptstadt auf. Nach langer, aber angenehmer Busfahrt kamen wir am Potsdamer Platz an&hellip;\n  <\/div><!-- .entry-summary -->\n  <\/div><!-- .entry-main -->\n<\/div><!-- .meta-main-wrap -->\n<\/article><!-- end post -16873 -->\n<\/div><!-- end .rwg_post_list -->\n","protected":false},"excerpt":{"rendered":"","protected":false},"author":11,"featured_media":0,"parent":125,"menu_order":0,"comment_status":"closed","ping_status":"closed","template":"page-templates\/no-sidebar.php","meta":{"footnotes":""},"tags":[54],"_links":{"self":[{"href":"https:\/\/www.rwg-bayreuth.de\/home\/index.php?rest_route=\/wp\/v2\/pages\/20436"}],"collection":[{"href":"https:\/\/www.rwg-bayreuth.de\/home\/index.php?rest_route=\/wp\/v2\/pages"}],"about":[{"href":"https:\/\/www.rwg-bayreuth.de\/home\/index.php?rest_route=\/wp\/v2\/types\/page"}],"author":[{"embeddable":true,"href":"https:\/\/www.rwg-bayreuth.de\/home\/index.php?rest_route=\/wp\/v2\/users\/11"}],"replies":[{"embeddable":true,"href":"https:\/\/www.rwg-bayreuth.de\/home\/index.php?rest_route=%2Fwp%2Fv2%2Fcomments&post=20436"}],"version-history":[{"count":4,"href":"https:\/\/www.rwg-bayreuth.de\/home\/index.php?rest_route=\/wp\/v2\/pages\/20436\/revisions"}],"predecessor-version":[{"id":24226,"href":"https:\/\/www.rwg-bayreuth.de\/home\/index.php?rest_route=\/wp\/v2\/pages\/20436\/revisions\/24226"}],"up":[{"embeddable":true,"href":"https:\/\/www.rwg-bayreuth.de\/home\/index.php?rest_route=\/wp\/v2\/pages\/125"}],"wp:attachment":[{"href":"https:\/\/www.rwg-bayreuth.de\/home\/index.php?rest_route=%2Fwp%2Fv2%2Fmedia&parent=20436"}],"wp:term":[{"taxonomy":"post_tag","embeddable":true,"href":"https:\/\/www.rwg-bayreuth.de\/home\/index.php?rest_route=%2Fwp%2Fv2%2Ftags&post=20436"}],"curies":[{"name":"wp","href":"https:\/\/api.w.org\/{rel}","templated":true}]}}

<div class="rwg_post_list"><article id="post-39385"class="cf post-39385 post type-post status-publish format-standard has-post-thumbnail hentry category-allgemein tag-berlin-fahrt tag-home">
 		<div class="entry-thumbnail fadein"> 			<a href="https://www.rwg-bayreuth.de/home/?p=39385"><img loading="lazy" decoding="async" width="2048" height="1365" src="https://www.rwg-bayreuth.de/home/wp-content/uploads/2025/08/24-25-Berlinfahrt-Titelfoto.jpg" class="attachment-post-thumbnail size-post-thumbnail wp-post-image" alt="" srcset="https://www.rwg-bayreuth.de/home/wp-content/uploads/2025/08/24-25-Berlinfahrt-Titelfoto.jpg 2048w, https://www.rwg-bayreuth.de/home/wp-content/uploads/2025/08/24-25-Berlinfahrt-Titelfoto-1536x1024.jpg 1536w, https://www.rwg-bayreuth.de/home/wp-content/uploads/2025/08/24-25-Berlinfahrt-Titelfoto-150x100.jpg 150w, https://www.rwg-bayreuth.de/home/wp-content/uploads/2025/08/24-25-Berlinfahrt-Titelfoto-450x300.jpg 450w, https://www.rwg-bayreuth.de/home/wp-content/uploads/2025/08/24-25-Berlinfahrt-Titelfoto-768x512.jpg 768w, https://www.rwg-bayreuth.de/home/wp-content/uploads/2025/08/24-25-Berlinfahrt-Titelfoto-1024x683.jpg 1024w, https://www.rwg-bayreuth.de/home/wp-content/uploads/2025/08/24-25-Berlinfahrt-Titelfoto-250x167.jpg 250w, https://www.rwg-bayreuth.de/home/wp-content/uploads/2025/08/24-25-Berlinfahrt-Titelfoto-900x600.jpg 900w" sizes="(max-width: 2048px) 100vw, 2048px" /></a> 		</div><!-- end .entry-thumbnail -->
<div class="meta-main-wrap">
  <div class="">
    <header class="entry-header">
      <div class="entry-cats">
        <div class="kategorie"><a href="https://www.rwg-bayreuth.de/home/?cat=1" rel="category">Schulleben</a></div>
<div class="entry-edit" >      <div class="entry-date" >
        <a href="https://www.rwg-bayreuth.de/home/?p=39385">19. Juli 2025</a>
      </div></div><!-- end .entry-date -->
      </div><!-- end .entry-cats -->
<h2 class="entry-title"><a href="https://www.rwg-bayreuth.de/home/?p=39385" rel="bookmark">Kultur, Geschichte und mehr: Berlinfahrt 2025</a></h2>
    </header><!-- end .entry-header -->
    <div class="entry-summary">
In der Woche vom 14. bis zum 18. Juli haben die 10. Klassen des Richard-Wagner-Gymnasiums eine Klassenfahrt in die Hauptstadt Deutschlands, Berlin, unternommen und sich historisch, kulturell und sozial weitergebildet. Die Berlinfahrt gilt für viele RWGler als eines der schulischen Highlights, weshalb die Erwartungen der sehr hoch waren. Die Hin- und Rückfahrt wurden für einen&hellip;
  </div><!-- .entry-summary -->
  </div><!-- .entry-main -->
</div><!-- .meta-main-wrap -->
</article><!-- end post -39385 -->
<article id="post-19631"class="cf post-19631 post type-post status-publish format-standard has-post-thumbnail hentry category-allgemein tag-berlin-fahrt tag-geschichte tag-home tag-sozialkunde">
 		<div class="entry-thumbnail fadein"> 			<a href="https://www.rwg-bayreuth.de/home/?p=19631"><img loading="lazy" decoding="async" width="450" height="253" src="https://www.rwg-bayreuth.de/home/wp-content/uploads/2018/09/17-18-Brelin-Brandenbuger-450.jpg" class="attachment-post-thumbnail size-post-thumbnail wp-post-image" alt="" srcset="https://www.rwg-bayreuth.de/home/wp-content/uploads/2018/09/17-18-Brelin-Brandenbuger-450.jpg 450w, https://www.rwg-bayreuth.de/home/wp-content/uploads/2018/09/17-18-Brelin-Brandenbuger-450-250x141.jpg 250w" sizes="(max-width: 450px) 100vw, 450px" /></a> 		</div><!-- end .entry-thumbnail -->
<div class="meta-main-wrap">
  <div class="">
    <header class="entry-header">
      <div class="entry-cats">
        <div class="kategorie"><a href="https://www.rwg-bayreuth.de/home/?cat=1" rel="category">Schulleben</a></div>
<div class="entry-edit" >      <div class="entry-date" >
        <a href="https://www.rwg-bayreuth.de/home/?p=19631">24. September 2018</a>
      </div></div><!-- end .entry-date -->
      </div><!-- end .entry-cats -->
<h2 class="entry-title"><a href="https://www.rwg-bayreuth.de/home/?p=19631" rel="bookmark">Das RWG zwischen Reichstag und KaDeWe</a></h2>
    </header><!-- end .entry-header -->
    <div class="entry-summary">
Viel Spaß und tolle neue Erfahrungen erlebten die 10. Klassen während ihrer 5-tägigen Studienfahrt nach Berlin. Mit noch müder aber trotzdem guter Stimmung ging es am Montagmorgen für die Klassen 10a und 10c mit den begleitenden Lehrern Frau Hermann-Maier, Frau Track, Frau Steininger und Herrn Schill, per Bus in Richtung Hauptstadt. Nach einer 2-stündigen Stadterkundung&hellip;
  </div><!-- .entry-summary -->
  </div><!-- .entry-main -->
</div><!-- .meta-main-wrap -->
</article><!-- end post -19631 -->
<article id="post-16873"class="cf post-16873 post type-post status-publish format-standard has-post-thumbnail hentry category-allgemein tag-berlin-fahrt tag-home">
 		<div class="entry-thumbnail fadein"> 			<a href="https://www.rwg-bayreuth.de/home/?p=16873"><img loading="lazy" decoding="async" width="450" height="300" src="https://www.rwg-bayreuth.de/home/wp-content/uploads/2017/07/16-17-Berlin-Gruppe-450.jpg" class="attachment-post-thumbnail size-post-thumbnail wp-post-image" alt="" srcset="https://www.rwg-bayreuth.de/home/wp-content/uploads/2017/07/16-17-Berlin-Gruppe-450.jpg 450w, https://www.rwg-bayreuth.de/home/wp-content/uploads/2017/07/16-17-Berlin-Gruppe-450-250x167.jpg 250w" sizes="(max-width: 450px) 100vw, 450px" /></a> 		</div><!-- end .entry-thumbnail -->
<div class="meta-main-wrap">
  <div class="">
    <header class="entry-header">
      <div class="entry-cats">
        <div class="kategorie"><a href="https://www.rwg-bayreuth.de/home/?cat=1" rel="category">Schulleben</a></div>
<div class="entry-edit" >      <div class="entry-date" >
        <a href="https://www.rwg-bayreuth.de/home/?p=16873">25. Juli 2017</a>
      </div></div><!-- end .entry-date -->
      </div><!-- end .entry-cats -->
<h2 class="entry-title"><a href="https://www.rwg-bayreuth.de/home/?p=16873" rel="bookmark">Vom Kudamm in den Bundestag</a></h2>
    </header><!-- end .entry-header -->
    <div class="entry-summary">
„Wir woll’n Wasserskifahrn` auf dem Kurfürstendamm… “- das war das Begleit- und Erheiterungslied für den fünftägigen Berlinaufenthalt, den die 10.Klassen des RWG genossen. Hier ist ein Reisebericht: Mit verschlafenem, aber ebenso aufgeregtem Gemütszustand brachen wir am Montagmorgen in zwei Gruppen in die Bundeshauptstadt auf. Nach langer, aber angenehmer Busfahrt kamen wir am Potsdamer Platz an&hellip;
  </div><!-- .entry-summary -->
  </div><!-- .entry-main -->
</div><!-- .meta-main-wrap -->
</article><!-- end post -16873 -->
</div><!-- end .rwg_post_list -->
