{"id":18424,"date":"2018-01-18T13:01:01","date_gmt":"2018-01-18T12:01:01","guid":{"rendered":"http:\/\/www.rwg-bayreuth.de\/home\/?page_id=18424"},"modified":"2026-04-22T15:58:38","modified_gmt":"2026-04-22T13:58:38","slug":"uebertritt","status":"publish","type":"page","link":"https:\/\/www.rwg-bayreuth.de\/home\/?page_id=18424","title":{"rendered":"\u00dcbertritt"},"content":{"rendered":"<p><img decoding=\"async\" class=\"alignleft size-full wp-image-5991\" src=\"https:\/\/www.rwg-bayreuth.de\/home\/wp-content\/uploads\/2012\/04\/Anmeldung_Logo1.jpg\" alt=\"Anmeldung_Logo\" width=\"250\" style=\"max-width: 35%\" srcset=\"https:\/\/www.rwg-bayreuth.de\/home\/wp-content\/uploads\/2012\/04\/Anmeldung_Logo1.jpg 250w, https:\/\/www.rwg-bayreuth.de\/home\/wp-content\/uploads\/2012\/04\/Anmeldung_Logo1-150x104.jpg 150w\" sizes=\"(max-width: 250px) 100vw, 250px\" \/><\/p>\n\n<div style=\"overflow:auto\"><div class=\"su-spacer\" style=\"height:25px\"><\/div><\/div>\n<h2 >Das sollten Sie zum \u00dcbertritt ans RWG wissen:<\/h2>\n<h3>Anmeldung &#8211; Informationen und Formulare<\/h3>\n<h5>Anmeldetermin<\/h5>\n<p>Die Einschreibung f\u00fcr die neuen 5.&nbsp;Klassen im Schuljahr 2026\/27 erfolgt vom  <strong>11. bis 13. Mai 2026 sowie am 15. Mai 2026<\/strong>.<\/p>\n<p><!--\n\n\n\n<h4 style=\"overflow: auto;  padding: 12px 2em; margin-bottom: 24px;\" class=\"RWGrahmen blau center\">Alle folgenden Anmerkungen beziehen sich auf die vergangene Anmeldung! Die Modalit\u00e4ten der kommenden Anmeldung sind noch nicht absehbar und werden rechtzeitig bekanntgegeben.<\/h4>\n\n\n\n--><\/p>\n<p class=\"clear fett ohne\">F\u00fcr die Anmeldung Ihres Kindes am RWG bestehen folgende M\u00f6glichkeiten:<\/p>\n<ol style=\"padding-left: 30px;\">\n<li>Sie kommen zur Anmeldung pers\u00f6nlich in der Anmeldewoche zu uns ins Sekretariat, eine Terminvereinbarung ist nicht erforderlich. Bitte f\u00fcllen Sie die Vorabanmeldung online unter <a href=\"https:\/\/riwagybay.eltern-portal.org\/anmeldung\" rel=\"noopener\" target=\"_blank\">riwagybay.eltern-portal.org\/anmeldung<\/a> aus und bringen das unterschriebene Anmeldeformular ausgedruckt mit. Dies erspart Ihnen Zeit bei der Anmeldung.<\/li>\n<li>Sie f\u00fcllen die Vorabanmeldung online unter <a href=\"https:\/\/riwagybay.eltern-portal.org\/anmeldung\" rel=\"noopener\" target=\"_blank\">riwagybay.eltern-portal.org\/anmeldung<\/a> aus und lassen uns alle Anmeldeunterlagen postalisch zukommen. Das Sekretariat meldet sich nach Eingang in jedem Fall telefonisch bei Ihnen und best\u00e4tigt den Eingang.<\/li>\n<\/ol>\n<p><strong>Dar\u00fcber hinaus m\u00f6chten wir betonen, dass Sie uns bei individuellen Fragen und Problemen jederzeit telefonisch oder per Mail kontaktieren k\u00f6nnen. Wir unterst\u00fctzen Sie gerne!<\/strong><\/p>\n<p><!--\n\n<ul class=\"linkliste\">\n\t\n\n<li><a href=\"https:\/\/www.rwg-bayreuth.de\/home\/?page_id=14021\">Hier finden Sie unsere Kontaktdaten sowie die \u00d6ffnungszeiten unseres Sekretariats<\/a><\/li>\n\n\n<\/ul>\n\n\n--><\/p>\n<div class=\"su-accordion su-u-trim font-size_normal\">\n<div class=\"su-spoiler su-spoiler-style-simple su-spoiler-icon-plus RWG su-spoiler-closed\" data-scroll-offset=\"0\" data-anchor-in-url=\"no\"><div class=\"su-spoiler-title\" tabindex=\"0\" role=\"button\"><span class=\"su-spoiler-icon\"><\/span>Hier finden Sie unsere Kontaktdaten sowie die \u00d6ffnungszeiten unseres Sekretariats<\/div><div class=\"su-spoiler-content su-u-clearfix su-u-trim\">\nRichard-Wagner-Gymnasium Bayreuth<br \/>\nWittelsbacherring 9<br \/>\n95444 Bayreuth<\/p>\n<p><a href=\"mailto:schulleitung@rwg-bayreuth.de\">schulleitung@rwg-bayreuth.de<\/a><\/p>\n<p>\u00d6ffnungszeiten des Sekretariats in der Anmeldewoche:<br \/>\nMo &#8211; Fr,  8.00 &#8211; 16.00 Uhr<\/p>\n<p class=\"clear\" style=\"margin-bottom:0\">Tel. <a href=\"tel:+49921759850\">0921 75985-0<\/a><\/p>\n<p>Fax 0921 75985-30<\/p>\n<p><!--\n\n<ul class=\"linkliste\">\n\t\n\n<li>--><a href=\"https:\/\/www.rwg-bayreuth.de\/home\/?page_id=14021\">weitere Kontaktdaten und Lageplan<\/a><!--<\/li>\n\n\n<\/ul>\n\n--><\/p>\n<\/div><\/div>\n<\/div>\n<div style=\"text-align: right; margin-bottom: 40px \">\n<div class=\"RWGbutton-hell\" style=\"display:inline-block; width: auto; max-width: 100%; padding-left:20px; padding-right:20px; text-align: center; \">\n<span class=\"su-lightbox\" data-mfp-src=\"#anmeldeunterlagen\" data-mfp-type=\"inline\" data-mobile=\"yes\">\n<h4><span class=\"su-animate\" style=\"opacity:0;-webkit-animation-duration:4s;-webkit-animation-delay:0s;animation-duration:4s;animation-delay:0s;\" data-animation=\"flash\" data-duration=\"4\" data-delay=\"0\">Checkliste der Anmelde&shy;unterlagen<\/span><\/h4>\n<\/span><\/div>\n<form action=\"\">\n<div class=\"su-lightbox-content su-u-trim \" id=\"anmeldeunterlagen\" style=\"display:none;width:95%;min-width:none;max-width:600px;margin-top:70px;margin-bottom:70px;padding:80px;background:#FFFFFF;color:#333333;box-shadow:0px 0px 15px #333333;text-align:left\">\n<h1 style=\"font-size: 150%;\">Checkliste der Anmeldeunterlagen<\/h1>\n<div class=\"su-spacer\" style=\"height:5px\"><\/div>\n<h3>An das RWG zu senden:<\/h3>\n<label class=\"container\"><p style=\"display: inline;\">Ausgedruckte Online-Vorabanmeldung<span class=\"blaubull\">&bull;<\/span><\/p><input type=\"checkbox\"><span class=\"checkmark\"><\/span><\/label>\n<label class=\"container\"><p style=\"display: inline;\">\u00dcbertrittszeugnis (Original)&nbsp;<span class=\"blaubull\">&bull;<\/span><\/p><input type=\"checkbox\"><span class=\"checkmark\"><\/span><\/label>\n<label class=\"container\"><p style=\"display: inline;\">Geburtsurkunde oder Stammbucheintrag (Kopie)&nbsp;<span class=\"blaubull\">&bull;<\/span><\/p><input type=\"checkbox\"><span class=\"checkmark\"><\/span><\/label>\n<label class=\"container\"><p style=\"display: inline;\">Antrag auf Teilnahme an konfessions\u00adfremdem Reli\u00adgions\u00adunter\u00adricht&nbsp;<span class=\"gruenbull\">&bull;<\/span><\/p><input type=\"checkbox\"><span class=\"checkmark\"><\/span><\/label>\n<label class=\"container\"><p style=\"display: inline;\">Sorgerechtsbeschluss f\u00fcr ein alleinerziehendes Elternteil&nbsp;<span class=\"gruenbull\">&bull;<\/span><\/p><input type=\"checkbox\"><span class=\"checkmark\"><\/span><\/label>\n<label class=\"container\"><p style=\"display: inline;\">Erfassungsbogen Fahrkarte Stadt BT | Landkreis BT | Landkreis KU&nbsp;<span class=\"hellblaubull\">&bull;<\/span><\/p><input type=\"checkbox\"><span class=\"checkmark\"><\/span><\/label>\n<label class=\"container\"><p style=\"display: inline;\">Anmeldeformular f\u00fcr die Offene Ganztagsschule&nbsp;<span class=\"hellblaubull\">&bull;<\/span><\/p><input type=\"checkbox\"><span class=\"checkmark\"><\/span><\/label><!--\n&#091;su_checkbox&#093;Entbindung von Schweigepflicht (OGS)&nbsp;<span class=\"hellblaubull\">&bull;<\/span>&#091;\/su_checkbox&#093;--><\/p>\n<div class=\"su-spacer\" style=\"height:10px\"><\/div>\n<h3>Weitere Unterlagen:<\/h3>\n<label class=\"container\"><p style=\"display: inline;\">Verbundpassantrag mit Passbild an ZOH (Stadt oder Landkr. BT)<\/p><input type=\"checkbox\"><span class=\"checkmark\"><\/span><\/label>\n<\/div>\n<\/p><\/form>\n<\/div>\n<p class=\"ohne\">Bitte folgen Sie unserem Farbcode, um alle Unterlagen vollst\u00e4ndig zusammenzutragen.<\/p>\n<table  style=\"line-height: inherit;  \">\n<tr style=\"line-height: inherit; \">\n<td style=\"padding-top:5px; padding-bottom; 5px;\">\n<p class=\"zwingend\">zwingend notwendige Unterlagen<\/p>\n<\/td>\n<td style=\"padding-top:5px; padding-bottom; 5px;\">\n<p> Unterlagen, die immer ben\u00f6tigt werden.<\/p>\n<\/td>\n<\/tr>\n<tr style=\"line-height: inherit;  \">\n<td style=\"padding-top:5px; padding-bottom; 5px;\">\n<p class=\"evtl\">eventuell zus\u00e4tzlich notwendige Unterlagen<\/p>\n<\/td>\n<td style=\"padding-top:5px; padding-bottom; 5px;\">\n<p> Unterlagen, die bei gewissen Gegeben&shy;heiten ben\u00f6tigt werden, z.&nbsp;B. Sorgerechtsbescheid bei Allein&shy;erzie&shy;henden oder Antrag auf konfessions&shy;fremden Reli&shy;gions&shy;unter&shy;richt. <\/p>\n<\/td>\n<\/tr>\n<tr style=\"line-height: inherit;  \">\n<td style=\"padding-top:5px; padding-bottom; 5px;\">\n<p class=\"optional \">optionale Unterlagen<\/p>\n<\/td>\n<td style=\"padding-top:5px; padding-bottom; 5px;\">\n<p> Unterlagen, die auf eigenen Wunsch abgegeben werden k\u00f6nnen, z.&nbsp;B. Anmeldung zur Offenen Ganztagsschule (OGS) oder Antrag auf LRS. <\/p>\n<\/td>\n<\/tr>\n<\/table>\n<h5>Online-Anmeldung<\/h5>\n<div style=\"text-align: center; margin: 0px 0px 30px 0px; box-shadow: none \">\r\n<a class=\"RWGbutton-blau\" href=\"https:\/\/riwagybay.eltern-portal.org\/anmeldung\" target=\"_self\" rel=\u201dnoopener noreferrer\u201d style=\"display:block; width: auto; max-width: 100%; padding:30px 40px; text-align: left; \">\n<h3>Online-Vorabanmeldeformular<\/h3>\n<\/a><\/div>\n\n<h5>Pers\u00f6nliche Unterlagen<\/h5>\n<ul class=\"linkliste\" >\n<li>\n<p class=\"ohne\"><span class=\"zwingend\">\u00dcbertrittszeugnis<\/span> (wird <strong>unbedingt<\/strong> im Original ben\u00f6tigt und verbleibt in der Schule)<\/p>\n<\/li>\n<li>\n<p class=\"ohne\"><span class=\"zwingend\">Kopie der Geburtsurkunde oder des Stammbucheintrags<\/span><\/p>\n<\/li>\n<li>\n<p class=\"ohne\">event. <span class=\"evtl\">Sorgerechtsbeschluss f\u00fcr ein alleinerziehendes Elternteil<\/span><\/p>\n<\/li>\n<\/ul>\n<h5 id=\"kostenfreierSchulweg\">Kostenfreier Schulweg<\/h5>\n<p><!--\n\nInformationen zu den Besonderheiten am RWG und Links zu den Formularen finden Sie in unserer [su_scheduler months=\"3,4,5\" ]<a href=\"https:\/\/riwagybay.eltern-portal.org\/anmeldung\" rel=\"noopener\" target=\"_blank\">Online-Vorabanmeldung<\/a>[\/su_scheduler][su_scheduler months=\"1,2,6,7,8,9,10,11,12\" ]Online-Vorabanmeldung[\/su_scheduler].\n\n--><\/p>\n<ul class=\"linkliste\">\n<li class=\"top\"><a href=\"https:\/\/www.rwg-bayreuth.de\/home\/wp-content\/uploads\/2026\/03\/2026-RWG-Kostenfreier-Schulweg_Info-und-Links.pdf\">Anmerkungen zur Antragstellung<\/a><\/li>\n<\/ul>\n<h6>Antragsformulare und Informationen zum kostenfreien Schulweg<\/h6>\n<ul class=\"linkliste\">\n<li><a href=\"https:\/\/www.vgn.de\/fuer\/schueler\/\" target=\"_blank\" rel=\"noopener noreferrer\">vgn-<span class=\"optional\">Verbundpass<\/span> &#8211; Antrag und Infos<\/a>\n<ul>\n<li><a href=\"https:\/\/www.rwg-bayreuth.de\/home\/wp-content\/uploads\/2026\/04\/VGN-Verbundpass-Antrag-Schritt-fuer-Schritt-Anleitung.pdf\">Schritt-f\u00fcr-Schritt-Anleitung zum VGN Verbundpass-Antrag<\/a><\/li>\n<\/ul>\n<\/li>\n<li><a href=\"https:\/\/www.bayreuth.de\/rathaus-buergerservice\/online-service\/formulare-online-anwendungen-a-bis-z\/schulweg\/\" target=\"_blank\" rel=\"noopener noreferrer\">Kostenfreier Schulweg \u2013 Stadt Bayreuth<\/a>\n<ul>\n<li><a href=\"https:\/\/online-dienste.bayreuth.de\/frontend-server\/form\/includes\/ressource?pid=660&#038;name=SCH_Antrag_Schulweg_Kostenfreiheit_Allgemein.pdf\" target=\"_blank\" rel=\"noopener noreferrer\"><span class=\"optional\">Direktlink zum Erfassungsbogen \u2013 Stadt Bayreuth<\/span><\/a><\/li>\n<\/ul>\n<\/li>\n<li><a href=\"https:\/\/www.landkreis-bayreuth.de\/buergerservice\/soziales\/kostenfreiheit-des-schulweges\" target=\"_blank\" rel=\"noopener noreferrer\">Kostenfreier Schulweg \u2013 Landkreis Bayreuth<\/a>\n<ul>\n<li><a href=\"https:\/\/www.schulantrag.de\/anmeldung\/swonline\/ssl\/antrag-start-01.asp?l=00409472000&#038;AntrSchKein=1\"><span class=\"optional\">Direktlink zum Onlineantrag &#8211; Landkreis Bayreuth<\/span><\/a><\/li>\n<\/ul>\n<\/li>\n<li><a href=\"https:\/\/www.landkreis-kulmbach.de\/service-verwaltung\/formulare-merkblaetter-online-verfahren\/schulwesen\" target=\"_blank\" rel=\"noopener noreferrer\">Kostenfreier Schulweg \u2013 Kulmbach<\/a>\n<ul>\n<li><a href=\"https:\/\/www.schulantrag.de\/anmeldung\/swonline\/ssl\/antrag-start-01.asp?l=00409477000&#038;AntrSchKein=1\"><span class=\"optional\">Direktlink zum Onlineantrag &#8211; Kulmbach<\/span><\/a><\/li>\n<\/ul>\n<\/li>\n<\/ul>\n<h5>Probeunterricht<\/h5>\n<p style=\"margin-bottom:15px\">Jedes Bayreuther Gymnasium organisiert <!--in diesem Jahr -->seinen Probeunterricht selbst\u00e4ndig.<\/p>\n<p><strong>Termin:  19. bis 21. Mai 2026<\/strong><\/p>\n<p>Falls Ihr Kind den Probeunterricht besuchen muss, nimmt die Schule nach Ihrer Anmeldung Kontakt mit Ihnen auf. Sie erhalten dann auch Informationen z.&nbsp;B. zu Ablauf und Zeitplan des Probeunterrichts.<\/p>\n<p><!--\n\n<p style=\"margin-bottom:15px\">Der Probeunterricht findet zentral f\u00fcr alle Bayreuther Gymnasien [su_scheduler months=\"3,4,5\" years=\"2020\"]vom 17. bis 19.&nbsp;Mai 2022 am Markgr\u00e4fin-Wilhelmine-Gymnasium[\/su_scheduler] statt. Ihr Kind muss in jedem Fall an der Schule angemeldet werden, die es sp\u00e4ter besuchen soll!<\/p>\n\n--><\/p>\n<h6>Orientierung bez\u00fcglich Zeitplan und Aufgabenformaten des Probeunterrichts bietet folgender Link:<\/h6>\n<ul class=\"linkliste\">\n<li><a href=\"https:\/\/www.isb.bayern.de\/schularten\/gymnasium\/leistungserhebungen\/probeunterricht\/\" target=\"_blank\" rel=\"noopener noreferrer\">ISB-Informationen zum Zeitplan und den Aufgaben der vergangenen Jahre<\/a><\/li>\n<\/ul>\n<p><!-- Beginn des unver\u00e4nderten Teils\n\n<a href=\"https:\/\/www.rwg-bayreuth.de\/home\/?page_id=18424\" style=\"font-size: initial; text-decoration: none; color:#636363\" >Anmeldeinformationen ausblenden<\/a>\n\n[\/su_expand]  --><\/p>\n<h3><strong>Offene Ganztagsschule<\/strong><\/h3>\n<p style=\"margin-bottom:15px\">Das RWG ist eine Offene Ganztagsschule, bietet also eine qualifizierte Nachmittagsbetreuung. Die Anmeldeunterlagen hierf\u00fcr finden Sie bei der <a href=\"https:\/\/riwagybay.eltern-portal.org\/anmeldung\" rel=\"noopener\" target=\"_blank\">Online-Vorabanmeldung<\/a>.<\/p>\n<ul class=\"linkliste\">\n<li><a href=\"https:\/\/www.rwg-bayreuth.de\/home\/?page_id=131\" target=\"\" rel=\"noopener noreferrer\">Webseite der Offenen Ganztagsschule am RWG<\/a><\/li>\n<\/ul>\n<div style=\"text-align: right; margin-bottom: 40px \">\n<div class=\"RWGbutton-hell\" style=\"display:inline-block; width: auto; max-width: 100%; padding-left:20px; padding-right:20px; text-align: center; \">\n<span class=\"su-lightbox\" data-mfp-src=\"#anmeldeunterlagen\" data-mfp-type=\"inline\" data-mobile=\"yes\">\n<h4><span class=\"su-animate\" style=\"opacity:0;-webkit-animation-duration:4s;-webkit-animation-delay:0s;animation-duration:4s;animation-delay:0s;\" data-animation=\"flash\" data-duration=\"4\" data-delay=\"0\">Checkliste der Anmelde&shy;unterlagen<\/span><\/h4>\n<\/span><\/div>\n<\/div>\n<h3>Weitere Informationen<\/h3>\n<ul class=\"linkliste\">\n<li class=\"top\"><a href=\"https:\/\/www.rwg-bayreuth.de\/home\/?page_id=434\" target=\"\" rel=\"noopener noreferrer\">Das RWG in K\u00fcrze<\/a><\/li>\n<li><a href=\"https:\/\/www.rwg-bayreuth.de\/home\/wp-content\/uploads\/2019\/02\/RWG-Flyer-aktuell.pdf\" target=\"\" rel=\"noopener noreferrer\">RWG-Flyer<\/a><\/li>\n<li><a href=\"https:\/\/www.rwg-bayreuth.de\/home\/?page_id=29773\">Unsere Profile der 5.&nbsp;Klassen<\/a>\n<li><a href=\"https:\/\/www.rwg-bayreuth.de\/home\/?page_id=29525\">Unser Aktions- und Entdeckertag<\/a><\/li>\n<li><a href=\"https:\/\/www.rwg-bayreuth.de\/home\/?p=36782\">RWG-Backpack-Basics<\/a><\/li>\n<li><a href=\"http:\/\/www.km.bayern.de\/eltern\/schularten\/uebertritt-schulartwechsel.html\" target=\"_blank\" rel=\"noopener noreferrer\">Informationen des Bayerischen Staatsministeriums f\u00fcr Unterricht und Kultus zum \u00dcbertritt<\/a><\/li>\n<\/ul>\n<p>&nbsp;<\/p>\n<div style=\"text-align: center; margin: 0px 0px 24px 0px; box-shadow: none \">\r\n<a class=\"RWGbutton-blau\" href=\"https:\/\/www.rwg-bayreuth.de\/home\/?page_id=24848\" target=\"_self\" rel=\u201dnoopener noreferrer\u201d style=\"display:block; width: auto; max-width: 100%; padding:5px 20px; text-align: center; \">\n<h3>Neu ans RWG &#8211; \u00dcbersicht<\/h3>\n<\/a><\/div>\n<p>&nbsp;<\/p>\n","protected":false},"excerpt":{"rendered":"<p>Das sollten Sie zum \u00dcbertritt ans RWG wissen: Anmeldung &#8211; Informationen und Formulare Anmeldetermin Die Einschreibung f\u00fcr die neuen 5.&nbsp;Klassen im Schuljahr 2026\/27 erfolgt vom 11. bis 13. Mai 2026 sowie am 15. Mai 2026. F\u00fcr die Anmeldung Ihres Kindes am RWG bestehen folgende M\u00f6glichkeiten: Sie kommen zur Anmeldung pers\u00f6nlich in der Anmeldewoche zu uns&hellip;<\/p>\n","protected":false},"author":1,"featured_media":0,"parent":24848,"menu_order":40,"comment_status":"closed","ping_status":"closed","template":"page-templates\/full-width.php","meta":{"footnotes":""},"tags":[54],"_links":{"self":[{"href":"https:\/\/www.rwg-bayreuth.de\/home\/index.php?rest_route=\/wp\/v2\/pages\/18424"}],"collection":[{"href":"https:\/\/www.rwg-bayreuth.de\/home\/index.php?rest_route=\/wp\/v2\/pages"}],"about":[{"href":"https:\/\/www.rwg-bayreuth.de\/home\/index.php?rest_route=\/wp\/v2\/types\/page"}],"author":[{"embeddable":true,"href":"https:\/\/www.rwg-bayreuth.de\/home\/index.php?rest_route=\/wp\/v2\/users\/1"}],"replies":[{"embeddable":true,"href":"https:\/\/www.rwg-bayreuth.de\/home\/index.php?rest_route=%2Fwp%2Fv2%2Fcomments&post=18424"}],"version-history":[{"count":473,"href":"https:\/\/www.rwg-bayreuth.de\/home\/index.php?rest_route=\/wp\/v2\/pages\/18424\/revisions"}],"predecessor-version":[{"id":41256,"href":"https:\/\/www.rwg-bayreuth.de\/home\/index.php?rest_route=\/wp\/v2\/pages\/18424\/revisions\/41256"}],"up":[{"embeddable":true,"href":"https:\/\/www.rwg-bayreuth.de\/home\/index.php?rest_route=\/wp\/v2\/pages\/24848"}],"wp:attachment":[{"href":"https:\/\/www.rwg-bayreuth.de\/home\/index.php?rest_route=%2Fwp%2Fv2%2Fmedia&parent=18424"}],"wp:term":[{"taxonomy":"post_tag","embeddable":true,"href":"https:\/\/www.rwg-bayreuth.de\/home\/index.php?rest_route=%2Fwp%2Fv2%2Ftags&post=18424"}],"curies":[{"name":"wp","href":"https:\/\/api.w.org\/{rel}","templated":true}]}}