{"id":1783,"date":"2013-04-24T14:48:40","date_gmt":"2013-04-24T12:48:40","guid":{"rendered":"http:\/\/www.rwg-bayreuth.de\/home\/?page_id=1783"},"modified":"2026-03-13T16:11:09","modified_gmt":"2026-03-13T15:11:09","slug":"kathkatholische-religionslehre","status":"publish","type":"page","link":"https:\/\/www.rwg-bayreuth.de\/home\/?page_id=1783","title":{"rendered":"Katholische Religionslehre"},"content":{"rendered":"<p><img decoding=\"async\" src=\"https:\/\/www.rwg-bayreuth.de\/home\/wp-content\/uploads\/2017\/01\/Reli2-l.jpg\" alt=\"\" width=\"100%\"  class=\"alignnone size-full wp-image-13060\" srcset=\"https:\/\/www.rwg-bayreuth.de\/home\/wp-content\/uploads\/2017\/01\/Reli2-l.jpg 1278w, https:\/\/www.rwg-bayreuth.de\/home\/wp-content\/uploads\/2017\/01\/Reli2-l-150x50.jpg 150w, https:\/\/www.rwg-bayreuth.de\/home\/wp-content\/uploads\/2017\/01\/Reli2-l-450x150.jpg 450w, https:\/\/www.rwg-bayreuth.de\/home\/wp-content\/uploads\/2017\/01\/Reli2-l-768x256.jpg 768w, https:\/\/www.rwg-bayreuth.de\/home\/wp-content\/uploads\/2017\/01\/Reli2-l-1024x341.jpg 1024w, https:\/\/www.rwg-bayreuth.de\/home\/wp-content\/uploads\/2017\/01\/Reli2-l-250x83.jpg 250w, https:\/\/www.rwg-bayreuth.de\/home\/wp-content\/uploads\/2017\/01\/Reli2-l-600x200.jpg 600w\" sizes=\"(max-width: 1278px) 100vw, 1278px\" \/><\/p>\n<p class=\"ohne\">In einer Zeit, in der junge Menschen mit Religion und Kirche wenig vertraut sind, bietet der Religionsunterricht R\u00e4ume, sich mit den gro\u00dfen Fragen des Lebens und den Problemen dieser Welt auseinanderzusetzen und christliche Antworten darauf kennenzulernen.<br \/>\nDie Lehrkr\u00e4fte der Fachschaft katholische Religionslehre wollen die Sch\u00fclerinnen und Sch\u00fcler begleiten:<\/p>\n<ul>\n<li>auf dem Weg zum Erwachsenwerden<\/li>\n<li>bei der Suche nach einem erf\u00fcllten Leben<\/li>\n<li>hin zu selbstst\u00e4ndigem Denken, Urteilen und Handeln<\/li>\n<li>bei der Frage nach Gott<\/li>\n<\/ul>\n<p class=\"ohne\">Nat\u00fcrlich geht es dabei auch um Stoffvermittlung im Sinne des Lehrplans, vielleicht sogar um das Abitur in Religion. Dennoch soll sich unser Fach ein wenig von anderen Schulf\u00e4chern unterscheiden. So ist uns Folgendes wichtig:<\/p>\n<ul>\n<li>Religionsunterricht ist nicht nur ein Lernfach!<\/li>\n<li>Es darf und soll oft diskutiert werden!<\/li>\n<li>Man kann hier auch sein \u201eHerz aussch\u00fctten\u201c und Rat suchen!<\/li>\n<li>Wir pflegen ein gutes Miteinander in Klasse und Schule!<\/li>\n<\/ul>\n<h3>Einige Projekte und Aktionen der Fachschaft<\/h3>\n<ul>\n<li>Vorbereitung und Durchf\u00fchrung von Schulgottesdiensten, zum Anfang und zum Ende des Schuljahres, zu Weihnachten oder anl\u00e4sslich der Abiturfeier<\/li>\n<li>Sternsingeraktion: Zu Jahresbeginn ziehen an unserer Schule Sternsinger singend durch die Klassenr\u00e4ume, bringen die weihnachtliche Botschaft und den Segen f\u00fcr das neue Jahr. So erleben viele Sch\u00fclerinnen und Sch\u00fcler diesen Brauch, auch wenn sie daheim nicht von den Sternsingern besucht wurden. <\/li>\n<li>Unterrichtsprojekte, z. B. Pfannkuchenverkauf \u201eMit 2\u20ac die Welt ver\u00e4ndern\u201c zugunsten des Hilfswerks Misereor<\/li>\n<\/ul>\n<h3>Aktuelles<\/h3>\n<div style=\"max-width: 1000px\">\n<div class=\"rwg_post_list\"><article id=\"post-41001\"class=\"cf post-41001 post type-post status-publish format-standard has-post-thumbnail hentry category-allgemein tag-home tag-relikatholisch\">\n \t\t<div class=\"entry-thumbnail fadein\"> \t\t\t<a href=\"https:\/\/www.rwg-bayreuth.de\/home\/?p=41001\"><img loading=\"lazy\" decoding=\"async\" width=\"1024\" height=\"683\" src=\"https:\/\/www.rwg-bayreuth.de\/home\/wp-content\/uploads\/2026\/03\/25-26-ReliKatholisch-Waffelaktion-B.jpg\" class=\"attachment-post-thumbnail size-post-thumbnail wp-post-image\" alt=\"\" srcset=\"https:\/\/www.rwg-bayreuth.de\/home\/wp-content\/uploads\/2026\/03\/25-26-ReliKatholisch-Waffelaktion-B.jpg 1024w, https:\/\/www.rwg-bayreuth.de\/home\/wp-content\/uploads\/2026\/03\/25-26-ReliKatholisch-Waffelaktion-B-150x100.jpg 150w, https:\/\/www.rwg-bayreuth.de\/home\/wp-content\/uploads\/2026\/03\/25-26-ReliKatholisch-Waffelaktion-B-450x300.jpg 450w, https:\/\/www.rwg-bayreuth.de\/home\/wp-content\/uploads\/2026\/03\/25-26-ReliKatholisch-Waffelaktion-B-768x512.jpg 768w, https:\/\/www.rwg-bayreuth.de\/home\/wp-content\/uploads\/2026\/03\/25-26-ReliKatholisch-Waffelaktion-B-250x167.jpg 250w, https:\/\/www.rwg-bayreuth.de\/home\/wp-content\/uploads\/2026\/03\/25-26-ReliKatholisch-Waffelaktion-B-900x600.jpg 900w\" sizes=\"(max-width: 1024px) 100vw, 1024px\" \/><\/a> \t\t<\/div><!-- end .entry-thumbnail -->\n<div class=\"meta-main-wrap\">\n  <div class=\"\">\n    <header class=\"entry-header\">\n      <div class=\"entry-cats\">\n        <div class=\"kategorie\"><a href=\"https:\/\/www.rwg-bayreuth.de\/home\/?cat=1\" rel=\"category\">Schulleben<\/a><\/div>\n<div class=\"entry-edit\" >      <div class=\"entry-date\" >\n        <a href=\"https:\/\/www.rwg-bayreuth.de\/home\/?p=41001\">11. Februar 2026<\/a>\n      <\/div><\/div><!-- end .entry-date -->\n      <\/div><!-- end .entry-cats -->\n<h2 class=\"entry-title\"><a href=\"https:\/\/www.rwg-bayreuth.de\/home\/?p=41001\" rel=\"bookmark\">So lecker kann Menschen helfen sein<\/a><\/h2>\n    <\/header><!-- end .entry-header -->\n    <div class=\"entry-summary\">\nAm Montag, den 09.02.2026, fand in der oberen Pausenhalle eine besondere Spendenaktion statt. Ziel der Aktion war es, Geld f\u00fcr das St. Jude Children\u2019s Research Hospital zu sammeln und damit kranken Kindern zu helfen. Mit gro\u00dfem Engagement beteiligten sich die 20 Sch\u00fclerinnen und Sch\u00fcler des katholischen Religionsunterrichts in der 8. Klasse an der Aktion. Besonders&hellip;\n  <\/div><!-- .entry-summary -->\n  <\/div><!-- .entry-main -->\n<\/div><!-- .meta-main-wrap -->\n<\/article><!-- end post -41001 -->\n<article id=\"post-40574\"class=\"cf post-40574 post type-post status-publish format-standard has-post-thumbnail hentry category-allgemein tag-home tag-relikatholisch\">\n \t\t<div class=\"entry-thumbnail fadein\"> \t\t\t<a href=\"https:\/\/www.rwg-bayreuth.de\/home\/?p=40574\"><img loading=\"lazy\" decoding=\"async\" width=\"1024\" height=\"683\" src=\"https:\/\/www.rwg-bayreuth.de\/home\/wp-content\/uploads\/2026\/01\/25-26-Sternsinger-B.jpg\" class=\"attachment-post-thumbnail size-post-thumbnail wp-post-image\" alt=\"\" srcset=\"https:\/\/www.rwg-bayreuth.de\/home\/wp-content\/uploads\/2026\/01\/25-26-Sternsinger-B.jpg 1024w, https:\/\/www.rwg-bayreuth.de\/home\/wp-content\/uploads\/2026\/01\/25-26-Sternsinger-B-150x100.jpg 150w, https:\/\/www.rwg-bayreuth.de\/home\/wp-content\/uploads\/2026\/01\/25-26-Sternsinger-B-450x300.jpg 450w, https:\/\/www.rwg-bayreuth.de\/home\/wp-content\/uploads\/2026\/01\/25-26-Sternsinger-B-768x512.jpg 768w, https:\/\/www.rwg-bayreuth.de\/home\/wp-content\/uploads\/2026\/01\/25-26-Sternsinger-B-250x167.jpg 250w, https:\/\/www.rwg-bayreuth.de\/home\/wp-content\/uploads\/2026\/01\/25-26-Sternsinger-B-900x600.jpg 900w\" sizes=\"(max-width: 1024px) 100vw, 1024px\" \/><\/a> \t\t<\/div><!-- end .entry-thumbnail -->\n<div class=\"meta-main-wrap\">\n  <div class=\"\">\n    <header class=\"entry-header\">\n      <div class=\"entry-cats\">\n        <div class=\"kategorie\"><a href=\"https:\/\/www.rwg-bayreuth.de\/home\/?cat=1\" rel=\"category\">Schulleben<\/a><\/div>\n<div class=\"entry-edit\" >      <div class=\"entry-date\" >\n        <a href=\"https:\/\/www.rwg-bayreuth.de\/home\/?p=40574\">8. Januar 2026<\/a>\n      <\/div><\/div><!-- end .entry-date -->\n      <\/div><!-- end .entry-cats -->\n<h2 class=\"entry-title\"><a href=\"https:\/\/www.rwg-bayreuth.de\/home\/?p=40574\" rel=\"bookmark\">Schule statt Fabrik &#8211; Sternsingen gegen Kinderarbeit<\/a><\/h2>\n    <\/header><!-- end .entry-header -->\n    <div class=\"entry-summary\">\nWeihrauchduft erf\u00fcllt am Mittwoch nach den Weihnachtsferien die G\u00e4nge und R\u00e4ume des RWG. Er k\u00fcndigt hohen Besuch an: Die Heiligen drei K\u00f6nige sind wieder unterwegs. Weihrauch &#8211; ein kostbares Harz, das an christlichen Hochfesten entz\u00fcndet wird, war neben Gold und Myrrhe schon eines der Geschenke, die die drei Sterndeuter aus dem Osten dem neugeborenen Jesuskind&hellip;\n  <\/div><!-- .entry-summary -->\n  <\/div><!-- .entry-main -->\n<\/div><!-- .meta-main-wrap -->\n<\/article><!-- end post -40574 -->\n<article id=\"post-40314\"class=\"cf post-40314 post type-post status-publish format-standard has-post-thumbnail hentry category-allgemein tag-ethik tag-home tag-relievangelisch tag-relikatholisch\">\n \t\t<div class=\"entry-thumbnail fadein\"> \t\t\t<a href=\"https:\/\/www.rwg-bayreuth.de\/home\/?p=40314\"><img loading=\"lazy\" decoding=\"async\" width=\"1200\" height=\"800\" src=\"https:\/\/www.rwg-bayreuth.de\/home\/wp-content\/uploads\/2025\/12\/25-26-Reli-WeihnachtspostMitHerz-B.jpg\" class=\"attachment-post-thumbnail size-post-thumbnail wp-post-image\" alt=\"\" srcset=\"https:\/\/www.rwg-bayreuth.de\/home\/wp-content\/uploads\/2025\/12\/25-26-Reli-WeihnachtspostMitHerz-B.jpg 1200w, https:\/\/www.rwg-bayreuth.de\/home\/wp-content\/uploads\/2025\/12\/25-26-Reli-WeihnachtspostMitHerz-B-150x100.jpg 150w, https:\/\/www.rwg-bayreuth.de\/home\/wp-content\/uploads\/2025\/12\/25-26-Reli-WeihnachtspostMitHerz-B-450x300.jpg 450w, https:\/\/www.rwg-bayreuth.de\/home\/wp-content\/uploads\/2025\/12\/25-26-Reli-WeihnachtspostMitHerz-B-768x512.jpg 768w, https:\/\/www.rwg-bayreuth.de\/home\/wp-content\/uploads\/2025\/12\/25-26-Reli-WeihnachtspostMitHerz-B-1024x683.jpg 1024w, https:\/\/www.rwg-bayreuth.de\/home\/wp-content\/uploads\/2025\/12\/25-26-Reli-WeihnachtspostMitHerz-B-250x167.jpg 250w, https:\/\/www.rwg-bayreuth.de\/home\/wp-content\/uploads\/2025\/12\/25-26-Reli-WeihnachtspostMitHerz-B-900x600.jpg 900w\" sizes=\"(max-width: 1200px) 100vw, 1200px\" \/><\/a> \t\t<\/div><!-- end .entry-thumbnail -->\n<div class=\"meta-main-wrap\">\n  <div class=\"\">\n    <header class=\"entry-header\">\n      <div class=\"entry-cats\">\n        <div class=\"kategorie\"><a href=\"https:\/\/www.rwg-bayreuth.de\/home\/?cat=1\" rel=\"category\">Schulleben<\/a><\/div>\n<div class=\"entry-edit\" >      <div class=\"entry-date\" >\n        <a href=\"https:\/\/www.rwg-bayreuth.de\/home\/?p=40314\">9. Dezember 2025<\/a>\n      <\/div><\/div><!-- end .entry-date -->\n      <\/div><!-- end .entry-cats -->\n<h2 class=\"entry-title\"><a href=\"https:\/\/www.rwg-bayreuth.de\/home\/?p=40314\" rel=\"bookmark\">\u201eWeihnachtspost mit Herz\u201c \u2013 ein besonderes Projekt am RWG<\/a><\/h2>\n    <\/header><!-- end .entry-header -->\n    <div class=\"entry-summary\">\nDie Weihnachtszeit hat f\u00fcr uns am RWG einen besonderen Stellenwert: Sie erinnert uns daran, innezuhalten, f\u00fcreinander da zu sein und anderen etwas zur\u00fcckzugeben. Aus diesem Gedanken heraus entstand in den Fachschaften Religion und Ethik der Wunsch, ein Projekt umzusetzen, das genau diesen Geist der N\u00e4chstenliebe sichtbar macht. So entstand die Idee, an der Aktion \u201eWeihnachtspost&hellip;\n  <\/div><!-- .entry-summary -->\n  <\/div><!-- .entry-main -->\n<\/div><!-- .meta-main-wrap -->\n<\/article><!-- end post -40314 -->\n<article id=\"post-40274\"class=\"cf post-40274 post type-post status-publish format-standard has-post-thumbnail hentry category-allgemein tag-ethik tag-home tag-relievangelisch tag-relikatholisch\">\n \t\t<div class=\"entry-thumbnail fadein\"> \t\t\t<a href=\"https:\/\/www.rwg-bayreuth.de\/home\/?p=40274\"><img loading=\"lazy\" decoding=\"async\" width=\"1024\" height=\"683\" src=\"https:\/\/www.rwg-bayreuth.de\/home\/wp-content\/uploads\/2025\/11\/25-26-AktionLichtblick-B.jpg\" class=\"attachment-post-thumbnail size-post-thumbnail wp-post-image\" alt=\"\" srcset=\"https:\/\/www.rwg-bayreuth.de\/home\/wp-content\/uploads\/2025\/11\/25-26-AktionLichtblick-B.jpg 1024w, https:\/\/www.rwg-bayreuth.de\/home\/wp-content\/uploads\/2025\/11\/25-26-AktionLichtblick-B-150x100.jpg 150w, https:\/\/www.rwg-bayreuth.de\/home\/wp-content\/uploads\/2025\/11\/25-26-AktionLichtblick-B-450x300.jpg 450w, https:\/\/www.rwg-bayreuth.de\/home\/wp-content\/uploads\/2025\/11\/25-26-AktionLichtblick-B-768x512.jpg 768w, https:\/\/www.rwg-bayreuth.de\/home\/wp-content\/uploads\/2025\/11\/25-26-AktionLichtblick-B-250x167.jpg 250w, https:\/\/www.rwg-bayreuth.de\/home\/wp-content\/uploads\/2025\/11\/25-26-AktionLichtblick-B-900x600.jpg 900w\" sizes=\"(max-width: 1024px) 100vw, 1024px\" \/><\/a> \t\t<\/div><!-- end .entry-thumbnail -->\n<div class=\"meta-main-wrap\">\n  <div class=\"\">\n    <header class=\"entry-header\">\n      <div class=\"entry-cats\">\n        <div class=\"kategorie\"><a href=\"https:\/\/www.rwg-bayreuth.de\/home\/?cat=1\" rel=\"category\">Schulleben<\/a><\/div>\n<div class=\"entry-edit\" >      <div class=\"entry-date\" >\n        <a href=\"https:\/\/www.rwg-bayreuth.de\/home\/?p=40274\">30. November 2025<\/a>\n      <\/div><\/div><!-- end .entry-date -->\n      <\/div><!-- end .entry-cats -->\n<h2 class=\"entry-title\"><a href=\"https:\/\/www.rwg-bayreuth.de\/home\/?p=40274\" rel=\"bookmark\">Aktion Lichtblick<\/a><\/h2>\n    <\/header><!-- end .entry-header -->\n    <div class=\"entry-summary\">\nLiebe Eltern, liebe Sch\u00fclerinnen und Sch\u00fcler! Die dunkle Zeit ist da \u2013 kurz vor der Wintersonnwende verlassen wir oft im Dunklen unser Zuhause und kehren nach der Arbeit oder dem Unterricht auch erst wieder dorthin zur\u00fcck, wenn die Sonne schon wieder untergegangen ist. Auch in unseren Herzen wird es in dieser Zeit manchmal dunkel: Sorgen&hellip;\n  <\/div><!-- .entry-summary -->\n  <\/div><!-- .entry-main -->\n<\/div><!-- .meta-main-wrap -->\n<\/article><!-- end post -40274 -->\n<article id=\"post-38208\"class=\"cf post-38208 post type-post status-publish format-standard has-post-thumbnail hentry category-allgemein tag-home tag-relikatholisch\">\n \t\t<div class=\"entry-thumbnail fadein\"> \t\t\t<a href=\"https:\/\/www.rwg-bayreuth.de\/home\/?p=38208\"><img loading=\"lazy\" decoding=\"async\" width=\"1024\" height=\"683\" src=\"https:\/\/www.rwg-bayreuth.de\/home\/wp-content\/uploads\/2025\/02\/24-25-Reli-Pfannkuchenaktion-B.jpg\" class=\"attachment-post-thumbnail size-post-thumbnail wp-post-image\" alt=\"\" srcset=\"https:\/\/www.rwg-bayreuth.de\/home\/wp-content\/uploads\/2025\/02\/24-25-Reli-Pfannkuchenaktion-B.jpg 1024w, https:\/\/www.rwg-bayreuth.de\/home\/wp-content\/uploads\/2025\/02\/24-25-Reli-Pfannkuchenaktion-B-150x100.jpg 150w, https:\/\/www.rwg-bayreuth.de\/home\/wp-content\/uploads\/2025\/02\/24-25-Reli-Pfannkuchenaktion-B-450x300.jpg 450w, https:\/\/www.rwg-bayreuth.de\/home\/wp-content\/uploads\/2025\/02\/24-25-Reli-Pfannkuchenaktion-B-768x512.jpg 768w, https:\/\/www.rwg-bayreuth.de\/home\/wp-content\/uploads\/2025\/02\/24-25-Reli-Pfannkuchenaktion-B-250x167.jpg 250w, https:\/\/www.rwg-bayreuth.de\/home\/wp-content\/uploads\/2025\/02\/24-25-Reli-Pfannkuchenaktion-B-900x600.jpg 900w\" sizes=\"(max-width: 1024px) 100vw, 1024px\" \/><\/a> \t\t<\/div><!-- end .entry-thumbnail -->\n<div class=\"meta-main-wrap\">\n  <div class=\"\">\n    <header class=\"entry-header\">\n      <div class=\"entry-cats\">\n        <div class=\"kategorie\"><a href=\"https:\/\/www.rwg-bayreuth.de\/home\/?cat=1\" rel=\"category\">Schulleben<\/a><\/div>\n<div class=\"entry-edit\" >      <div class=\"entry-date\" >\n        <a href=\"https:\/\/www.rwg-bayreuth.de\/home\/?p=38208\">27. Februar 2025<\/a>\n      <\/div><\/div><!-- end .entry-date -->\n      <\/div><!-- end .entry-cats -->\n<h2 class=\"entry-title\"><a href=\"https:\/\/www.rwg-bayreuth.de\/home\/?p=38208\" rel=\"bookmark\">Pfannkuchen f\u00fcr einen guten Zweck<\/a><\/h2>\n    <\/header><!-- end .entry-header -->\n    <div class=\"entry-summary\">\nAm 26. Februar 2025 hat die Reliklasse 8def von Frau Feldm\u00fcller einen Pfannkuchenverkauf veranstaltet, um das Geld ans Hilfswerk Misereor zu spenden und damit einen kleinen Beitrag zu einer gerechteren Welt zu leisten. Die Klasse hat direkt am Morgen in der Schulk\u00fcche angefangen die Pfannkuchen vorzubereiten und hat sie anschlie\u00dfend in der gro\u00dfen Pause verkauft.\u00a0&hellip;\n  <\/div><!-- .entry-summary -->\n  <\/div><!-- .entry-main -->\n<\/div><!-- .meta-main-wrap -->\n<\/article><!-- end post -38208 -->\n<article id=\"post-37985\"class=\"cf post-37985 post type-post status-publish format-standard has-post-thumbnail hentry category-allgemein tag-home tag-relikatholisch\">\n \t\t<div class=\"entry-thumbnail fadein\"> \t\t\t<a href=\"https:\/\/www.rwg-bayreuth.de\/home\/?p=37985\"><img loading=\"lazy\" decoding=\"async\" width=\"1024\" height=\"683\" src=\"https:\/\/www.rwg-bayreuth.de\/home\/wp-content\/uploads\/2025\/01\/24-25-Sternsinger-B.jpg\" class=\"attachment-post-thumbnail size-post-thumbnail wp-post-image\" alt=\"\" srcset=\"https:\/\/www.rwg-bayreuth.de\/home\/wp-content\/uploads\/2025\/01\/24-25-Sternsinger-B.jpg 1024w, https:\/\/www.rwg-bayreuth.de\/home\/wp-content\/uploads\/2025\/01\/24-25-Sternsinger-B-150x100.jpg 150w, https:\/\/www.rwg-bayreuth.de\/home\/wp-content\/uploads\/2025\/01\/24-25-Sternsinger-B-450x300.jpg 450w, https:\/\/www.rwg-bayreuth.de\/home\/wp-content\/uploads\/2025\/01\/24-25-Sternsinger-B-768x512.jpg 768w, https:\/\/www.rwg-bayreuth.de\/home\/wp-content\/uploads\/2025\/01\/24-25-Sternsinger-B-250x167.jpg 250w, https:\/\/www.rwg-bayreuth.de\/home\/wp-content\/uploads\/2025\/01\/24-25-Sternsinger-B-900x600.jpg 900w\" sizes=\"(max-width: 1024px) 100vw, 1024px\" \/><\/a> \t\t<\/div><!-- end .entry-thumbnail -->\n<div class=\"meta-main-wrap\">\n  <div class=\"\">\n    <header class=\"entry-header\">\n      <div class=\"entry-cats\">\n        <div class=\"kategorie\"><a href=\"https:\/\/www.rwg-bayreuth.de\/home\/?cat=1\" rel=\"category\">Schulleben<\/a><\/div>\n<div class=\"entry-edit\" >      <div class=\"entry-date\" >\n        <a href=\"https:\/\/www.rwg-bayreuth.de\/home\/?p=37985\">10. Januar 2025<\/a>\n      <\/div><\/div><!-- end .entry-date -->\n      <\/div><!-- end .entry-cats -->\n<h2 class=\"entry-title\"><a href=\"https:\/\/www.rwg-bayreuth.de\/home\/?p=37985\" rel=\"bookmark\">\u201eDie heil&#8217;gen drei K\u00f6nig mit ihrigem Stern\u201c<\/a><\/h2>\n    <\/header><!-- end .entry-header -->\n    <div class=\"entry-summary\">\nTraditionell zum neuen Jahr machten sich auch in diesem Jahr die Sternsinger auf den Weg, um die einzelnen Klassen am RWG zu besuchen. Zw\u00f6lf Sch\u00fclerinnen und Sch\u00fcler verteilt auf insgesamt vier Gruppen zogen am 9. Januar 2025 verkleidet als die Heiligen Drei K\u00f6nige mit ihrem Sterntr\u00e4ger von Klassenzimmer zu Klassenzimmer, brachten den Sch\u00fclern und Lehrern&hellip;\n  <\/div><!-- .entry-summary -->\n  <\/div><!-- .entry-main -->\n<\/div><!-- .meta-main-wrap -->\n<\/article><!-- end post -37985 -->\n<article id=\"post-37386\"class=\"cf post-37386 post type-post status-publish format-standard has-post-thumbnail hentry category-allgemein tag-ethik tag-home tag-relievangelisch tag-relikatholisch\">\n \t\t<div class=\"entry-thumbnail fadein\"> \t\t\t<a href=\"https:\/\/www.rwg-bayreuth.de\/home\/?p=37386\"><img loading=\"lazy\" decoding=\"async\" width=\"1024\" height=\"683\" src=\"https:\/\/www.rwg-bayreuth.de\/home\/wp-content\/uploads\/2024\/12\/24-25-Weihnachtskugelverkauf-PLCC-B.jpg\" class=\"attachment-post-thumbnail size-post-thumbnail wp-post-image\" alt=\"\" srcset=\"https:\/\/www.rwg-bayreuth.de\/home\/wp-content\/uploads\/2024\/12\/24-25-Weihnachtskugelverkauf-PLCC-B.jpg 1024w, https:\/\/www.rwg-bayreuth.de\/home\/wp-content\/uploads\/2024\/12\/24-25-Weihnachtskugelverkauf-PLCC-B-150x100.jpg 150w, https:\/\/www.rwg-bayreuth.de\/home\/wp-content\/uploads\/2024\/12\/24-25-Weihnachtskugelverkauf-PLCC-B-450x300.jpg 450w, https:\/\/www.rwg-bayreuth.de\/home\/wp-content\/uploads\/2024\/12\/24-25-Weihnachtskugelverkauf-PLCC-B-768x512.jpg 768w, https:\/\/www.rwg-bayreuth.de\/home\/wp-content\/uploads\/2024\/12\/24-25-Weihnachtskugelverkauf-PLCC-B-250x167.jpg 250w, https:\/\/www.rwg-bayreuth.de\/home\/wp-content\/uploads\/2024\/12\/24-25-Weihnachtskugelverkauf-PLCC-B-900x600.jpg 900w\" sizes=\"(max-width: 1024px) 100vw, 1024px\" \/><\/a> \t\t<\/div><!-- end .entry-thumbnail -->\n<div class=\"meta-main-wrap\">\n  <div class=\"\">\n    <header class=\"entry-header\">\n      <div class=\"entry-cats\">\n        <div class=\"kategorie\"><a href=\"https:\/\/www.rwg-bayreuth.de\/home\/?cat=1\" rel=\"category\">Schulleben<\/a><\/div>\n<div class=\"entry-edit\" >      <div class=\"entry-date\" >\n        <a href=\"https:\/\/www.rwg-bayreuth.de\/home\/?p=37386\">2. Dezember 2024<\/a>\n      <\/div><\/div><!-- end .entry-date -->\n      <\/div><!-- end .entry-cats -->\n<h2 class=\"entry-title\"><a href=\"https:\/\/www.rwg-bayreuth.de\/home\/?p=37386\" rel=\"bookmark\">Weihnachtskugelverkauf f\u00fcrs PLCC<\/a><\/h2>\n    <\/header><!-- end .entry-header -->\n    <div class=\"entry-summary\">\nLiebe Eltern, liebe Sch\u00fclerinnen und Sch\u00fcler! in vielen Familien werden sie derzeit wieder aus dem Keller oder vom Dachboden hervorgekramt, auch unseren sch\u00f6nen Schul-Christbaum schm\u00fccken sie immer: die Weihnachtskugeln. Urspr\u00fcnglich mit \u00c4pfeln und anderen Leckereien dekoriert, ziert die klassische Weihnachtskugel aus Glas wohl aus Gr\u00fcnden der Armut den Christbaum \u2013 wer sich f\u00fcr die Geschichte&hellip;\n  <\/div><!-- .entry-summary -->\n  <\/div><!-- .entry-main -->\n<\/div><!-- .meta-main-wrap -->\n<\/article><!-- end post -37386 -->\n<\/div><!-- end .rwg_post_list -->\n<\/div>\n<h3>Weiterf\u00fchrende Links<\/h3>\n<ul class=\"linkliste\">\n<li class=\"top\"><a href=\"https:\/\/www.lehrplanplus.bayern.de\/schulart\/gymnasium\/fach\/katholische-religionslehre\/inhalt\/fachlehrplaene\">LehrplanPLUS<\/a><\/li>\n<li><a href=\"http:\/\/www.isb.bayern.de\/gymnasium\/lehrplan\/gymnasium\/fachprofil-ebene-2\/katholische-religionslehre\/318\/\" target=\"_blank\" rel=\"noopener noreferrer\">Lehrplan (G8)<\/a><\/li>\n<\/ul>\n<h3>Lehrwerk<\/h3>\n<p>Religion vernetzt <sup>PLUS<\/sup>, K\u00f6sel-Verlag, M\u00fcnchen (Jahrg. 5 \u2013 7)<br \/>\nReligion vernetzt, K\u00f6sel-Verlag, M\u00fcnchen (Jahrg. 8 \u2013 12)<\/p>\n","protected":false},"excerpt":{"rendered":"<p>In einer Zeit, in der junge Menschen mit Religion und Kirche wenig vertraut sind, bietet der Religionsunterricht R\u00e4ume, sich mit den gro\u00dfen Fragen des Lebens und den Problemen dieser Welt auseinanderzusetzen und christliche Antworten darauf kennenzulernen. Die Lehrkr\u00e4fte der Fachschaft katholische Religionslehre wollen die Sch\u00fclerinnen und Sch\u00fcler begleiten: auf dem Weg zum Erwachsenwerden bei der&hellip;<\/p>\n","protected":false},"author":2,"featured_media":0,"parent":11135,"menu_order":20,"comment_status":"closed","ping_status":"closed","template":"page-templates\/no-sidebar.php","meta":{"footnotes":""},"tags":[54],"_links":{"self":[{"href":"https:\/\/www.rwg-bayreuth.de\/home\/index.php?rest_route=\/wp\/v2\/pages\/1783"}],"collection":[{"href":"https:\/\/www.rwg-bayreuth.de\/home\/index.php?rest_route=\/wp\/v2\/pages"}],"about":[{"href":"https:\/\/www.rwg-bayreuth.de\/home\/index.php?rest_route=\/wp\/v2\/types\/page"}],"author":[{"embeddable":true,"href":"https:\/\/www.rwg-bayreuth.de\/home\/index.php?rest_route=\/wp\/v2\/users\/2"}],"replies":[{"embeddable":true,"href":"https:\/\/www.rwg-bayreuth.de\/home\/index.php?rest_route=%2Fwp%2Fv2%2Fcomments&post=1783"}],"version-history":[{"count":25,"href":"https:\/\/www.rwg-bayreuth.de\/home\/index.php?rest_route=\/wp\/v2\/pages\/1783\/revisions"}],"predecessor-version":[{"id":39062,"href":"https:\/\/www.rwg-bayreuth.de\/home\/index.php?rest_route=\/wp\/v2\/pages\/1783\/revisions\/39062"}],"up":[{"embeddable":true,"href":"https:\/\/www.rwg-bayreuth.de\/home\/index.php?rest_route=\/wp\/v2\/pages\/11135"}],"wp:attachment":[{"href":"https:\/\/www.rwg-bayreuth.de\/home\/index.php?rest_route=%2Fwp%2Fv2%2Fmedia&parent=1783"}],"wp:term":[{"taxonomy":"post_tag","embeddable":true,"href":"https:\/\/www.rwg-bayreuth.de\/home\/index.php?rest_route=%2Fwp%2Fv2%2Ftags&post=1783"}],"curies":[{"name":"wp","href":"https:\/\/api.w.org\/{rel}","templated":true}]}}