{"id":1615,"date":"2013-04-09T21:19:48","date_gmt":"2013-04-09T19:19:48","guid":{"rendered":"http:\/\/www.rwg-bayreuth.de\/home\/?page_id=1615"},"modified":"2019-09-23T14:46:31","modified_gmt":"2019-09-23T12:46:31","slug":"schuleraustausch-schulpartnerschaft-mit-annecy","status":"publish","type":"page","link":"https:\/\/www.rwg-bayreuth.de\/home\/?page_id=1615","title":{"rendered":"Schulpartnerschaft mit Annecy"},"content":{"rendered":"<div id=\"attachment_22618\" style=\"width: 460px\" class=\"wp-caption alignright\"><a href=\"https:\/\/www.rwg-bayreuth.de\/home\/wp-content\/uploads\/2019\/09\/19-20-Franz\u00f6sisch-Annecy.jpg\"><img loading=\"lazy\" decoding=\"async\" aria-describedby=\"caption-attachment-22618\" src=\"https:\/\/www.rwg-bayreuth.de\/home\/wp-content\/uploads\/2019\/09\/19-20-Franz\u00f6sisch-Annecy-450x338.jpg\" alt=\"\" width=\"450\" height=\"338\" class=\"size-medium wp-image-22618\" srcset=\"https:\/\/www.rwg-bayreuth.de\/home\/wp-content\/uploads\/2019\/09\/19-20-Franz\u00f6sisch-Annecy-450x338.jpg 450w, https:\/\/www.rwg-bayreuth.de\/home\/wp-content\/uploads\/2019\/09\/19-20-Franz\u00f6sisch-Annecy-250x188.jpg 250w, https:\/\/www.rwg-bayreuth.de\/home\/wp-content\/uploads\/2019\/09\/19-20-Franz\u00f6sisch-Annecy.jpg 500w\" sizes=\"(max-width: 450px) 100vw, 450px\" \/><\/a><p id=\"caption-attachment-22618\" class=\"wp-caption-text\">Das Lyc\u00e9e Berthollet in Annecy<\/p><\/div>\n<p>Immer, wenn man Franz\u00f6sisch auf den G\u00e4ngen und in den Klassenzimmern des Richard-Wagner-Gymnasiums h\u00f6rt, wei\u00df man \u2013 die Franzosen sind wieder da! Anfang bis Mitte M\u00e4rz besuchen unsere Austauschsch\u00fcler aus Annecy jedes Jahr f\u00fcr zehn Tage unsere Schule und die Stadt. Untergebracht sind die Jugendlichen in ihren Gastfamilien in Bayreuth und Umgebung. Der Gegenbesuch unsrer Sch\u00fcler in Annecy findet dann ebenfalls kurz vor Ostern statt.<\/p>\n<p>Die Partnerschaft mit dem Lyc\u00e9e Berthollet in Annecy besteht nun seit \u00fcber 40 Jahren \u2013 es gibt nicht viele Austauschprogramme, die auf eine so lange Geschichte zur\u00fcckblicken k\u00f6nnen! M\u00f6glich wurde dies nur durch das gro\u00dfe Engagement der Lehrkr\u00e4fte, die den Austausch ein St\u00fcck weit als ihr ganz pers\u00f6nliches Projekt ansehen und Jahr f\u00fcr Jahr daf\u00fcr sorgen, dass sich Sch\u00fcler auf das Abenteuer einlassen, eine Zeitlang in einer fremden Familie in einem fremden Land zu leben. Denkw\u00fcrdig ist der Austausch aber auch deswegen, weil ein St\u00fcck gelebte St\u00e4dtepartnerschaft dahintersteckt: Dass es eine offizielle Partnerschaft zwischen der Wagnerstadt und der Stadt in Savoyen gibt, hat auch etwas mit den Schulaustauschfahrten zu tun, die die ersten Wurzeln wachsen lie\u00dfen.<\/p>\n<h2>Austauschberichte:<\/h2>\n<div class=\"rwg_post_list\"><article id=\"post-6238\"class=\"cf post-6238 post type-post status-publish format-standard has-post-thumbnail hentry category-allgemein tag-austausch tag-franzoesisch\">\n \t\t<div class=\"entry-thumbnail fadein\"> \t\t\t<a href=\"https:\/\/www.rwg-bayreuth.de\/home\/?p=6238\"><img loading=\"lazy\" decoding=\"async\" width=\"350\" height=\"238\" src=\"https:\/\/www.rwg-bayreuth.de\/home\/wp-content\/uploads\/2015\/03\/2015_Annecy_Feier1_web.jpg\" class=\"attachment-post-thumbnail size-post-thumbnail wp-post-image\" alt=\"\" srcset=\"https:\/\/www.rwg-bayreuth.de\/home\/wp-content\/uploads\/2015\/03\/2015_Annecy_Feier1_web.jpg 350w, https:\/\/www.rwg-bayreuth.de\/home\/wp-content\/uploads\/2015\/03\/2015_Annecy_Feier1_web-150x102.jpg 150w, https:\/\/www.rwg-bayreuth.de\/home\/wp-content\/uploads\/2015\/03\/2015_Annecy_Feier1_web-300x204.jpg 300w, https:\/\/www.rwg-bayreuth.de\/home\/wp-content\/uploads\/2015\/03\/2015_Annecy_Feier1_web-250x170.jpg 250w\" sizes=\"(max-width: 350px) 100vw, 350px\" \/><\/a> \t\t<\/div><!-- end .entry-thumbnail -->\n<div class=\"meta-main-wrap\">\n  <div class=\"\">\n    <header class=\"entry-header\">\n      <div class=\"entry-cats\">\n        <div class=\"kategorie\"><a href=\"https:\/\/www.rwg-bayreuth.de\/home\/?cat=1\" rel=\"category\">Schulleben<\/a><\/div>\n<div class=\"entry-edit\" >      <div class=\"entry-date\" >\n        <a href=\"https:\/\/www.rwg-bayreuth.de\/home\/?p=6238\">11. M\u00e4rz 2015<\/a>\n      <\/div><\/div><!-- end .entry-date -->\n      <\/div><!-- end .entry-cats -->\n<h2 class=\"entry-title\"><a href=\"https:\/\/www.rwg-bayreuth.de\/home\/?p=6238\" rel=\"bookmark\">40 Jahre Austausch mit Annecy<\/a><\/h2>\n    <\/header><!-- end .entry-header -->\n    <div class=\"entry-summary\">\nZurzeit h\u00f6rt man wieder viel Franz\u00f6sisch auf den G\u00e4ngen und in den Klassenzimmern des Richard-Wagner-Gymnasiums \u2013 die Franzosen sind da! Noch bis Mitte M\u00e4rz besuchen 34 Austauschsch\u00fcler aus Annecy, die in Gastfamilien in Bayreuth und Umgebung untergebracht sind, unsere Schule und die Stadt. Und dieses Jahr gibt es etwas ganz Besonderes zu feiern: Die Partnerschaft&hellip;\n  <\/div><!-- .entry-summary -->\n  <\/div><!-- .entry-main -->\n<\/div><!-- .meta-main-wrap -->\n<\/article><!-- end post -6238 -->\n<\/div><!-- end .rwg_post_list -->\n","protected":false},"excerpt":{"rendered":"<p>Immer, wenn man Franz\u00f6sisch auf den G\u00e4ngen und in den Klassenzimmern des Richard-Wagner-Gymnasiums h\u00f6rt, wei\u00df man \u2013 die Franzosen sind wieder da! Anfang bis Mitte M\u00e4rz besuchen unsere Austauschsch\u00fcler aus Annecy jedes Jahr f\u00fcr zehn Tage unsere Schule und die Stadt. Untergebracht sind die Jugendlichen in ihren Gastfamilien in Bayreuth und Umgebung. Der Gegenbesuch unsrer&hellip;<\/p>\n","protected":false},"author":2,"featured_media":0,"parent":1598,"menu_order":0,"comment_status":"closed","ping_status":"closed","template":"page-templates\/no-sidebar.php","meta":{"footnotes":""},"tags":[54],"_links":{"self":[{"href":"https:\/\/www.rwg-bayreuth.de\/home\/index.php?rest_route=\/wp\/v2\/pages\/1615"}],"collection":[{"href":"https:\/\/www.rwg-bayreuth.de\/home\/index.php?rest_route=\/wp\/v2\/pages"}],"about":[{"href":"https:\/\/www.rwg-bayreuth.de\/home\/index.php?rest_route=\/wp\/v2\/types\/page"}],"author":[{"embeddable":true,"href":"https:\/\/www.rwg-bayreuth.de\/home\/index.php?rest_route=\/wp\/v2\/users\/2"}],"replies":[{"embeddable":true,"href":"https:\/\/www.rwg-bayreuth.de\/home\/index.php?rest_route=%2Fwp%2Fv2%2Fcomments&post=1615"}],"version-history":[{"count":9,"href":"https:\/\/www.rwg-bayreuth.de\/home\/index.php?rest_route=\/wp\/v2\/pages\/1615\/revisions"}],"predecessor-version":[{"id":22623,"href":"https:\/\/www.rwg-bayreuth.de\/home\/index.php?rest_route=\/wp\/v2\/pages\/1615\/revisions\/22623"}],"up":[{"embeddable":true,"href":"https:\/\/www.rwg-bayreuth.de\/home\/index.php?rest_route=\/wp\/v2\/pages\/1598"}],"wp:attachment":[{"href":"https:\/\/www.rwg-bayreuth.de\/home\/index.php?rest_route=%2Fwp%2Fv2%2Fmedia&parent=1615"}],"wp:term":[{"taxonomy":"post_tag","embeddable":true,"href":"https:\/\/www.rwg-bayreuth.de\/home\/index.php?rest_route=%2Fwp%2Fv2%2Ftags&post=1615"}],"curies":[{"name":"wp","href":"https:\/\/api.w.org\/{rel}","templated":true}]}}

<div id="attachment_22618" style="width: 460px" class="wp-caption alignright"><a href="https://www.rwg-bayreuth.de/home/wp-content/uploads/2019/09/19-20-Französisch-Annecy.jpg"><img loading="lazy" decoding="async" aria-describedby="caption-attachment-22618" src="https://www.rwg-bayreuth.de/home/wp-content/uploads/2019/09/19-20-Französisch-Annecy-450x338.jpg" alt="" width="450" height="338" class="size-medium wp-image-22618" srcset="https://www.rwg-bayreuth.de/home/wp-content/uploads/2019/09/19-20-Französisch-Annecy-450x338.jpg 450w, https://www.rwg-bayreuth.de/home/wp-content/uploads/2019/09/19-20-Französisch-Annecy-250x188.jpg 250w, https://www.rwg-bayreuth.de/home/wp-content/uploads/2019/09/19-20-Französisch-Annecy.jpg 500w" sizes="(max-width: 450px) 100vw, 450px" /></a><p id="caption-attachment-22618" class="wp-caption-text">Das Lycée Berthollet in Annecy</p></div>
<p>Immer, wenn man Französisch auf den Gängen und in den Klassenzimmern des Richard-Wagner-Gymnasiums hört, weiß man – die Franzosen sind wieder da! Anfang bis Mitte März besuchen unsere Austauschschüler aus Annecy jedes Jahr für zehn Tage unsere Schule und die Stadt. Untergebracht sind die Jugendlichen in ihren Gastfamilien in Bayreuth und Umgebung. Der Gegenbesuch unsrer Schüler in Annecy findet dann ebenfalls kurz vor Ostern statt.</p>
<p>Die Partnerschaft mit dem Lycée Berthollet in Annecy besteht nun seit über 40 Jahren – es gibt nicht viele Austauschprogramme, die auf eine so lange Geschichte zurückblicken können! Möglich wurde dies nur durch das große Engagement der Lehrkräfte, die den Austausch ein Stück weit als ihr ganz persönliches Projekt ansehen und Jahr für Jahr dafür sorgen, dass sich Schüler auf das Abenteuer einlassen, eine Zeitlang in einer fremden Familie in einem fremden Land zu leben. Denkwürdig ist der Austausch aber auch deswegen, weil ein Stück gelebte Städtepartnerschaft dahintersteckt: Dass es eine offizielle Partnerschaft zwischen der Wagnerstadt und der Stadt in Savoyen gibt, hat auch etwas mit den Schulaustauschfahrten zu tun, die die ersten Wurzeln wachsen ließen.</p>
<h2>Austauschberichte:</h2>
<div class="rwg_post_list"><article id="post-6238"class="cf post-6238 post type-post status-publish format-standard has-post-thumbnail hentry category-allgemein tag-austausch tag-franzoesisch">
 		<div class="entry-thumbnail fadein"> 			<a href="https://www.rwg-bayreuth.de/home/?p=6238"><img loading="lazy" decoding="async" width="350" height="238" src="https://www.rwg-bayreuth.de/home/wp-content/uploads/2015/03/2015_Annecy_Feier1_web.jpg" class="attachment-post-thumbnail size-post-thumbnail wp-post-image" alt="" srcset="https://www.rwg-bayreuth.de/home/wp-content/uploads/2015/03/2015_Annecy_Feier1_web.jpg 350w, https://www.rwg-bayreuth.de/home/wp-content/uploads/2015/03/2015_Annecy_Feier1_web-150x102.jpg 150w, https://www.rwg-bayreuth.de/home/wp-content/uploads/2015/03/2015_Annecy_Feier1_web-300x204.jpg 300w, https://www.rwg-bayreuth.de/home/wp-content/uploads/2015/03/2015_Annecy_Feier1_web-250x170.jpg 250w" sizes="(max-width: 350px) 100vw, 350px" /></a> 		</div><!-- end .entry-thumbnail -->
<div class="meta-main-wrap">
  <div class="">
    <header class="entry-header">
      <div class="entry-cats">
        <div class="kategorie"><a href="https://www.rwg-bayreuth.de/home/?cat=1" rel="category">Schulleben</a></div>
<div class="entry-edit" >      <div class="entry-date" >
        <a href="https://www.rwg-bayreuth.de/home/?p=6238">11. März 2015</a>
      </div></div><!-- end .entry-date -->
      </div><!-- end .entry-cats -->
<h2 class="entry-title"><a href="https://www.rwg-bayreuth.de/home/?p=6238" rel="bookmark">40 Jahre Austausch mit Annecy</a></h2>
    </header><!-- end .entry-header -->
    <div class="entry-summary">
Zurzeit hört man wieder viel Französisch auf den Gängen und in den Klassenzimmern des Richard-Wagner-Gymnasiums – die Franzosen sind da! Noch bis Mitte März besuchen 34 Austauschschüler aus Annecy, die in Gastfamilien in Bayreuth und Umgebung untergebracht sind, unsere Schule und die Stadt. Und dieses Jahr gibt es etwas ganz Besonderes zu feiern: Die Partnerschaft&hellip;
  </div><!-- .entry-summary -->
  </div><!-- .entry-main -->
</div><!-- .meta-main-wrap -->
</article><!-- end post -6238 -->
</div><!-- end .rwg_post_list -->

<p>Immer, wenn man Französisch auf den Gängen und in den Klassenzimmern des Richard-Wagner-Gymnasiums hört, weiß man – die Franzosen sind wieder da! Anfang bis Mitte März besuchen unsere Austauschschüler aus Annecy jedes Jahr für zehn Tage unsere Schule und die Stadt. Untergebracht sind die Jugendlichen in ihren Gastfamilien in Bayreuth und Umgebung. Der Gegenbesuch unsrer&hellip;</p>
