{"id":133,"date":"2012-01-17T20:32:09","date_gmt":"2012-01-17T19:32:09","guid":{"rendered":"http:\/\/www.rwg-bayreuth.de\/home\/?page_id=133"},"modified":"2023-09-28T20:13:05","modified_gmt":"2023-09-28T18:13:05","slug":"tutoren","status":"publish","type":"page","link":"https:\/\/www.rwg-bayreuth.de\/home\/?page_id=133","title":{"rendered":"Tutorenprogramm"},"content":{"rendered":"<div id=\"attachment_1050\" style=\"width: 350px\" class=\"wp-caption alignleft\"><img loading=\"lazy\" decoding=\"async\" aria-describedby=\"caption-attachment-1050\" src=\"https:\/\/www.rwg-bayreuth.de\/home\/wp-content\/uploads\/2012\/01\/tutoren_web1.jpg\" alt=\"Sch\u00fcler helfen Sch\u00fclern - ein Lerntutorenteam bei der Arbeit\" width=\"340\" height=\"255\" class=\"size-full wp-image-1050\" srcset=\"https:\/\/www.rwg-bayreuth.de\/home\/wp-content\/uploads\/2012\/01\/tutoren_web1.jpg 340w, https:\/\/www.rwg-bayreuth.de\/home\/wp-content\/uploads\/2012\/01\/tutoren_web1-150x113.jpg 150w, https:\/\/www.rwg-bayreuth.de\/home\/wp-content\/uploads\/2012\/01\/tutoren_web1-300x225.jpg 300w, https:\/\/www.rwg-bayreuth.de\/home\/wp-content\/uploads\/2012\/01\/tutoren_web1-250x188.jpg 250w\" sizes=\"(max-width: 340px) 100vw, 340px\" \/><p id=\"caption-attachment-1050\" class=\"wp-caption-text\">Sch\u00fcler helfen Sch\u00fclern &#8211; ein Lerntutorenteam bei der Arbeit<\/p><\/div>\n<h5>Lerntutoren<\/h5>\n<p>Am RWG helfen Sch\u00fcler der oberen Jahrgangsstufen ihren j\u00fcngeren Mitsch\u00fclern bei Lernschwierigkeiten. Der F\u00f6rderunterricht erfolgt individuell und eng mit dem Fachlehrer der Klasse abgesprochen. Das Konzept hat sich bew\u00e4hrt, denn  beide Partner profitieren davon: Oft wissen die \u00e4lteren Sch\u00fcler am besten, wo es hakt und k\u00f6nnen mit guten Tipps helfen &#8211; und profitieren selbst davon, wenn sie den Stoff anderen erkl\u00e4ren m\u00fcssen. <\/p>\n<h5>Tutoren f\u00fcr die 5. Klassen<\/h5>\n<p>Sch\u00fcler der 10. Klasse d\u00fcrfen sich f\u00fcr ein Amt als F\u00fcnftklass-Tutor bewerben. Ihre Aufgabe ist es, die neuen F\u00fcnftkl\u00e4ssler als Klassenpaten zu betreuen, zu beraten und ihnen so zur Seite zu stehen, dass das Eingew\u00f6hnen leichter f\u00e4llt. Dazu geh\u00f6rt das Vorbeischauen und Sprechen vor dem Unterricht oder in den Pausen, aber auch das Organisieren gemeinsame Veranstaltungen, die das Kennenlernen und die Klassengemeinschaft f\u00f6rdern sollen. Die Tutoren begleiten ihre Klassen zum Kennenlernaufenthalt ins Schullandheim und haben dort ihre eigenen, selbstst\u00e4ndig geplanten Zeiten mit ihren Klassen.<\/p>\n","protected":false},"excerpt":{"rendered":"<p>Lerntutoren Am RWG helfen Sch\u00fcler der oberen Jahrgangsstufen ihren j\u00fcngeren Mitsch\u00fclern bei Lernschwierigkeiten. Der F\u00f6rderunterricht erfolgt individuell und eng mit dem Fachlehrer der Klasse abgesprochen. Das Konzept hat sich bew\u00e4hrt, denn beide Partner profitieren davon: Oft wissen die \u00e4lteren Sch\u00fcler am besten, wo es hakt und k\u00f6nnen mit guten Tipps helfen &#8211; und profitieren selbst&hellip;<\/p>\n","protected":false},"author":1,"featured_media":0,"parent":34604,"menu_order":20,"comment_status":"closed","ping_status":"open","template":"page-templates\/no-sidebar.php","meta":{"footnotes":""},"tags":[],"_links":{"self":[{"href":"https:\/\/www.rwg-bayreuth.de\/home\/index.php?rest_route=\/wp\/v2\/pages\/133"}],"collection":[{"href":"https:\/\/www.rwg-bayreuth.de\/home\/index.php?rest_route=\/wp\/v2\/pages"}],"about":[{"href":"https:\/\/www.rwg-bayreuth.de\/home\/index.php?rest_route=\/wp\/v2\/types\/page"}],"author":[{"embeddable":true,"href":"https:\/\/www.rwg-bayreuth.de\/home\/index.php?rest_route=\/wp\/v2\/users\/1"}],"replies":[{"embeddable":true,"href":"https:\/\/www.rwg-bayreuth.de\/home\/index.php?rest_route=%2Fwp%2Fv2%2Fcomments&post=133"}],"version-history":[{"count":10,"href":"https:\/\/www.rwg-bayreuth.de\/home\/index.php?rest_route=\/wp\/v2\/pages\/133\/revisions"}],"predecessor-version":[{"id":34609,"href":"https:\/\/www.rwg-bayreuth.de\/home\/index.php?rest_route=\/wp\/v2\/pages\/133\/revisions\/34609"}],"up":[{"embeddable":true,"href":"https:\/\/www.rwg-bayreuth.de\/home\/index.php?rest_route=\/wp\/v2\/pages\/34604"}],"wp:attachment":[{"href":"https:\/\/www.rwg-bayreuth.de\/home\/index.php?rest_route=%2Fwp%2Fv2%2Fmedia&parent=133"}],"wp:term":[{"taxonomy":"post_tag","embeddable":true,"href":"https:\/\/www.rwg-bayreuth.de\/home\/index.php?rest_route=%2Fwp%2Fv2%2Ftags&post=133"}],"curies":[{"name":"wp","href":"https:\/\/api.w.org\/{rel}","templated":true}]}}