{"id":131,"date":"2012-01-17T20:31:38","date_gmt":"2012-01-17T19:31:38","guid":{"rendered":"http:\/\/www.rwg-bayreuth.de\/home\/?page_id=131"},"modified":"2026-01-15T14:01:44","modified_gmt":"2026-01-15T13:01:44","slug":"offene-ganztagsschule","status":"publish","type":"page","link":"https:\/\/www.rwg-bayreuth.de\/home\/?page_id=131","title":{"rendered":"Offene Ganztagsschule"},"content":{"rendered":"<p><a href=\"https:\/\/www.rwg-bayreuth.de\/home\/?attachment_id=34423\" rel=\"attachment wp-att-34423\"><img loading=\"lazy\" decoding=\"async\" class=\"aligncenter wp-image-34423 size-full\" src=\"https:\/\/www.rwg-bayreuth.de\/home\/wp-content\/uploads\/2023\/08\/IMG_0558.jpg\" alt=\"\" width=\"1024\" height=\"683\" srcset=\"https:\/\/www.rwg-bayreuth.de\/home\/wp-content\/uploads\/2023\/08\/IMG_0558.jpg 1024w, https:\/\/www.rwg-bayreuth.de\/home\/wp-content\/uploads\/2023\/08\/IMG_0558-450x300.jpg 450w, https:\/\/www.rwg-bayreuth.de\/home\/wp-content\/uploads\/2023\/08\/IMG_0558-150x100.jpg 150w, https:\/\/www.rwg-bayreuth.de\/home\/wp-content\/uploads\/2023\/08\/IMG_0558-768x512.jpg 768w, https:\/\/www.rwg-bayreuth.de\/home\/wp-content\/uploads\/2023\/08\/IMG_0558-250x167.jpg 250w, https:\/\/www.rwg-bayreuth.de\/home\/wp-content\/uploads\/2023\/08\/IMG_0558-900x600.jpg 900w, https:\/\/www.rwg-bayreuth.de\/home\/wp-content\/uploads\/2023\/08\/IMG_0558-600x400.jpg 600w\" sizes=\"(max-width: 1024px) 100vw, 1024px\" \/><\/a><\/p>\n<p>Seit dem ersten Oktober 2008 k\u00f6nnen wir Ihnen eine fachlich fundierte Offene Ganztagesschule unter der Tr\u00e4gerschaft der evangelischen Gesamtkirchengemeinde Bayreuth in Zusammenarbeit mit der evangelischen Familienbildungsst\u00e4tte Bayreuth am Richard-Wagner-Gymnasium anbieten. Einmalig in Bayreuth ist, dass zwischen zwei Varianten der Ganztagsschule gew\u00e4hlt werden kann.<\/p>\n<p>Zum einen gibt es Gruppen mit jeweils einem Bezugserzieher bzw. \u2010erzieherin im Geb\u00e4ude des RWG selbst. Hier werden momentan zwei Gruppen betreut. Zum anderen k\u00f6nnen Sie Ihr Kind im Sch\u00fclercaf\u00e9 Adebar betreuen lassen, welches zur Zeit eine Gruppe beheimatet.<\/p>\n<div id=\"attachment_21835\" style=\"width: 1034px\" class=\"wp-caption aligncenter\"><a href=\"https:\/\/www.rwg-bayreuth.de\/home\/?attachment_id=21835\" rel=\"attachment wp-att-21835\"><img loading=\"lazy\" decoding=\"async\" aria-describedby=\"caption-attachment-21835\" class=\"wp-image-21835 size-full\" src=\"https:\/\/www.rwg-bayreuth.de\/home\/wp-content\/uploads\/2019\/05\/OGS-1.jpg\" alt=\"\" width=\"1024\" height=\"549\" srcset=\"https:\/\/www.rwg-bayreuth.de\/home\/wp-content\/uploads\/2019\/05\/OGS-1.jpg 1024w, https:\/\/www.rwg-bayreuth.de\/home\/wp-content\/uploads\/2019\/05\/OGS-1-450x241.jpg 450w, https:\/\/www.rwg-bayreuth.de\/home\/wp-content\/uploads\/2019\/05\/OGS-1-768x412.jpg 768w, https:\/\/www.rwg-bayreuth.de\/home\/wp-content\/uploads\/2019\/05\/OGS-1-250x134.jpg 250w, https:\/\/www.rwg-bayreuth.de\/home\/wp-content\/uploads\/2019\/05\/OGS-1-600x322.jpg 600w\" sizes=\"(max-width: 1024px) 100vw, 1024px\" \/><\/a><p id=\"caption-attachment-21835\" class=\"wp-caption-text\">Spiel &amp; Spa\u00df im Pausenhof des RWG<\/p><\/div>\n<p>Die Betreuung in beiden Einrichtungen findet montags bis donnerstags nach Schulschluss bis 16 Uhr statt.<\/p>\n<p>In jeder Art der Betreuungszeit enthalten ist das gemeinsame Mittagessen, die Hausaufgabenbetreuung und im Anschluss daran eine vom Fachpersonal nach den Interessen der Sch\u00fclerInnen gestaltete sinnvolle und abwechslungsreiche Freizeitgestaltung. Diese kann sportliche, kreative und\/oder kognitive Elemente enthalten.<a href=\"https:\/\/www.rwg-bayreuth.de\/home\/?attachment_id=34421\" rel=\"attachment wp-att-34421\"><img loading=\"lazy\" decoding=\"async\" class=\"wp-image-34421 alignright\" src=\"https:\/\/www.rwg-bayreuth.de\/home\/wp-content\/uploads\/2023\/08\/FamBild-Logo-Col3.jpg\" alt=\"\" width=\"209\" height=\"217\" srcset=\"https:\/\/www.rwg-bayreuth.de\/home\/wp-content\/uploads\/2023\/08\/FamBild-Logo-Col3.jpg 1061w, https:\/\/www.rwg-bayreuth.de\/home\/wp-content\/uploads\/2023\/08\/FamBild-Logo-Col3-432x450.jpg 432w, https:\/\/www.rwg-bayreuth.de\/home\/wp-content\/uploads\/2023\/08\/FamBild-Logo-Col3-984x1024.jpg 984w, https:\/\/www.rwg-bayreuth.de\/home\/wp-content\/uploads\/2023\/08\/FamBild-Logo-Col3-144x150.jpg 144w, https:\/\/www.rwg-bayreuth.de\/home\/wp-content\/uploads\/2023\/08\/FamBild-Logo-Col3-768x799.jpg 768w, https:\/\/www.rwg-bayreuth.de\/home\/wp-content\/uploads\/2023\/08\/FamBild-Logo-Col3-250x260.jpg 250w\" sizes=\"(max-width: 209px) 100vw, 209px\" \/><\/a><\/p>\n<p>Die Offene Ganztagesschule wird in Kooperation mit der evangelischen Gesamtkirchengemeinde Bayreuth in Zusammenarbeit mit der evangelischen Familienbildungsst\u00e4tte Bayreuth angeboten.<\/p>\n<p>Ansprechpartner f\u00fcr die Offene Ganztagsschule am RWG ist Herr Tobias Sellner. Sie k\u00f6nnen ihn per Mail (<a href=\"mailto:ogs@rwg-bayreuth.de\">ogs@rwg-bayreuth.de<\/a>), telefonisch von 11 bis 16 Uhr unter <a href=\"tel:+499217598522\">0921\u00a075985-22<\/a> oder \u00fcber das Elternportal (ogs) erreichen.<\/p>\n<p>Ansprechpartner im Sch\u00fclercaf\u00e9 Adebar ist Frau Anne Maier, welche an Schultagen zwischen 11 und 16 Uhr unter <a href=\"tel:+49921608009827\">0921 608009827<\/a>, per Mail unter (<a href=\"mailto:adebar-ogs@rwg-bayreuth.de\">adebar-ogs@rwg-bayreuth.de<\/a>) oder \u00fcber das Elternportal (adebar) erreichbar ist.<\/p>\n<h5>Downloads zur Offenen Ganztagsschule:<\/h5>\n<ul class=\"linkliste\">\n<li><a href=\"https:\/\/www.rwg-bayreuth.de\/home\/?attachment_id=39803\" rel=\"attachment wp-att-39803\">Anmeldeformular + Entbindung Schweigepflicht 25-26<\/a><\/li>\n<li><a href=\"https:\/\/www.rwg-bayreuth.de\/home\/?attachment_id=39802\" rel=\"attachment wp-att-39802\">Datenerfassungsbogen RWG<\/a><\/li>\n<li><a href=\"https:\/\/www.rwg-bayreuth.de\/home\/?attachment_id=39804\" rel=\"attachment wp-att-39804\">Antrag Befreiung vor 16.00 uhr f\u00fcr ogs 2025-26<\/a><\/li>\n<li><a href=\"https:\/\/www.rwg-bayreuth.de\/home\/?attachment_id=39805\" rel=\"attachment wp-att-39805\">Allgemeine Richtlinien 25-26<\/a><\/li>\n<li><a href=\"https:\/\/www.rwg-bayreuth.de\/home\/wp-content\/uploads\/2018\/06\/Abmeldung-offene-Ganztagsschule.pdf\" rel=\"attachment wp-att-19211\">Krank-\/Abmeldung OGS<\/a><\/li>\n<\/ul>\n","protected":false},"excerpt":{"rendered":"<p>Seit dem ersten Oktober 2008 k\u00f6nnen wir Ihnen eine fachlich fundierte Offene Ganztagesschule unter der Tr\u00e4gerschaft der evangelischen Gesamtkirchengemeinde Bayreuth in Zusammenarbeit mit der evangelischen Familienbildungsst\u00e4tte Bayreuth am Richard-Wagner-Gymnasium anbieten. Einmalig in Bayreuth ist, dass zwischen zwei Varianten der Ganztagsschule gew\u00e4hlt werden kann. Zum einen gibt es Gruppen mit jeweils einem Bezugserzieher bzw. \u2010erzieherin im&hellip;<\/p>\n","protected":false},"author":1,"featured_media":0,"parent":2,"menu_order":70,"comment_status":"closed","ping_status":"closed","template":"page-templates\/no-sidebar.php","meta":{"footnotes":""},"tags":[],"_links":{"self":[{"href":"https:\/\/www.rwg-bayreuth.de\/home\/index.php?rest_route=\/wp\/v2\/pages\/131"}],"collection":[{"href":"https:\/\/www.rwg-bayreuth.de\/home\/index.php?rest_route=\/wp\/v2\/pages"}],"about":[{"href":"https:\/\/www.rwg-bayreuth.de\/home\/index.php?rest_route=\/wp\/v2\/types\/page"}],"author":[{"embeddable":true,"href":"https:\/\/www.rwg-bayreuth.de\/home\/index.php?rest_route=\/wp\/v2\/users\/1"}],"replies":[{"embeddable":true,"href":"https:\/\/www.rwg-bayreuth.de\/home\/index.php?rest_route=%2Fwp%2Fv2%2Fcomments&post=131"}],"version-history":[{"count":151,"href":"https:\/\/www.rwg-bayreuth.de\/home\/index.php?rest_route=\/wp\/v2\/pages\/131\/revisions"}],"predecessor-version":[{"id":40578,"href":"https:\/\/www.rwg-bayreuth.de\/home\/index.php?rest_route=\/wp\/v2\/pages\/131\/revisions\/40578"}],"up":[{"embeddable":true,"href":"https:\/\/www.rwg-bayreuth.de\/home\/index.php?rest_route=\/wp\/v2\/pages\/2"}],"wp:attachment":[{"href":"https:\/\/www.rwg-bayreuth.de\/home\/index.php?rest_route=%2Fwp%2Fv2%2Fmedia&parent=131"}],"wp:term":[{"taxonomy":"post_tag","embeddable":true,"href":"https:\/\/www.rwg-bayreuth.de\/home\/index.php?rest_route=%2Fwp%2Fv2%2Ftags&post=131"}],"curies":[{"name":"wp","href":"https:\/\/api.w.org\/{rel}","templated":true}]}}

<p><a href="https://www.rwg-bayreuth.de/home/?attachment_id=34423" rel="attachment wp-att-34423"><img loading="lazy" decoding="async" class="aligncenter wp-image-34423 size-full" src="https://www.rwg-bayreuth.de/home/wp-content/uploads/2023/08/IMG_0558.jpg" alt="" width="1024" height="683" srcset="https://www.rwg-bayreuth.de/home/wp-content/uploads/2023/08/IMG_0558.jpg 1024w, https://www.rwg-bayreuth.de/home/wp-content/uploads/2023/08/IMG_0558-450x300.jpg 450w, https://www.rwg-bayreuth.de/home/wp-content/uploads/2023/08/IMG_0558-150x100.jpg 150w, https://www.rwg-bayreuth.de/home/wp-content/uploads/2023/08/IMG_0558-768x512.jpg 768w, https://www.rwg-bayreuth.de/home/wp-content/uploads/2023/08/IMG_0558-250x167.jpg 250w, https://www.rwg-bayreuth.de/home/wp-content/uploads/2023/08/IMG_0558-900x600.jpg 900w, https://www.rwg-bayreuth.de/home/wp-content/uploads/2023/08/IMG_0558-600x400.jpg 600w" sizes="(max-width: 1024px) 100vw, 1024px" /></a></p>
<p>Seit dem ersten Oktober 2008 können wir Ihnen eine fachlich fundierte Offene Ganztagesschule unter der Trägerschaft der evangelischen Gesamtkirchengemeinde Bayreuth in Zusammenarbeit mit der evangelischen Familienbildungsstätte Bayreuth am Richard-Wagner-Gymnasium anbieten. Einmalig in Bayreuth ist, dass zwischen zwei Varianten der Ganztagsschule gewählt werden kann.</p>
<p>Zum einen gibt es Gruppen mit jeweils einem Bezugserzieher bzw. ‐erzieherin im Gebäude des RWG selbst. Hier werden momentan zwei Gruppen betreut. Zum anderen können Sie Ihr Kind im Schülercafé Adebar betreuen lassen, welches zur Zeit eine Gruppe beheimatet.</p>
<div id="attachment_21835" style="width: 1034px" class="wp-caption aligncenter"><a href="https://www.rwg-bayreuth.de/home/?attachment_id=21835" rel="attachment wp-att-21835"><img loading="lazy" decoding="async" aria-describedby="caption-attachment-21835" class="wp-image-21835 size-full" src="https://www.rwg-bayreuth.de/home/wp-content/uploads/2019/05/OGS-1.jpg" alt="" width="1024" height="549" srcset="https://www.rwg-bayreuth.de/home/wp-content/uploads/2019/05/OGS-1.jpg 1024w, https://www.rwg-bayreuth.de/home/wp-content/uploads/2019/05/OGS-1-450x241.jpg 450w, https://www.rwg-bayreuth.de/home/wp-content/uploads/2019/05/OGS-1-768x412.jpg 768w, https://www.rwg-bayreuth.de/home/wp-content/uploads/2019/05/OGS-1-250x134.jpg 250w, https://www.rwg-bayreuth.de/home/wp-content/uploads/2019/05/OGS-1-600x322.jpg 600w" sizes="(max-width: 1024px) 100vw, 1024px" /></a><p id="caption-attachment-21835" class="wp-caption-text">Spiel &amp; Spaß im Pausenhof des RWG</p></div>
<p>Die Betreuung in beiden Einrichtungen findet montags bis donnerstags nach Schulschluss bis 16 Uhr statt.</p>
<p>In jeder Art der Betreuungszeit enthalten ist das gemeinsame Mittagessen, die Hausaufgabenbetreuung und im Anschluss daran eine vom Fachpersonal nach den Interessen der SchülerInnen gestaltete sinnvolle und abwechslungsreiche Freizeitgestaltung. Diese kann sportliche, kreative und/oder kognitive Elemente enthalten.<a href="https://www.rwg-bayreuth.de/home/?attachment_id=34421" rel="attachment wp-att-34421"><img loading="lazy" decoding="async" class="wp-image-34421 alignright" src="https://www.rwg-bayreuth.de/home/wp-content/uploads/2023/08/FamBild-Logo-Col3.jpg" alt="" width="209" height="217" srcset="https://www.rwg-bayreuth.de/home/wp-content/uploads/2023/08/FamBild-Logo-Col3.jpg 1061w, https://www.rwg-bayreuth.de/home/wp-content/uploads/2023/08/FamBild-Logo-Col3-432x450.jpg 432w, https://www.rwg-bayreuth.de/home/wp-content/uploads/2023/08/FamBild-Logo-Col3-984x1024.jpg 984w, https://www.rwg-bayreuth.de/home/wp-content/uploads/2023/08/FamBild-Logo-Col3-144x150.jpg 144w, https://www.rwg-bayreuth.de/home/wp-content/uploads/2023/08/FamBild-Logo-Col3-768x799.jpg 768w, https://www.rwg-bayreuth.de/home/wp-content/uploads/2023/08/FamBild-Logo-Col3-250x260.jpg 250w" sizes="(max-width: 209px) 100vw, 209px" /></a></p>
<p>Die Offene Ganztagesschule wird in Kooperation mit der evangelischen Gesamtkirchengemeinde Bayreuth in Zusammenarbeit mit der evangelischen Familienbildungsstätte Bayreuth angeboten.</p>
<p>Ansprechpartner für die Offene Ganztagsschule am RWG ist Herr Tobias Sellner. Sie können ihn per Mail (<a href="mailto:ogs@rwg-bayreuth.de">ogs@rwg-bayreuth.de</a>), telefonisch von 11 bis 16 Uhr unter <a href="tel:+499217598522">0921 75985-22</a> oder über das Elternportal (ogs) erreichen.</p>
<p>Ansprechpartner im Schülercafé Adebar ist Frau Anne Maier, welche an Schultagen zwischen 11 und 16 Uhr unter <a href="tel:+49921608009827">0921 608009827</a>, per Mail unter (<a href="mailto:adebar-ogs@rwg-bayreuth.de">adebar-ogs@rwg-bayreuth.de</a>) oder über das Elternportal (adebar) erreichbar ist.</p>
<h5>Downloads zur Offenen Ganztagsschule:</h5>
<ul class="linkliste">
<li><a href="https://www.rwg-bayreuth.de/home/?attachment_id=39803" rel="attachment wp-att-39803">Anmeldeformular + Entbindung Schweigepflicht 25-26</a></li>
<li><a href="https://www.rwg-bayreuth.de/home/?attachment_id=39802" rel="attachment wp-att-39802">Datenerfassungsbogen RWG</a></li>
<li><a href="https://www.rwg-bayreuth.de/home/?attachment_id=39804" rel="attachment wp-att-39804">Antrag Befreiung vor 16.00 uhr für ogs 2025-26</a></li>
<li><a href="https://www.rwg-bayreuth.de/home/?attachment_id=39805" rel="attachment wp-att-39805">Allgemeine Richtlinien 25-26</a></li>
<li><a href="https://www.rwg-bayreuth.de/home/wp-content/uploads/2018/06/Abmeldung-offene-Ganztagsschule.pdf" rel="attachment wp-att-19211">Krank-/Abmeldung OGS</a></li>
</ul>

<p>Seit dem ersten Oktober 2008 können wir Ihnen eine fachlich fundierte Offene Ganztagesschule unter der Trägerschaft der evangelischen Gesamtkirchengemeinde Bayreuth in Zusammenarbeit mit der evangelischen Familienbildungsstätte Bayreuth am Richard-Wagner-Gymnasium anbieten. Einmalig in Bayreuth ist, dass zwischen zwei Varianten der Ganztagsschule gewählt werden kann. Zum einen gibt es Gruppen mit jeweils einem Bezugserzieher bzw. ‐erzieherin im&hellip;</p>
