{"id":121,"date":"2012-01-17T20:24:32","date_gmt":"2012-01-17T19:24:32","guid":{"rendered":"http:\/\/www.rwg-bayreuth.de\/home\/?page_id=121"},"modified":"2023-10-19T14:56:38","modified_gmt":"2023-10-19T12:56:38","slug":"schliesfacher","status":"publish","type":"page","link":"https:\/\/www.rwg-bayreuth.de\/home\/?page_id=121","title":{"rendered":"Schlie\u00dff\u00e4cher"},"content":{"rendered":"<p><a href=\"https:\/\/www.rwg-bayreuth.de\/home\/wp-content\/uploads\/2023\/10\/Schliessfaecher.jpg\"><img decoding=\"async\" src=\"https:\/\/www.rwg-bayreuth.de\/home\/wp-content\/uploads\/2023\/10\/Schliessfaecher.jpg\" alt=\"\" width=\"100%\" height=\"auto\" class=\"aligncenter size-medium wp-image-34822\" srcset=\"https:\/\/www.rwg-bayreuth.de\/home\/wp-content\/uploads\/2023\/10\/Schliessfaecher.jpg 1024w, https:\/\/www.rwg-bayreuth.de\/home\/wp-content\/uploads\/2023\/10\/Schliessfaecher-450x150.jpg 450w, https:\/\/www.rwg-bayreuth.de\/home\/wp-content\/uploads\/2023\/10\/Schliessfaecher-150x50.jpg 150w, https:\/\/www.rwg-bayreuth.de\/home\/wp-content\/uploads\/2023\/10\/Schliessfaecher-768x256.jpg 768w, https:\/\/www.rwg-bayreuth.de\/home\/wp-content\/uploads\/2023\/10\/Schliessfaecher-250x83.jpg 250w, https:\/\/www.rwg-bayreuth.de\/home\/wp-content\/uploads\/2023\/10\/Schliessfaecher-600x200.jpg 600w\" sizes=\"(max-width: 1024px) 100vw, 1024px\" \/><\/a><\/p>\n<p>Das RWG hat mit der Firma AstraDirekt einen Vertrag \u00fcber die in der Schule aufgestellten Schlie\u00dff\u00e4cher abgeschlossen.<br \/>\nInformationen dazu findet man direkt bei der Firma:<\/p>\n<p><a href=\"http:\/\/www.astradirekt.de\/\" target=\"_blank\" rel=\"noopener noreferrer\">AstraDirekt<\/a><\/p>\n","protected":false},"excerpt":{"rendered":"<p>Das RWG hat mit der Firma AstraDirekt einen Vertrag \u00fcber die in der Schule aufgestellten Schlie\u00dff\u00e4cher abgeschlossen. Informationen dazu findet man direkt bei der Firma: AstraDirekt<\/p>\n","protected":false},"author":1,"featured_media":0,"parent":7,"menu_order":70,"comment_status":"closed","ping_status":"closed","template":"page-templates\/no-sidebar.php","meta":{"footnotes":""},"tags":[],"_links":{"self":[{"href":"https:\/\/www.rwg-bayreuth.de\/home\/index.php?rest_route=\/wp\/v2\/pages\/121"}],"collection":[{"href":"https:\/\/www.rwg-bayreuth.de\/home\/index.php?rest_route=\/wp\/v2\/pages"}],"about":[{"href":"https:\/\/www.rwg-bayreuth.de\/home\/index.php?rest_route=\/wp\/v2\/types\/page"}],"author":[{"embeddable":true,"href":"https:\/\/www.rwg-bayreuth.de\/home\/index.php?rest_route=\/wp\/v2\/users\/1"}],"replies":[{"embeddable":true,"href":"https:\/\/www.rwg-bayreuth.de\/home\/index.php?rest_route=%2Fwp%2Fv2%2Fcomments&post=121"}],"version-history":[{"count":6,"href":"https:\/\/www.rwg-bayreuth.de\/home\/index.php?rest_route=\/wp\/v2\/pages\/121\/revisions"}],"predecessor-version":[{"id":34823,"href":"https:\/\/www.rwg-bayreuth.de\/home\/index.php?rest_route=\/wp\/v2\/pages\/121\/revisions\/34823"}],"up":[{"embeddable":true,"href":"https:\/\/www.rwg-bayreuth.de\/home\/index.php?rest_route=\/wp\/v2\/pages\/7"}],"wp:attachment":[{"href":"https:\/\/www.rwg-bayreuth.de\/home\/index.php?rest_route=%2Fwp%2Fv2%2Fmedia&parent=121"}],"wp:term":[{"taxonomy":"post_tag","embeddable":true,"href":"https:\/\/www.rwg-bayreuth.de\/home\/index.php?rest_route=%2Fwp%2Fv2%2Ftags&post=121"}],"curies":[{"name":"wp","href":"https:\/\/api.w.org\/{rel}","templated":true}]}}