{"id":119,"date":"2012-01-17T20:23:52","date_gmt":"2012-01-17T19:23:52","guid":{"rendered":"http:\/\/www.rwg-bayreuth.de\/home\/?page_id=119"},"modified":"2023-09-28T16:05:34","modified_gmt":"2023-09-28T14:05:34","slug":"mensa","status":"publish","type":"page","link":"https:\/\/www.rwg-bayreuth.de\/home\/?page_id=119","title":{"rendered":"Mensa"},"content":{"rendered":"<p><img decoding=\"async\" src=\"https:\/\/www.rwg-bayreuth.de\/home\/wp-content\/uploads\/2017\/02\/Mensa3.jpg\" alt=\"\" width=\"100%\"  class=\"alignnone size-full wp-image-13487\" srcset=\"https:\/\/www.rwg-bayreuth.de\/home\/wp-content\/uploads\/2017\/02\/Mensa3.jpg 960w, https:\/\/www.rwg-bayreuth.de\/home\/wp-content\/uploads\/2017\/02\/Mensa3-150x50.jpg 150w, https:\/\/www.rwg-bayreuth.de\/home\/wp-content\/uploads\/2017\/02\/Mensa3-450x150.jpg 450w, https:\/\/www.rwg-bayreuth.de\/home\/wp-content\/uploads\/2017\/02\/Mensa3-768x256.jpg 768w, https:\/\/www.rwg-bayreuth.de\/home\/wp-content\/uploads\/2017\/02\/Mensa3-250x83.jpg 250w, https:\/\/www.rwg-bayreuth.de\/home\/wp-content\/uploads\/2017\/02\/Mensa3-600x200.jpg 600w\" sizes=\"(max-width: 960px) 100vw, 960px\" \/><\/p>\n<p>Die Mensa des RWG wird von der Firma Holger D\u00fcnkel aus Bindlach betreiben. Jeden Tag werden zwei Mittagsmen\u00fcs und die Pausenversorgung angeboten.<\/p>\n<p>F\u00fcr das Mittagessen ist eine Vorbestellung erforderlich. Die Abrechnung erfolgt mittels eines Chips.<\/p>\n<p><!--Mittagspause 1 ist von 12:00 Uhr bis 12:45 Uhr,\nMittagspause 2 ist von 12:45 Uhr bis 13:30 Uhr.--><\/p>\n<p>Der w\u00f6chentlich wechselnde Speiseplan der Mensa wird auf der Internetseite von KITAFINO zwei Wochen in Voraus ver\u00f6ffentlicht. <a href=\"https:\/\/www.kitafino.de\/\" target=\"_blank\" rel=\"noopener\">[zum Portal KITAFINO&#8230;]<\/a><\/p>\n<p>Die Mahlzeiten k\u00f6nnen hier bis zum Mittwoch der Vorwoche (10:00 Uhr) f\u00fcr die Folgewoche bestellt werden. <\/p>\n<p>Muss aus irgendwelchen Gr\u00fcnden das Essen abbestellt werden, dann geht das ebenfalls \u00fcber das KITAFINO-Portal bis 8:30 Uhr des betreffenden Tages.<\/p>\n<p>Das Mittagessen besteht aus Salat, Hauptgang und Desseret und kostet 5,00 Euro.<\/p>\n<p>Die Bezahlung erfolgt mittels eines Chips an der Kasse in der Mensa.<\/p>\n<p>Das Chip-Guthaben kann im KITAFINO-Portal per Bank\u00fcberweisung aufgeladen werden.<\/p>\n<p>Der Pausenverkauf erfolgt wie bisher direkt gegen Bargeld.<\/p>\n<p>Das RWG und die Firma D\u00fcnkel haben vereinbart, Erkenntnisse der modernen Ern\u00e4hrungslehre zu entsprechen und gesunde Gerichte anzubieten. <\/p>\n<p><a href=\"https:\/\/www.kitafino.de\/\" target=\"_blank\" rel=\"noopener\">[zum Portal KITAFINO&#8230;]<\/a><\/p>\n","protected":false},"excerpt":{"rendered":"<p>Die Mensa des RWG wird von der Firma Holger D\u00fcnkel aus Bindlach betreiben. Jeden Tag werden zwei Mittagsmen\u00fcs und die Pausenversorgung angeboten. F\u00fcr das Mittagessen ist eine Vorbestellung erforderlich. Die Abrechnung erfolgt mittels eines Chips. Der w\u00f6chentlich wechselnde Speiseplan der Mensa wird auf der Internetseite von KITAFINO zwei Wochen in Voraus ver\u00f6ffentlicht. [zum Portal KITAFINO&#8230;]&hellip;<\/p>\n","protected":false},"author":1,"featured_media":0,"parent":7,"menu_order":80,"comment_status":"closed","ping_status":"closed","template":"page-templates\/no-sidebar.php","meta":{"footnotes":""},"tags":[],"_links":{"self":[{"href":"https:\/\/www.rwg-bayreuth.de\/home\/index.php?rest_route=\/wp\/v2\/pages\/119"}],"collection":[{"href":"https:\/\/www.rwg-bayreuth.de\/home\/index.php?rest_route=\/wp\/v2\/pages"}],"about":[{"href":"https:\/\/www.rwg-bayreuth.de\/home\/index.php?rest_route=\/wp\/v2\/types\/page"}],"author":[{"embeddable":true,"href":"https:\/\/www.rwg-bayreuth.de\/home\/index.php?rest_route=\/wp\/v2\/users\/1"}],"replies":[{"embeddable":true,"href":"https:\/\/www.rwg-bayreuth.de\/home\/index.php?rest_route=%2Fwp%2Fv2%2Fcomments&post=119"}],"version-history":[{"count":20,"href":"https:\/\/www.rwg-bayreuth.de\/home\/index.php?rest_route=\/wp\/v2\/pages\/119\/revisions"}],"predecessor-version":[{"id":31956,"href":"https:\/\/www.rwg-bayreuth.de\/home\/index.php?rest_route=\/wp\/v2\/pages\/119\/revisions\/31956"}],"up":[{"embeddable":true,"href":"https:\/\/www.rwg-bayreuth.de\/home\/index.php?rest_route=\/wp\/v2\/pages\/7"}],"wp:attachment":[{"href":"https:\/\/www.rwg-bayreuth.de\/home\/index.php?rest_route=%2Fwp%2Fv2%2Fmedia&parent=119"}],"wp:term":[{"taxonomy":"post_tag","embeddable":true,"href":"https:\/\/www.rwg-bayreuth.de\/home\/index.php?rest_route=%2Fwp%2Fv2%2Ftags&post=119"}],"curies":[{"name":"wp","href":"https:\/\/api.w.org\/{rel}","templated":true}]}}