{"id":117,"date":"2012-01-17T20:23:06","date_gmt":"2012-01-17T19:23:06","guid":{"rendered":"http:\/\/www.rwg-bayreuth.de\/home\/?page_id=117"},"modified":"2023-09-28T21:30:45","modified_gmt":"2023-09-28T19:30:45","slug":"nachhilfe","status":"publish","type":"page","link":"https:\/\/www.rwg-bayreuth.de\/home\/?page_id=117","title":{"rendered":"Unterricht"},"content":{"rendered":"<ul class=\"su-subpages linkliste\"><li class=\"page_item page-item-11137 page_item_has_children\"><a href=\"https:\/\/www.rwg-bayreuth.de\/home\/?page_id=11137\">Sprachen<\/a>\n<ul class='children'>\n\t<li class=\"page_item page-item-1360 page_item_has_children\"><a href=\"https:\/\/www.rwg-bayreuth.de\/home\/?page_id=1360\">Deutsch<\/a><\/li>\n\t<li class=\"page_item page-item-1535 page_item_has_children\"><a href=\"https:\/\/www.rwg-bayreuth.de\/home\/?page_id=1535\">Englisch<\/a><\/li>\n\t<li class=\"page_item page-item-1598 page_item_has_children\"><a href=\"https:\/\/www.rwg-bayreuth.de\/home\/?page_id=1598\">Franz\u00f6sisch<\/a><\/li>\n\t<li class=\"page_item page-item-1931 page_item_has_children\"><a href=\"https:\/\/www.rwg-bayreuth.de\/home\/?page_id=1931\">Latein<\/a><\/li>\n\t<li class=\"page_item page-item-1590 page_item_has_children\"><a href=\"https:\/\/www.rwg-bayreuth.de\/home\/?page_id=1590\">Italianissimo am RWG<\/a><\/li>\n\t<li class=\"page_item page-item-1773\"><a href=\"https:\/\/www.rwg-bayreuth.de\/home\/?page_id=1773\">\u00a1Spanisch am RWG!<\/a><\/li>\n\t<li class=\"page_item page-item-14929\"><a href=\"https:\/\/www.rwg-bayreuth.de\/home\/?page_id=14929\">Austausch mit Tschechien<\/a><\/li>\n\t<li class=\"page_item page-item-1553\"><a href=\"https:\/\/www.rwg-bayreuth.de\/home\/?page_id=1553\">Bundeswettbewerb Fremdsprachen<\/a><\/li>\n<\/ul>\n<\/li>\n<li class=\"page_item page-item-11135 page_item_has_children\"><a href=\"https:\/\/www.rwg-bayreuth.de\/home\/?page_id=11135\">GWS-F\u00e4cher<\/a>\n<ul class='children'>\n\t<li class=\"page_item page-item-2555 page_item_has_children\"><a href=\"https:\/\/www.rwg-bayreuth.de\/home\/?page_id=2555\">Politik und Gesellschaft<\/a><\/li>\n\t<li class=\"page_item page-item-1720\"><a href=\"https:\/\/www.rwg-bayreuth.de\/home\/?page_id=1720\">Wirtschaft und Recht<\/a><\/li>\n\t<li class=\"page_item page-item-1682\"><a href=\"https:\/\/www.rwg-bayreuth.de\/home\/?page_id=1682\">Evangelische Religionslehre<\/a><\/li>\n\t<li class=\"page_item page-item-1783\"><a href=\"https:\/\/www.rwg-bayreuth.de\/home\/?page_id=1783\">Katholische Religionslehre<\/a><\/li>\n\t<li class=\"page_item page-item-1867\"><a href=\"https:\/\/www.rwg-bayreuth.de\/home\/?page_id=1867\">Ethik<\/a><\/li>\n\t<li class=\"page_item page-item-2573\"><a href=\"https:\/\/www.rwg-bayreuth.de\/home\/?page_id=2573\">Geschichte<\/a><\/li>\n\t<li class=\"page_item page-item-2538\"><a href=\"https:\/\/www.rwg-bayreuth.de\/home\/?page_id=2538\">Geographie<\/a><\/li>\n<\/ul>\n<\/li>\n<li class=\"page_item page-item-11139 page_item_has_children\"><a href=\"https:\/\/www.rwg-bayreuth.de\/home\/?page_id=11139\">Naturwissenschaften<\/a>\n<ul class='children'>\n\t<li class=\"page_item page-item-1477 page_item_has_children\"><a href=\"https:\/\/www.rwg-bayreuth.de\/home\/?page_id=1477\">Mathematik<\/a><\/li>\n\t<li class=\"page_item page-item-2773\"><a href=\"https:\/\/www.rwg-bayreuth.de\/home\/?page_id=2773\">Physik<\/a><\/li>\n\t<li class=\"page_item page-item-2677\"><a href=\"https:\/\/www.rwg-bayreuth.de\/home\/?page_id=2677\">Natur und Technik<\/a><\/li>\n\t<li class=\"page_item page-item-6909\"><a href=\"https:\/\/www.rwg-bayreuth.de\/home\/?page_id=6909\">Informatik<\/a><\/li>\n\t<li class=\"page_item page-item-2670\"><a href=\"https:\/\/www.rwg-bayreuth.de\/home\/?page_id=2670\">Biologie<\/a><\/li>\n\t<li class=\"page_item page-item-2656\"><a href=\"https:\/\/www.rwg-bayreuth.de\/home\/?page_id=2656\">Chemie<\/a><\/li>\n\t<li class=\"page_item page-item-2690\"><a href=\"https:\/\/www.rwg-bayreuth.de\/home\/?page_id=2690\">Exkursion der 5. Klassen ans Wattenmeer<\/a><\/li>\n<\/ul>\n<\/li>\n<li class=\"page_item page-item-34614 page_item_has_children\"><a href=\"https:\/\/www.rwg-bayreuth.de\/home\/?page_id=34614\">Sport &#038; Kultur<\/a>\n<ul class='children'>\n\t<li class=\"page_item page-item-1629 page_item_has_children\"><a href=\"https:\/\/www.rwg-bayreuth.de\/home\/?page_id=1629\">Sport<\/a><\/li>\n\t<li class=\"page_item page-item-2197\"><a href=\"https:\/\/www.rwg-bayreuth.de\/home\/?page_id=2197\">Kunst<\/a><\/li>\n\t<li class=\"page_item page-item-1937 page_item_has_children\"><a href=\"https:\/\/www.rwg-bayreuth.de\/home\/?page_id=1937\">Musik<\/a><\/li>\n<\/ul>\n<\/li>\n<li class=\"page_item page-item-99\"><a href=\"https:\/\/www.rwg-bayreuth.de\/home\/?page_id=99\">Oberstufe<\/a><\/li>\n<li class=\"page_item page-item-91 page_item_has_children\"><a href=\"https:\/\/www.rwg-bayreuth.de\/home\/?page_id=91\">Wahlf\u00e4cher<\/a>\n<ul class='children'>\n\t<li class=\"page_item page-item-41117\"><a href=\"https:\/\/www.rwg-bayreuth.de\/home\/?page_id=41117\">Radio was geht \u2013 Dein Schulradio am RWG<\/a><\/li>\n<\/ul>\n<\/li>\n<li class=\"page_item page-item-95\"><a href=\"https:\/\/www.rwg-bayreuth.de\/home\/?page_id=95\">Bibliotheken<\/a><\/li>\n<\/ul>\n<p><!--\nDas Lernen am RWG ist in Klassen organisiert, die m\u00f6glichst lange zusammenbleiben und so zusammenwachsen sollen. Lernen ist andererseits ein individueller Vorgang, den einem niemand abnehmen kann. Die Schule kann sich trotzdem bem\u00fchen, das individuelle Lernen zu unterst\u00fctzen, indem sie Methoden im Unterricht anwendet, die den Einzelnen zu Wort kommen l\u00e4sst, indem sie den Schulweg des Einzelnen beratend begleitet und indem sie ihn durch ein Zusatzangebot an Hilfen unterst\u00fctzt, wenn dies notwenig ist.\n\nAm RWG gibt es dazu von Lehrkr\u00e4ften betreute Intensivierungskurse. Zudem erg\u00e4nzen Wahlunterricht, Studienfahrten und besondere Aktivit\u00e4ten das regul\u00e4ren Unterrrichtsangebot und leisten wichtige Beitr\u00e4ge zur Entwicklung pers\u00f6nlicher und sozialer Kompetenzen.\n\nFolgende\u00a0F\u00f6rderkurse werden angeboten:\nJahrgangsstufe 5: Deutsch in Zusammenarbeit mit der \"Grundschullotsin\", Englisch)\nJahrgangsstufe 6: Franz\u00f6sisch, Latein\nJahrgangsstufe 7: Franz\u00f6sisch, Latein\nJahrgangsstufe 8: Mathematik als Zusatzstunde im Klassenverband\nJahrgangsstufe 9 und 10: F\u00f6rderangebot in Englisch, Mathematik nach Bedarf\n\nDas RWG bietet zudem durch ein umfassendes Tutorensystem Nachhilfe an: \u00c4ltere Sch\u00fcler mit sehr guten Schulleistungen und einer entsprechenden sozialen Kompetenz helfen ihren j\u00fcngeren Mitsch\u00fclern <a title=\"Tutoren\" href=\"https:\/\/www.rwg-bayreuth.de\/home\/?page_id=133\">[mehr zum Tutorensystem...]<\/a>\n--><\/p>\n","protected":false},"excerpt":{"rendered":"","protected":false},"author":1,"featured_media":0,"parent":0,"menu_order":40,"comment_status":"closed","ping_status":"closed","template":"page-templates\/no-sidebar.php","meta":{"footnotes":""},"tags":[],"_links":{"self":[{"href":"https:\/\/www.rwg-bayreuth.de\/home\/index.php?rest_route=\/wp\/v2\/pages\/117"}],"collection":[{"href":"https:\/\/www.rwg-bayreuth.de\/home\/index.php?rest_route=\/wp\/v2\/pages"}],"about":[{"href":"https:\/\/www.rwg-bayreuth.de\/home\/index.php?rest_route=\/wp\/v2\/types\/page"}],"author":[{"embeddable":true,"href":"https:\/\/www.rwg-bayreuth.de\/home\/index.php?rest_route=\/wp\/v2\/users\/1"}],"replies":[{"embeddable":true,"href":"https:\/\/www.rwg-bayreuth.de\/home\/index.php?rest_route=%2Fwp%2Fv2%2Fcomments&post=117"}],"version-history":[{"count":28,"href":"https:\/\/www.rwg-bayreuth.de\/home\/index.php?rest_route=\/wp\/v2\/pages\/117\/revisions"}],"predecessor-version":[{"id":34625,"href":"https:\/\/www.rwg-bayreuth.de\/home\/index.php?rest_route=\/wp\/v2\/pages\/117\/revisions\/34625"}],"wp:attachment":[{"href":"https:\/\/www.rwg-bayreuth.de\/home\/index.php?rest_route=%2Fwp%2Fv2%2Fmedia&parent=117"}],"wp:term":[{"taxonomy":"post_tag","embeddable":true,"href":"https:\/\/www.rwg-bayreuth.de\/home\/index.php?rest_route=%2Fwp%2Fv2%2Ftags&post=117"}],"curies":[{"name":"wp","href":"https:\/\/api.w.org\/{rel}","templated":true}]}}