{"id":11156,"date":"2016-11-05T11:29:08","date_gmt":"2016-11-05T10:29:08","guid":{"rendered":"http:\/\/www.rwg-bayreuth.de\/home\/?page_id=11156"},"modified":"2023-09-28T17:36:30","modified_gmt":"2023-09-28T15:36:30","slug":"beratung-und-hilfe","status":"publish","type":"page","link":"https:\/\/www.rwg-bayreuth.de\/home\/?page_id=11156","title":{"rendered":"Beratung und Hilfe"},"content":{"rendered":"<p>Das RWG begleitet die Sch\u00fclerinnen und Sch\u00fcler beim Lernen und im schulischen Alltag mit zahlreichen F\u00f6rderm\u00f6glichkeiten.<\/p>\n<p>Auf die sp\u00e4tere Studien- und Berufswahl wird mit zahlreichen theoretischen und praktischen Unterrichtsangeboten vorbereitet.<\/p>\n<p>Bei Problemen, Konflikten und Krisen stehen Sch\u00fclerinnen, Sch\u00fcler und ausgebildete Lehrer bereit, die als Streitschlichter, Schulspsychologen und Beratungslehrer Hilfe und Rat geben k\u00f6nnen.<\/p>\n<p>Die Angebote:<br \/>\n<ul class=\"su-subpages linkliste\"><li class=\"page_item page-item-107\"><a href=\"https:\/\/www.rwg-bayreuth.de\/home\/?page_id=107\">Schulpsychologischer Dienst<\/a><\/li>\n<li class=\"page_item page-item-109\"><a href=\"https:\/\/www.rwg-bayreuth.de\/home\/?page_id=109\">Hilfe in Krisen<\/a><\/li>\n<li class=\"page_item page-item-33725\"><a href=\"https:\/\/www.rwg-bayreuth.de\/home\/?page_id=33725\">Informationen zur Sprachen- und Zweigwahl<\/a><\/li>\n<li class=\"page_item page-item-29545\"><a href=\"https:\/\/www.rwg-bayreuth.de\/home\/?page_id=29545\">Feedbackgespr\u00e4che<\/a><\/li>\n<li class=\"page_item page-item-105\"><a href=\"https:\/\/www.rwg-bayreuth.de\/home\/?page_id=105\">Schulberatung<\/a><\/li>\n<li class=\"page_item page-item-3098\"><a href=\"https:\/\/www.rwg-bayreuth.de\/home\/?page_id=3098\">Berufsorientierung<\/a><\/li>\n<li class=\"page_item page-item-135\"><a href=\"https:\/\/www.rwg-bayreuth.de\/home\/?page_id=135\">Streitschlichter<\/a><\/li>\n<\/ul>\n<p><!--\n\n<ul class=\"linkliste\">\n\n\n<li class=\"top\"><a href=\"https:\/\/www.rwg-bayreuth.de\/home\/?page_id=107\">Schulpsychologischer Dienst<\/a><\/li>\n\n\n\n\n<li><a href=\"https:\/\/www.rwg-bayreuth.de\/home\/?page_id=109\">Hilfe in Krisen<\/a><\/li>\n\n\n\n\n<li><a href=\"https:\/\/www.rwg-bayreuth.de\/home\/?page_id=105\">Schulberatung<\/a><\/li>\n\n\n\n\n<li><a href=\"https:\/\/www.rwg-bayreuth.de\/home\/?page_id=3098\">Berufsorientierung<\/a><\/li>\n\n\n\n\n<li><a href=\"https:\/\/www.rwg-bayreuth.de\/home\/?page_id=135\">Streitschlichter<\/a><\/li>\n\n\n<\/ul>\n\n--><\/p>\n","protected":false},"excerpt":{"rendered":"<p>Das RWG begleitet die Sch\u00fclerinnen und Sch\u00fcler beim Lernen und im schulischen Alltag mit zahlreichen F\u00f6rderm\u00f6glichkeiten. Auf die sp\u00e4tere Studien- und Berufswahl wird mit zahlreichen theoretischen und praktischen Unterrichtsangeboten vorbereitet. Bei Problemen, Konflikten und Krisen stehen Sch\u00fclerinnen, Sch\u00fcler und ausgebildete Lehrer bereit, die als Streitschlichter, Schulspsychologen und Beratungslehrer Hilfe und Rat geben k\u00f6nnen. Die Angebote:<\/p>\n","protected":false},"author":1,"featured_media":0,"parent":7,"menu_order":20,"comment_status":"closed","ping_status":"closed","template":"page-templates\/no-sidebar.php","meta":{"footnotes":""},"tags":[],"_links":{"self":[{"href":"https:\/\/www.rwg-bayreuth.de\/home\/index.php?rest_route=\/wp\/v2\/pages\/11156"}],"collection":[{"href":"https:\/\/www.rwg-bayreuth.de\/home\/index.php?rest_route=\/wp\/v2\/pages"}],"about":[{"href":"https:\/\/www.rwg-bayreuth.de\/home\/index.php?rest_route=\/wp\/v2\/types\/page"}],"author":[{"embeddable":true,"href":"https:\/\/www.rwg-bayreuth.de\/home\/index.php?rest_route=\/wp\/v2\/users\/1"}],"replies":[{"embeddable":true,"href":"https:\/\/www.rwg-bayreuth.de\/home\/index.php?rest_route=%2Fwp%2Fv2%2Fcomments&post=11156"}],"version-history":[{"count":10,"href":"https:\/\/www.rwg-bayreuth.de\/home\/index.php?rest_route=\/wp\/v2\/pages\/11156\/revisions"}],"predecessor-version":[{"id":26747,"href":"https:\/\/www.rwg-bayreuth.de\/home\/index.php?rest_route=\/wp\/v2\/pages\/11156\/revisions\/26747"}],"up":[{"embeddable":true,"href":"https:\/\/www.rwg-bayreuth.de\/home\/index.php?rest_route=\/wp\/v2\/pages\/7"}],"wp:attachment":[{"href":"https:\/\/www.rwg-bayreuth.de\/home\/index.php?rest_route=%2Fwp%2Fv2%2Fmedia&parent=11156"}],"wp:term":[{"taxonomy":"post_tag","embeddable":true,"href":"https:\/\/www.rwg-bayreuth.de\/home\/index.php?rest_route=%2Fwp%2Fv2%2Ftags&post=11156"}],"curies":[{"name":"wp","href":"https:\/\/api.w.org\/{rel}","templated":true}]}}