{"id":103,"date":"2012-01-17T20:19:02","date_gmt":"2012-01-17T19:19:02","guid":{"rendered":"http:\/\/www.rwg-bayreuth.de\/home\/?page_id=103"},"modified":"2025-03-06T16:40:53","modified_gmt":"2025-03-06T15:40:53","slug":"sprechstunden","status":"publish","type":"page","link":"https:\/\/www.rwg-bayreuth.de\/home\/?page_id=103","title":{"rendered":"Sprechstunden"},"content":{"rendered":"<p><img decoding=\"async\" src=\"https:\/\/www.rwg-bayreuth.de\/home\/wp-content\/uploads\/2020\/02\/Sprechstunden.png\" alt=\"\" width=\"100%\" class=\"alignnone size-full wp-image-24315\" srcset=\"https:\/\/www.rwg-bayreuth.de\/home\/wp-content\/uploads\/2020\/02\/Sprechstunden.png 2835w, https:\/\/www.rwg-bayreuth.de\/home\/wp-content\/uploads\/2020\/02\/Sprechstunden-450x150.png 450w, https:\/\/www.rwg-bayreuth.de\/home\/wp-content\/uploads\/2020\/02\/Sprechstunden-1024x341.png 1024w, https:\/\/www.rwg-bayreuth.de\/home\/wp-content\/uploads\/2020\/02\/Sprechstunden-768x256.png 768w, https:\/\/www.rwg-bayreuth.de\/home\/wp-content\/uploads\/2020\/02\/Sprechstunden-1536x512.png 1536w, https:\/\/www.rwg-bayreuth.de\/home\/wp-content\/uploads\/2020\/02\/Sprechstunden-2048x683.png 2048w, https:\/\/www.rwg-bayreuth.de\/home\/wp-content\/uploads\/2020\/02\/Sprechstunden-250x83.png 250w\" sizes=\"(max-width: 2835px) 100vw, 2835px\" \/><\/p>\n<p><!--<img decoding=\"async\" src=\"https:\/\/www.rwg-bayreuth.de\/home\/wp-content\/uploads\/2017\/02\/Sprech1.jpg\" alt=\"\" width=\"100%\"  class=\"alignnone size-full wp-image-13592\" srcset=\"https:\/\/www.rwg-bayreuth.de\/home\/wp-content\/uploads\/2017\/02\/Sprech1.jpg 960w, https:\/\/www.rwg-bayreuth.de\/home\/wp-content\/uploads\/2017\/02\/Sprech1-150x50.jpg 150w, https:\/\/www.rwg-bayreuth.de\/home\/wp-content\/uploads\/2017\/02\/Sprech1-450x150.jpg 450w, https:\/\/www.rwg-bayreuth.de\/home\/wp-content\/uploads\/2017\/02\/Sprech1-768x256.jpg 768w, https:\/\/www.rwg-bayreuth.de\/home\/wp-content\/uploads\/2017\/02\/Sprech1-250x83.jpg 250w, https:\/\/www.rwg-bayreuth.de\/home\/wp-content\/uploads\/2017\/02\/Sprech1-600x200.jpg 600w\" sizes=\"(max-width: 960px) 100vw, 960px\" \/>--><\/p>\n<p>Es ist wichtig und sinnvoll, dass Sie als Eltern \u00fcber den Leistungsstand, die Mitarbeit Ihrer Kinder und ihr Verhalten im Unterricht Bescheid wissen oder die Gelegenheit zu Aussprachen mit den Lehrern Ihrer Kinder nutzen. Ideal daf\u00fcr sind Kontaktaufnahmen per <a href=\"https:\/\/riwagybay.eltern-portal.org\/\">Elternportal<\/a> oder auch Email sowie die vormitt\u00e4glichen Sprechstunden am RWG. Bei Sprechstundenbesuchen ist stets eine vorherige Anmeldung empfehlenswert, damit der Lehrer wei\u00df, um welches Problem es geht und damit gemeinsam nach L\u00f6sungen gesucht werden kann.<\/p>\n<p>Im <a href=\"https:\/\/riwagybay.eltern-portal.org\/\">Elternportal<\/a> k\u00f6nnen Sie stets die aktuellen Sprechstunden der Lehrkr\u00e4fte einsehen und bei Bedarf auch Sprechtermine vereinbaren. Alternativ k\u00f6nnen Sie Ihren Sprechstundenbesuch auch telefonisch ank\u00fcndigen (<a href=\"tel:+49921759850\">0921&nbsp;75985-0<\/a>).<\/p>\n<p>Die Termine f\u00fcr die regul\u00e4ren Sprechstunden der Lehrkr\u00e4fte sind auch im Schulhaus ausgeh\u00e4ngt. In den Elternbriefen erhalten Sie ebenfalls eine \u00dcbersicht mit dem aktuellen Sprechzeiten.<\/p>\n<p><!--<a href=\"https:\/\/www.rwg-bayreuth.de\/home\/wp-content\/uploads\/2020\/10\/Lehrer_RWG_Emailadressen_oeffentlich.pdf\">Hier finden Sie eine Liste aller aktuellen RWG-Emailadressen<\/a>.\n\n\n\n--><!--\n\n<a href=\"https:\/\/www.rwg-bayreuth.de\/home\/?page_id=4865\">[...zum Erweiterten Elternbereich<\/a>]--><\/p>\n","protected":false},"excerpt":{"rendered":"<p>Es ist wichtig und sinnvoll, dass Sie als Eltern \u00fcber den Leistungsstand, die Mitarbeit Ihrer Kinder und ihr Verhalten im Unterricht Bescheid wissen oder die Gelegenheit zu Aussprachen mit den Lehrern Ihrer Kinder nutzen. Ideal daf\u00fcr sind Kontaktaufnahmen per Elternportal oder auch Email sowie die vormitt\u00e4glichen Sprechstunden am RWG. Bei Sprechstundenbesuchen ist stets eine vorherige&hellip;<\/p>\n","protected":false},"author":1,"featured_media":0,"parent":7,"menu_order":55,"comment_status":"closed","ping_status":"closed","template":"page-templates\/no-sidebar.php","meta":{"footnotes":""},"tags":[],"_links":{"self":[{"href":"https:\/\/www.rwg-bayreuth.de\/home\/index.php?rest_route=\/wp\/v2\/pages\/103"}],"collection":[{"href":"https:\/\/www.rwg-bayreuth.de\/home\/index.php?rest_route=\/wp\/v2\/pages"}],"about":[{"href":"https:\/\/www.rwg-bayreuth.de\/home\/index.php?rest_route=\/wp\/v2\/types\/page"}],"author":[{"embeddable":true,"href":"https:\/\/www.rwg-bayreuth.de\/home\/index.php?rest_route=\/wp\/v2\/users\/1"}],"replies":[{"embeddable":true,"href":"https:\/\/www.rwg-bayreuth.de\/home\/index.php?rest_route=%2Fwp%2Fv2%2Fcomments&post=103"}],"version-history":[{"count":51,"href":"https:\/\/www.rwg-bayreuth.de\/home\/index.php?rest_route=\/wp\/v2\/pages\/103\/revisions"}],"predecessor-version":[{"id":34574,"href":"https:\/\/www.rwg-bayreuth.de\/home\/index.php?rest_route=\/wp\/v2\/pages\/103\/revisions\/34574"}],"up":[{"embeddable":true,"href":"https:\/\/www.rwg-bayreuth.de\/home\/index.php?rest_route=\/wp\/v2\/pages\/7"}],"wp:attachment":[{"href":"https:\/\/www.rwg-bayreuth.de\/home\/index.php?rest_route=%2Fwp%2Fv2%2Fmedia&parent=103"}],"wp:term":[{"taxonomy":"post_tag","embeddable":true,"href":"https:\/\/www.rwg-bayreuth.de\/home\/index.php?rest_route=%2Fwp%2Fv2%2Ftags&post=103"}],"curies":[{"name":"wp","href":"https:\/\/api.w.org\/{rel}","templated":true}]}}